{"id":2423,"date":"2020-12-10T10:13:01","date_gmt":"2020-12-10T10:13:01","guid":{"rendered":"https:\/\/blogsaverroes.juntadeandalucia.es\/ceipcesarbarrios\/?page_id=2423"},"modified":"2024-10-29T09:25:56","modified_gmt":"2024-10-29T09:25:56","slug":"biblioteca-2","status":"publish","type":"page","link":"https:\/\/blogsaverroes.juntadeandalucia.es\/ceipcesarbarrios\/biblioteca-2\/","title":{"rendered":"Biblioteca"},"content":{"rendered":"<p style=\"text-align: justify\">La Consejer\u00eda de Educaci\u00f3n pone en marcha el presente Plan de Lectura y de Bibliotecas Escolares, Plan LyB, dirigido a los centros docentes andaluces de titularidad p\u00fablica de educaci\u00f3n infantil y primaria y educaci\u00f3n secundaria, con el prop\u00f3sito de impulsar una serie de medidas que faciliten a los ni\u00f1os y ni\u00f1as y a los j\u00f3venes el desarrollo de pr\u00e1cticas lectoras y habilidades intelectuales e incorporen el uso regular de la biblioteca escolar como recurso de apoyo para el aprendizaje permanente. La comprensi\u00f3n lectora es considerada como una competencia b\u00e1sica fundamental para la adquisici\u00f3n de nuevos aprendizajes y para el desarrollo personal de los escolares, siendo por tanto un elemento primordial en la formaci\u00f3n del alumnado, cuyo desarrollo estar\u00e1 vinculado a todas las \u00e1reas. Es necesario un impulso decidido para lograr que las bibliotecas escolares adapten su funcionamiento a las exigencias actuales del curr\u00edculo. Para ello es esencial la participaci\u00f3n activa de los centros docentes, que deben plantearse las actuaciones necesarias en cada caso, valorarlas y comprometerse en la mejora tanto de las infraestructuras de sus bibliotecas, como en la utilizaci\u00f3n de las mismas por los miembros de la comunidad educativa.<\/p>\n<p style=\"text-align: center\"><a href=\"https:\/\/blogsaverroes.juntadeandalucia.es\/ceipcesarbarrios\/files\/2020\/12\/Captura-de-pantalla-2020-12-11-a-las-22.11.33.png\"><img loading=\"lazy\" decoding=\"async\" class=\"alignnone size-medium wp-image-2777\" src=\"https:\/\/blogsaverroes.juntadeandalucia.es\/ceipcesarbarrios\/files\/2020\/12\/Captura-de-pantalla-2020-12-11-a-las-22.11.33-300x107.png\" alt=\"\" width=\"300\" height=\"107\" srcset=\"https:\/\/blogsaverroes.juntadeandalucia.es\/ceipcesarbarrios\/files\/2020\/12\/Captura-de-pantalla-2020-12-11-a-las-22.11.33-300x107.png 300w, https:\/\/blogsaverroes.juntadeandalucia.es\/ceipcesarbarrios\/files\/2020\/12\/Captura-de-pantalla-2020-12-11-a-las-22.11.33-24x9.png 24w, https:\/\/blogsaverroes.juntadeandalucia.es\/ceipcesarbarrios\/files\/2020\/12\/Captura-de-pantalla-2020-12-11-a-las-22.11.33-36x13.png 36w, https:\/\/blogsaverroes.juntadeandalucia.es\/ceipcesarbarrios\/files\/2020\/12\/Captura-de-pantalla-2020-12-11-a-las-22.11.33-48x17.png 48w, https:\/\/blogsaverroes.juntadeandalucia.es\/ceipcesarbarrios\/files\/2020\/12\/Captura-de-pantalla-2020-12-11-a-las-22.11.33.png 654w\" sizes=\"(max-width: 300px) 100vw, 300px\" \/><\/a><\/p>\n<p>&nbsp;<\/p>\n<p>Coordinadora: <strong>Mar\u00eda Jos\u00e9 Rivera Mac\u00edas<\/strong> (curso 2024-2025)<\/p>\n<p>Equipo de Biblioteca:<\/p>\n<ul>\n<li><strong>Manuela \u00c1lvarez<\/strong><\/li>\n<li><strong>Pilar Coca&nbsp;<\/strong><\/li>\n<li><strong>Benito Dur\u00e1n<\/strong><\/li>\n<li><strong>Laura Moreno<\/strong><\/li>\n<\/ul>\n<p><em>Pincha en el enlace para acceder al Plan de actuaci\u00f3n para el presente curso escolar<\/em><\/p>\n<p style=\"text-align: center\"><a href=\"https:\/\/blogsaverroes.juntadeandalucia.es\/ceipcesarbarrios\/files\/2022\/11\/PLAN-TRABAJO-22-23.docx\">PLAN TRABAJO 22-23<\/a><\/p>\n<p style=\"text-align: center\"><a href=\"https:\/\/blogsaverroes.juntadeandalucia.es\/ceipcesarbarrios\/files\/2020\/12\/Captura-de-pantalla-2020-12-11-a-las-22.16.40.png\"><img loading=\"lazy\" decoding=\"async\" class=\"size-medium wp-image-2779 aligncenter\" src=\"https:\/\/blogsaverroes.juntadeandalucia.es\/ceipcesarbarrios\/files\/2020\/12\/Captura-de-pantalla-2020-12-11-a-las-22.16.40-211x300.png\" alt=\"\" width=\"211\" height=\"300\" srcset=\"https:\/\/blogsaverroes.juntadeandalucia.es\/ceipcesarbarrios\/files\/2020\/12\/Captura-de-pantalla-2020-12-11-a-las-22.16.40-211x300.png 211w, https:\/\/blogsaverroes.juntadeandalucia.es\/ceipcesarbarrios\/files\/2020\/12\/Captura-de-pantalla-2020-12-11-a-las-22.16.40-719x1024.png 719w, https:\/\/blogsaverroes.juntadeandalucia.es\/ceipcesarbarrios\/files\/2020\/12\/Captura-de-pantalla-2020-12-11-a-las-22.16.40-768x1093.png 768w, https:\/\/blogsaverroes.juntadeandalucia.es\/ceipcesarbarrios\/files\/2020\/12\/Captura-de-pantalla-2020-12-11-a-las-22.16.40-17x24.png 17w, https:\/\/blogsaverroes.juntadeandalucia.es\/ceipcesarbarrios\/files\/2020\/12\/Captura-de-pantalla-2020-12-11-a-las-22.16.40-25x36.png 25w, https:\/\/blogsaverroes.juntadeandalucia.es\/ceipcesarbarrios\/files\/2020\/12\/Captura-de-pantalla-2020-12-11-a-las-22.16.40-34x48.png 34w, https:\/\/blogsaverroes.juntadeandalucia.es\/ceipcesarbarrios\/files\/2020\/12\/Captura-de-pantalla-2020-12-11-a-las-22.16.40.png 912w\" sizes=\"(max-width: 211px) 100vw, 211px\" \/><\/a><\/p>\n","protected":false},"excerpt":{"rendered":"<p>La Consejer\u00eda de Educaci\u00f3n pone en marcha el presente Plan de Lectura y de Bibliotecas Escolares, Plan LyB, dirigido a los centros docentes andaluces de titularidad p\u00fablica de educaci\u00f3n infantil y primaria y educaci\u00f3n&#46;&#46;&#46;<\/p>\n","protected":false},"author":11723,"featured_media":0,"parent":0,"menu_order":0,"comment_status":"closed","ping_status":"closed","template":"","meta":{"ngg_post_thumbnail":0,"footnotes":"","_mc_calendar":[]},"aioseo_notices":[],"_links":{"self":[{"href":"https:\/\/blogsaverroes.juntadeandalucia.es\/ceipcesarbarrios\/wp-json\/wp\/v2\/pages\/2423"}],"collection":[{"href":"https:\/\/blogsaverroes.juntadeandalucia.es\/ceipcesarbarrios\/wp-json\/wp\/v2\/pages"}],"about":[{"href":"https:\/\/blogsaverroes.juntadeandalucia.es\/ceipcesarbarrios\/wp-json\/wp\/v2\/types\/page"}],"author":[{"embeddable":true,"href":"https:\/\/blogsaverroes.juntadeandalucia.es\/ceipcesarbarrios\/wp-json\/wp\/v2\/users\/11723"}],"replies":[{"embeddable":true,"href":"https:\/\/blogsaverroes.juntadeandalucia.es\/ceipcesarbarrios\/wp-json\/wp\/v2\/comments?post=2423"}],"version-history":[{"count":5,"href":"https:\/\/blogsaverroes.juntadeandalucia.es\/ceipcesarbarrios\/wp-json\/wp\/v2\/pages\/2423\/revisions"}],"predecessor-version":[{"id":5805,"href":"https:\/\/blogsaverroes.juntadeandalucia.es\/ceipcesarbarrios\/wp-json\/wp\/v2\/pages\/2423\/revisions\/5805"}],"wp:attachment":[{"href":"https:\/\/blogsaverroes.juntadeandalucia.es\/ceipcesarbarrios\/wp-json\/wp\/v2\/media?parent=2423"}],"curies":[{"name":"wp","href":"https:\/\/api.w.org\/{rel}","templated":true}]}}

<p style="text-align: justify">La Consejería de Educación pone en marcha el presente Plan de Lectura y de Bibliotecas Escolares, Plan LyB, dirigido a los centros docentes andaluces de titularidad pública de educación infantil y primaria y educación secundaria, con el propósito de impulsar una serie de medidas que faciliten a los niños y niñas y a los jóvenes el desarrollo de prácticas lectoras y habilidades intelectuales e incorporen el uso regular de la biblioteca escolar como recurso de apoyo para el aprendizaje permanente. La comprensión lectora es considerada como una competencia básica fundamental para la adquisición de nuevos aprendizajes y para el desarrollo personal de los escolares, siendo por tanto un elemento primordial en la formación del alumnado, cuyo desarrollo estará vinculado a todas las áreas. Es necesario un impulso decidido para lograr que las bibliotecas escolares adapten su funcionamiento a las exigencias actuales del currículo. Para ello es esencial la participación activa de los centros docentes, que deben plantearse las actuaciones necesarias en cada caso, valorarlas y comprometerse en la mejora tanto de las infraestructuras de sus bibliotecas, como en la utilización de las mismas por los miembros de la comunidad educativa.</p>
<p style="text-align: center"><a href="https://blogsaverroes.juntadeandalucia.es/ceipcesarbarrios/files/2020/12/Captura-de-pantalla-2020-12-11-a-las-22.11.33.png"><img loading="lazy" decoding="async" class="alignnone size-medium wp-image-2777" src="https://blogsaverroes.juntadeandalucia.es/ceipcesarbarrios/files/2020/12/Captura-de-pantalla-2020-12-11-a-las-22.11.33-300x107.png" alt="" width="300" height="107" srcset="https://blogsaverroes.juntadeandalucia.es/ceipcesarbarrios/files/2020/12/Captura-de-pantalla-2020-12-11-a-las-22.11.33-300x107.png 300w, https://blogsaverroes.juntadeandalucia.es/ceipcesarbarrios/files/2020/12/Captura-de-pantalla-2020-12-11-a-las-22.11.33-24x9.png 24w, https://blogsaverroes.juntadeandalucia.es/ceipcesarbarrios/files/2020/12/Captura-de-pantalla-2020-12-11-a-las-22.11.33-36x13.png 36w, https://blogsaverroes.juntadeandalucia.es/ceipcesarbarrios/files/2020/12/Captura-de-pantalla-2020-12-11-a-las-22.11.33-48x17.png 48w, https://blogsaverroes.juntadeandalucia.es/ceipcesarbarrios/files/2020/12/Captura-de-pantalla-2020-12-11-a-las-22.11.33.png 654w" sizes="(max-width: 300px) 100vw, 300px" /></a></p>
<p>&nbsp;</p>
<p>Coordinadora: <strong>María José Rivera Macías</strong> (curso 2024-2025)</p>
<p>Equipo de Biblioteca:</p>
<ul>
<li><strong>Manuela Álvarez</strong></li>
<li><strong>Pilar Coca&nbsp;</strong></li>
<li><strong>Benito Durán</strong></li>
<li><strong>Laura Moreno</strong></li>
</ul>
<p><em>Pincha en el enlace para acceder al Plan de actuación para el presente curso escolar</em></p>
<p style="text-align: center"><a href="https://blogsaverroes.juntadeandalucia.es/ceipcesarbarrios/files/2022/11/PLAN-TRABAJO-22-23.docx">PLAN TRABAJO 22-23</a></p>
<p style="text-align: center"><a href="https://blogsaverroes.juntadeandalucia.es/ceipcesarbarrios/files/2020/12/Captura-de-pantalla-2020-12-11-a-las-22.16.40.png"><img loading="lazy" decoding="async" class="size-medium wp-image-2779 aligncenter" src="https://blogsaverroes.juntadeandalucia.es/ceipcesarbarrios/files/2020/12/Captura-de-pantalla-2020-12-11-a-las-22.16.40-211x300.png" alt="" width="211" height="300" srcset="https://blogsaverroes.juntadeandalucia.es/ceipcesarbarrios/files/2020/12/Captura-de-pantalla-2020-12-11-a-las-22.16.40-211x300.png 211w, https://blogsaverroes.juntadeandalucia.es/ceipcesarbarrios/files/2020/12/Captura-de-pantalla-2020-12-11-a-las-22.16.40-719x1024.png 719w, https://blogsaverroes.juntadeandalucia.es/ceipcesarbarrios/files/2020/12/Captura-de-pantalla-2020-12-11-a-las-22.16.40-768x1093.png 768w, https://blogsaverroes.juntadeandalucia.es/ceipcesarbarrios/files/2020/12/Captura-de-pantalla-2020-12-11-a-las-22.16.40-17x24.png 17w, https://blogsaverroes.juntadeandalucia.es/ceipcesarbarrios/files/2020/12/Captura-de-pantalla-2020-12-11-a-las-22.16.40-25x36.png 25w, https://blogsaverroes.juntadeandalucia.es/ceipcesarbarrios/files/2020/12/Captura-de-pantalla-2020-12-11-a-las-22.16.40-34x48.png 34w, https://blogsaverroes.juntadeandalucia.es/ceipcesarbarrios/files/2020/12/Captura-de-pantalla-2020-12-11-a-las-22.16.40.png 912w" sizes="(max-width: 211px) 100vw, 211px" /></a></p>

<p>La Consejería de Educación pone en marcha el presente Plan de Lectura y de Bibliotecas Escolares, Plan LyB, dirigido a los centros docentes andaluces de titularidad pública de educación infantil y primaria y educación&#46;&#46;&#46;</p>
