{"id":2652,"date":"2020-12-11T08:34:42","date_gmt":"2020-12-11T08:34:42","guid":{"rendered":"https:\/\/blogsaverroes.juntadeandalucia.es\/ceipcesarbarrios\/?page_id=2652"},"modified":"2023-11-17T08:59:23","modified_gmt":"2023-11-17T08:59:23","slug":"hoja-solicitud-2","status":"publish","type":"page","link":"https:\/\/blogsaverroes.juntadeandalucia.es\/ceipcesarbarrios\/hoja-solicitud-2\/","title":{"rendered":"Hoja solicitud"},"content":{"rendered":"<p>Con tan solo la aportaci\u00f3n econ\u00f3mica de 5<strong> euros anuales<\/strong>, puedes formar parte de nuestra asociaci\u00f3n y as\u00ed colaborar tanto en las actuaciones como en la gesti\u00f3n econ\u00f3mica de la misma.<\/p>\n<p><em><strong>\u00a1 INSCR\u00cdBETE Y COLABORA CON TU AMPA ! , <\/strong><\/em>rellena la hoja de inscripci\u00f3n y hazla llegar al Centro.<\/p>\n<p>&nbsp;<\/p>\n<p style=\"text-align: center\"><em><strong>Pod\u00e9is pinchar en el enlace, descargar e imprimir la hoja de inscripci\u00f3n al AMPA del Centro:<\/strong><\/em><\/p>\n<p style=\"text-align: center\"><a href=\"https:\/\/blogsaverroes.juntadeandalucia.es\/ceipcesarbarrios\/files\/2020\/12\/Hoha-inscripcio\u0301n-AMPA.pdf\">Hoja inscripcio\u0301n AMPA<\/a><\/p>\n<p>&nbsp;<\/p>\n<p><a href=\"https:\/\/blogsaverroes.juntadeandalucia.es\/ceipcesarbarrios\/files\/2020\/12\/Inscripcio\u0301n-AMPA.png\"><img loading=\"lazy\" decoding=\"async\" class=\" wp-image-2657 aligncenter\" src=\"https:\/\/blogsaverroes.juntadeandalucia.es\/ceipcesarbarrios\/files\/2020\/12\/Inscripcio\u0301n-AMPA-241x300.png\" alt=\"\" width=\"298\" height=\"371\" srcset=\"https:\/\/blogsaverroes.juntadeandalucia.es\/ceipcesarbarrios\/files\/2020\/12\/Inscripcio\u0301n-AMPA-241x300.png 241w, https:\/\/blogsaverroes.juntadeandalucia.es\/ceipcesarbarrios\/files\/2020\/12\/Inscripcio\u0301n-AMPA-823x1024.png 823w, https:\/\/blogsaverroes.juntadeandalucia.es\/ceipcesarbarrios\/files\/2020\/12\/Inscripcio\u0301n-AMPA-768x956.png 768w, https:\/\/blogsaverroes.juntadeandalucia.es\/ceipcesarbarrios\/files\/2020\/12\/Inscripcio\u0301n-AMPA-19x24.png 19w, https:\/\/blogsaverroes.juntadeandalucia.es\/ceipcesarbarrios\/files\/2020\/12\/Inscripcio\u0301n-AMPA-29x36.png 29w, https:\/\/blogsaverroes.juntadeandalucia.es\/ceipcesarbarrios\/files\/2020\/12\/Inscripcio\u0301n-AMPA-39x48.png 39w, https:\/\/blogsaverroes.juntadeandalucia.es\/ceipcesarbarrios\/files\/2020\/12\/Inscripcio\u0301n-AMPA.png 890w\" sizes=\"(max-width: 298px) 100vw, 298px\" \/><\/a><\/p>\n<p>&nbsp;<\/p>\n<p>&nbsp;<\/p>\n","protected":false},"excerpt":{"rendered":"<p>Con tan solo la aportaci\u00f3n econ\u00f3mica de 5 euros anuales, puedes formar parte de nuestra asociaci\u00f3n y as\u00ed colaborar tanto en las actuaciones como en la gesti\u00f3n econ\u00f3mica de la misma. \u00a1 INSCR\u00cdBETE Y&#46;&#46;&#46;<\/p>\n","protected":false},"author":11723,"featured_media":0,"parent":0,"menu_order":0,"comment_status":"closed","ping_status":"closed","template":"","meta":{"ngg_post_thumbnail":0,"footnotes":"","_mc_calendar":[]},"aioseo_notices":[],"_links":{"self":[{"href":"https:\/\/blogsaverroes.juntadeandalucia.es\/ceipcesarbarrios\/wp-json\/wp\/v2\/pages\/2652"}],"collection":[{"href":"https:\/\/blogsaverroes.juntadeandalucia.es\/ceipcesarbarrios\/wp-json\/wp\/v2\/pages"}],"about":[{"href":"https:\/\/blogsaverroes.juntadeandalucia.es\/ceipcesarbarrios\/wp-json\/wp\/v2\/types\/page"}],"author":[{"embeddable":true,"href":"https:\/\/blogsaverroes.juntadeandalucia.es\/ceipcesarbarrios\/wp-json\/wp\/v2\/users\/11723"}],"replies":[{"embeddable":true,"href":"https:\/\/blogsaverroes.juntadeandalucia.es\/ceipcesarbarrios\/wp-json\/wp\/v2\/comments?post=2652"}],"version-history":[{"count":7,"href":"https:\/\/blogsaverroes.juntadeandalucia.es\/ceipcesarbarrios\/wp-json\/wp\/v2\/pages\/2652\/revisions"}],"predecessor-version":[{"id":5432,"href":"https:\/\/blogsaverroes.juntadeandalucia.es\/ceipcesarbarrios\/wp-json\/wp\/v2\/pages\/2652\/revisions\/5432"}],"wp:attachment":[{"href":"https:\/\/blogsaverroes.juntadeandalucia.es\/ceipcesarbarrios\/wp-json\/wp\/v2\/media?parent=2652"}],"curies":[{"name":"wp","href":"https:\/\/api.w.org\/{rel}","templated":true}]}}