{"id":2817,"date":"2020-12-12T21:29:50","date_gmt":"2020-12-12T21:29:50","guid":{"rendered":"https:\/\/blogsaverroes.juntadeandalucia.es\/ceipcesarbarrios\/?page_id=2817"},"modified":"2024-10-29T09:44:12","modified_gmt":"2024-10-29T09:44:12","slug":"catering","status":"publish","type":"page","link":"https:\/\/blogsaverroes.juntadeandalucia.es\/ceipcesarbarrios\/catering\/","title":{"rendered":"C\u00e1tering"},"content":{"rendered":"<p>El C\u00e1tering que actualmente cuenta con la concesi\u00f3n del servicio del comedor escolar en el centro es \u00abCOMERTEL\u00bb.<\/p>\n<p style=\"text-align: center\"><a title=\"COMERTEL\" href=\"https:\/\/comertel.es\/\">https:\/\/comertel.es\/<\/a><\/p>\n<p>&nbsp;<\/p>\n<p>&nbsp;<\/p>\n<p>Nuestro equipo de comedor<\/p>\n<p><a href=\"https:\/\/blogsaverroes.juntadeandalucia.es\/ceipcesarbarrios\/files\/2020\/12\/IMG_2951-1-scaled.jpeg\"><img loading=\"lazy\" decoding=\"async\" class=\" wp-image-3323 aligncenter\" src=\"https:\/\/blogsaverroes.juntadeandalucia.es\/ceipcesarbarrios\/files\/2020\/12\/IMG_2951-1-150x150.jpeg\" alt=\"\" width=\"238\" height=\"238\" srcset=\"https:\/\/blogsaverroes.juntadeandalucia.es\/ceipcesarbarrios\/files\/2020\/12\/IMG_2951-1-150x150.jpeg 150w, https:\/\/blogsaverroes.juntadeandalucia.es\/ceipcesarbarrios\/files\/2020\/12\/IMG_2951-1-100x100.jpeg 100w, https:\/\/blogsaverroes.juntadeandalucia.es\/ceipcesarbarrios\/files\/2020\/12\/IMG_2951-1-80x80.jpeg 80w, https:\/\/blogsaverroes.juntadeandalucia.es\/ceipcesarbarrios\/files\/2020\/12\/IMG_2951-1-320x320.jpeg 320w\" sizes=\"(max-width: 238px) 100vw, 238px\" \/><\/a><\/p>\n","protected":false},"excerpt":{"rendered":"<p>El C\u00e1tering que actualmente cuenta con la concesi\u00f3n del servicio del comedor escolar en el centro es \u00abCOMERTEL\u00bb. https:\/\/comertel.es\/ &nbsp; &nbsp; Nuestro equipo de comedor<\/p>\n","protected":false},"author":11723,"featured_media":0,"parent":0,"menu_order":0,"comment_status":"closed","ping_status":"closed","template":"","meta":{"ngg_post_thumbnail":0,"footnotes":"","_mc_calendar":[]},"aioseo_notices":[],"_links":{"self":[{"href":"https:\/\/blogsaverroes.juntadeandalucia.es\/ceipcesarbarrios\/wp-json\/wp\/v2\/pages\/2817"}],"collection":[{"href":"https:\/\/blogsaverroes.juntadeandalucia.es\/ceipcesarbarrios\/wp-json\/wp\/v2\/pages"}],"about":[{"href":"https:\/\/blogsaverroes.juntadeandalucia.es\/ceipcesarbarrios\/wp-json\/wp\/v2\/types\/page"}],"author":[{"embeddable":true,"href":"https:\/\/blogsaverroes.juntadeandalucia.es\/ceipcesarbarrios\/wp-json\/wp\/v2\/users\/11723"}],"replies":[{"embeddable":true,"href":"https:\/\/blogsaverroes.juntadeandalucia.es\/ceipcesarbarrios\/wp-json\/wp\/v2\/comments?post=2817"}],"version-history":[{"count":3,"href":"https:\/\/blogsaverroes.juntadeandalucia.es\/ceipcesarbarrios\/wp-json\/wp\/v2\/pages\/2817\/revisions"}],"predecessor-version":[{"id":5819,"href":"https:\/\/blogsaverroes.juntadeandalucia.es\/ceipcesarbarrios\/wp-json\/wp\/v2\/pages\/2817\/revisions\/5819"}],"wp:attachment":[{"href":"https:\/\/blogsaverroes.juntadeandalucia.es\/ceipcesarbarrios\/wp-json\/wp\/v2\/media?parent=2817"}],"curies":[{"name":"wp","href":"https:\/\/api.w.org\/{rel}","templated":true}]}}