{"id":110,"date":"2018-03-13T18:32:06","date_gmt":"2018-03-13T17:32:06","guid":{"rendered":"https:\/\/blogsaverroes.juntadeandalucia.es\/ceipciudaddebaza\/?page_id=110"},"modified":"2021-10-13T11:59:39","modified_gmt":"2021-10-13T10:59:39","slug":"organizacion","status":"publish","type":"page","link":"https:\/\/blogsaverroes.juntadeandalucia.es\/ceipciudaddebaza\/organizacion\/","title":{"rendered":"Organizaci\u00f3n"},"content":{"rendered":"<p><span style=\"font-family: verdana, geneva, sans-serif;font-size: 14pt\"><strong>Equipo de Direcci\u00f3n<\/strong><\/span><\/p>\n<p><span style=\"font-family: verdana, geneva, sans-serif\"><strong>Direcci\u00f3n:<\/strong>&nbsp;Rosario P\u00e9rez Rodr\u00edguez.<\/span><\/p>\n<p><span style=\"font-family: verdana, geneva, sans-serif\"><strong>Jefatura de Estudios:<\/strong>&nbsp;M\u00aa Dolores S\u00e1nchez P\u00e9rez.<\/span><\/p>\n<p><span style=\"font-family: verdana, geneva, sans-serif\"><strong>Secretar\u00eda:<\/strong> D. Juan Carlos S\u00e1nchez Agudo.<\/span><\/p>\n<p><span style=\"font-family: verdana, geneva, sans-serif;font-size: 14pt\"><strong>Consejo Escolar del Centro<\/strong><\/span><\/p>\n<p><span style=\"font-family: verdana, geneva, sans-serif\">Rosario P\u00e9rez Rodr\u00edguez. Presidenta del Consejo Escolar. <\/span><br \/>\n<span style=\"font-family: verdana, geneva, sans-serif\">D\u00aa M\u00aa Dolores S\u00e1nchez P\u00e9rez.<br \/>\nD. Juan Carlos S\u00e1nchez Agudo<br \/>\n<\/span><\/p>\n<p><span style=\"font-family: verdana, geneva, sans-serif;font-size: 14pt\"><strong>Representaci\u00f3n del profesorado en el Consejo Escolar:<\/strong> <\/span><br \/>\n<span style=\"font-family: verdana, geneva, sans-serif\">D\u00aa Estrella Mar\u00eda Alc\u00e1zar Hern\u00e1ndez&nbsp;&nbsp;<\/span><br \/>\n<span style=\"font-family: verdana, geneva, sans-serif\">D. Julio Santiago Fern\u00e1ndez Bocanegra<\/span><br \/>\n<span style=\"font-family: verdana, geneva, sans-serif\">D. Mar\u00eda del Rosario Llorente Garc\u00eda&nbsp;<\/span><br \/>\n<span style=\"font-family: verdana, geneva, sans-serif\">D\u00aa Dolores G\u00f3mez Masegosa<\/span><br \/>\n<span style=\"font-family: verdana, geneva, sans-serif\">D\u00aa Mar\u00eda Isabel Manzano Garc\u00eda<\/span><br \/>\n<span style=\"font-family: verdana, geneva, sans-serif\">D\u00aa Mar\u00eda Rosario Rosas P\u00e9rez<\/span><br \/>\n<span style=\"font-family: verdana, geneva, sans-serif\">D\u00aa Piedad Victoria S\u00e1nchez Ram\u00edrez&nbsp;<\/span><br \/>\n<span style=\"font-family: verdana, geneva, sans-serif\">D\u00aa Mar\u00eda Jos\u00e9 Rubio Gallardo (Impulsora de medidas para el fomento de la Igualdad Hombre-Mujer)&nbsp;<\/span><\/p>\n<p><span style=\"font-family: verdana, geneva, sans-serif\">Representaci\u00f3n de madres y padres del alumnado en el Consejo Escolar: <\/span><br \/>\n<span style=\"font-family: verdana, geneva, sans-serif\">D Jes\u00fas Luque Oliva<\/span><br \/>\n<span style=\"font-family: verdana, geneva, sans-serif\">D\u00aa M\u00aa \u00c1ngeles Puertas Hidalgo<\/span><br \/>\n<span style=\"font-family: verdana, geneva, sans-serif\">D\u00aa M\u00aa Luisa Rodr\u00edguez Lozano<\/span><br \/>\n<span style=\"font-family: verdana, geneva, sans-serif\">D\u00aa Susana S\u00e1nchez Rom\u00e1n<\/span><br \/>\n<span style=\"font-family: verdana, geneva, sans-serif\">D\u00aa Raquel Torrente Moreno<\/span><br \/>\n<span style=\"font-family: verdana, geneva, sans-serif\">D\u00aa M\u00aa Luisa Torres Collados<\/span><br \/>\n<span style=\"font-family: verdana, geneva, sans-serif\">D\u00aa M\u00f3nica Valdivieso Garc\u00eda<\/span><br \/>\n<span style=\"font-family: verdana, geneva, sans-serif\">D\u00aa Carmen M\u00aa Vico Moreno<\/span><\/p>\n<p><span style=\"font-family: verdana, geneva, sans-serif\">Concejala representante del Ayuntamiento de Baza en el Consejo Escolar: <\/span><br \/>\n<span style=\"font-family: verdana, geneva, sans-serif\">D. Purificaci\u00f3n Corbal\u00e1n Vacas<\/span><\/p>\n<p><span style=\"font-family: verdana, geneva, sans-serif\"><strong>Componentes de Equipo T\u00e9cnico de Coordinaci\u00f3n Pedag\u00f3gica<\/strong><\/span><\/p>\n<ul>\n<li><span style=\"font-family: verdana, geneva, sans-serif\">D\u00aa. M\u00aa Rosario P\u00e9rez Rodr\u00edguez. Directora.<\/span><\/li>\n<li><span style=\"font-family: verdana, geneva, sans-serif\">D\u00aa. M\u00aa Dolores S\u00e1nchez P\u00e9rez. Jefa de Estudios.<\/span><\/li>\n<li><span style=\"font-family: verdana, geneva, sans-serif\">D\u00aa. Ver\u00f3nica Agudo Hortal. Coordinadora Ed. Infantil.<\/span><\/li>\n<li><span style=\"font-family: verdana, geneva, sans-serif\">D\u00aa. Estrella M\u00aa Alc\u00e1zar Hern\u00e1ndez. Coordinadora 1\u00ba Ciclo.<\/span><\/li>\n<li><span style=\"font-family: verdana, geneva, sans-serif\">D\u00aa. Jes\u00fas S\u00e1nchez Esp\u00edn. Coordinadora 2\u00ba Ciclo.<\/span><\/li>\n<li><span style=\"font-family: verdana, geneva, sans-serif\">D. Antonio J. Villegas Tenorio. Coordinadora 3\u00ba Ciclo.<\/span><\/li>\n<li><span style=\"font-family: verdana, geneva, sans-serif\">D. \u00c1ngel Ramos Espinosa. Coordinador Equipo de Orientaci\u00f3n.<\/span><\/li>\n<li><span style=\"font-family: verdana, geneva, sans-serif\">D. Belinda Montoya Fern\u00e1ndez Coordinador Biblioteca.<\/span><\/li>\n<li><span style=\"font-family: verdana, geneva, sans-serif\">D\u00aa M\u00aa Carmen S\u00e1nchez Coca. Coordinadora de Escuela Espacio de Paz.<\/span><\/li>\n<li><span style=\"font-family: verdana, geneva, sans-serif\">D\u00aa Alejandro Farnos Arredondo. Coordinadora de Riesgos Laborales<\/span><\/li>\n<li><span style=\"font-family: verdana, geneva, sans-serif\">D\u00aa. Jes\u00fas S\u00e1nchez Esp\u00edn. TDE.<\/span><\/li>\n<li><span style=\"font-family: verdana, geneva, sans-serif\">D\u00aa Mar\u00eda Jos\u00e9 Rubio Gallardo. Coordinadora de Igualdad Hombres y Mujeres en la Educaci\u00f3n.<\/span><\/li>\n<li><span style=\"font-family: verdana, geneva, sans-serif\">D. Jos\u00e9 Mar\u00eda Pe\u00f1a Oliver. Coordinador H\u00e1bitos saludables.<\/span><\/li>\n<li><span style=\"font-family: verdana, geneva, sans-serif\">D. Antonio J. Mir\u00f3n Bl\u00e1nquez. Coordinador programa \u201cVivir y sentir el flamenco\u201d<\/span><\/li>\n<li><span style=\"font-family: verdana, geneva, sans-serif\">Encarnaci\u00f3n Garc\u00eda Navarro. Orientadora<\/span><\/li>\n<\/ul>\n<p><span style=\"font-family: verdana, geneva, sans-serif\">&nbsp;<\/span><\/p>\n<p style=\"text-align: center\"><span style=\"font-size: 14pt\"><strong><span style=\"font-family: verdana, geneva, sans-serif\">Claustro del Profesorado<\/span><\/strong><\/span><\/p>\n<p><strong><u>Tutor\u00edas Infantil<\/u><\/strong>:&nbsp; &nbsp; &nbsp; &nbsp; &nbsp; &nbsp;<\/p>\n<table style=\"height: 254px;width: 92%\">\n<tbody>\n<tr style=\"height: 27px\">\n<td style=\"width: 298.933px;height: 27px;text-align: left\">Ver\u00f3nica Agudo Hortal<\/td>\n<td style=\"width: 451.467px;height: 27px;text-align: left\">3 a\u00f1os A &#8211; Coordinadora de Educaci\u00f3n Infantil<\/td>\n<\/tr>\n<tr style=\"height: 27px\">\n<td style=\"width: 298.933px;height: 27px;text-align: left\">Alicia C\u00e1rdenas Hern\u00e1ndez<\/td>\n<td style=\"width: 451.467px;height: 27px;text-align: left\">3 a\u00f1os B<\/td>\n<\/tr>\n<tr style=\"height: 27.6667px\">\n<td style=\"width: 298.933px;height: 27.6667px;text-align: left\">Mar\u00eda Jos\u00e9 Rubio Gallardo<\/td>\n<td style=\"width: 451.467px;height: 27.6667px;text-align: left\">4 a\u00f1os A &#8211; Coordinadora Plan de Igualdad<\/td>\n<\/tr>\n<tr style=\"height: 27px\">\n<td style=\"width: 298.933px;height: 27px;text-align: left\">M\u00aa Isabel Manzano Garc\u00eda<\/td>\n<td style=\"width: 451.467px;height: 27px;text-align: left\">4 a\u00f1os B&nbsp;&nbsp;<\/td>\n<\/tr>\n<tr style=\"height: 28px\">\n<td style=\"width: 298.933px;height: 28px;text-align: left\">Mar\u00eda del Rosario LLorente Garc\u00eda<\/td>\n<td style=\"width: 451.467px;height: 28px;text-align: left\">5 a\u00f1os A&nbsp;&nbsp;<\/td>\n<\/tr>\n<tr style=\"height: 28px\">\n<td style=\"width: 298.933px;height: 28px;text-align: left\">Dolores G\u00f3mez Masegosa&nbsp;&nbsp;<\/td>\n<td style=\"width: 451.467px;height: 28px;text-align: left\">5 a\u00f1os B&nbsp;<\/td>\n<\/tr>\n<\/tbody>\n<\/table>\n<p>&nbsp;<\/p>\n<p><strong><u>Tutor\u00edas Primer Ciclo:<\/u><\/strong><\/p>\n<table style=\"height: 177px;width: 81.0725%\">\n<tbody>\n<tr>\n<td style=\"width: 44.9935%;text-align: left\">Estrella M\u00aa Alcaraz Hern\u00e1ndez<\/td>\n<td style=\"width: 53.9662%;text-align: left\">1\u00ba A &#8211;&nbsp; Coordinadora de Primer Ciclo<\/td>\n<\/tr>\n<tr>\n<td style=\"width: 44.9935%;text-align: left\">Leocadia Soria Mart\u00ednez&nbsp;&nbsp;<\/td>\n<td style=\"width: 53.9662%;text-align: left\">1\u00ba B<\/td>\n<\/tr>\n<tr>\n<td style=\"width: 44.9935%;text-align: left\">Mercedes Ruiz Izquierdo&nbsp;&nbsp;<\/td>\n<td style=\"width: 53.9662%;text-align: left\">2\u00ba A<\/td>\n<\/tr>\n<tr>\n<td style=\"width: 44.9935%;text-align: left\">Piedad Victoria S\u00e1nchez Ram\u00edrez&nbsp;&nbsp;<\/td>\n<td style=\"width: 53.9662%;text-align: left\">2\u00ba B&nbsp;<\/td>\n<\/tr>\n<\/tbody>\n<\/table>\n<p>&nbsp;<\/p>\n<p><strong><u>Tutor\u00edas Segundo Ciclo:<\/u><\/strong><\/p>\n<table class=\" alignleft\" style=\"height: 120px;width: 93.8264%\">\n<tbody>\n<tr style=\"height: 21px\">\n<td style=\"width: 36.4575%;height: 31px\">Jes\u00fas S\u00e1nchez Esp\u00edn<\/td>\n<td style=\"width: 56.5693%;height: 31px\">3\u00ba A &#8211; Coordinador de Segundo Ciclo y Coordinador TDE<\/td>\n<\/tr>\n<tr style=\"height: 21px\">\n<td style=\"width: 36.4575%;height: 29px\">Alejandro Farnos Arredondo<\/td>\n<td style=\"width: 56.5693%;height: 29px\">3\u00ba B &#8211; Coordinador de Riesgos Laborales<\/td>\n<\/tr>\n<tr style=\"height: 21px\">\n<td style=\"width: 36.4575%;height: 31px\">M\u00aa Carmen S\u00e1nchez Coca&nbsp;&nbsp;<\/td>\n<td style=\"width: 56.5693%;height: 31px\">4\u00ba A &#8211; Coordinadora Escuela Espacio de Paz<\/td>\n<\/tr>\n<tr style=\"height: 21.4668px\">\n<td style=\"width: 36.4575%;height: 29px\">Alejandro Contreras Hidalgo<\/td>\n<td style=\"width: 56.5693%;height: 29px\">4\u00ba B<\/td>\n<\/tr>\n<\/tbody>\n<\/table>\n<p>&nbsp;<\/p>\n<p>&nbsp;<\/p>\n<p>&nbsp;<\/p>\n<p>&nbsp;<\/p>\n<p><strong><u>&nbsp; <\/u><\/strong><\/p>\n<p><strong><u>Tutor\u00edas Tercer Ciclo:<\/u><\/strong><\/p>\n<table style=\"height: 190px;width: 94.7001%\">\n<tbody>\n<tr>\n<td style=\"width: 38.2166%;text-align: left\">Antonio J. Villegas Tenorio<\/td>\n<td style=\"width: 60.7643%;text-align: left\">5\u00ba A &#8211; Coordinador de Tercer Ciclo&nbsp;<\/td>\n<\/tr>\n<tr>\n<td style=\"width: 38.2166%;text-align: left\">Belinda Montoya Fern\u00e1ndez<\/td>\n<td style=\"width: 60.7643%;text-align: left\">5\u00ba B &#8211; Coordinadora Bibliotecas<\/td>\n<\/tr>\n<tr>\n<td style=\"width: 38.2166%;text-align: left\">Jos\u00e9 Valdivieso S\u00e1nchez<\/td>\n<td style=\"width: 60.7643%;text-align: left\">6\u00ba A&nbsp;&nbsp;<\/td>\n<\/tr>\n<tr>\n<td style=\"width: 38.2166%;text-align: left\">M\u00aa del Pilar Olivella Madrid<\/td>\n<td style=\"width: 60.7643%;text-align: left\">6\u00ba B<\/td>\n<\/tr>\n<\/tbody>\n<\/table>\n<p>&nbsp;<\/p>\n<p><strong>Especialistas<\/strong><\/p>\n<table style=\"height: 336px;width: 99.4709%\">\n<tbody>\n<tr>\n<td style=\"width: 32.5795%;text-align: left\">M\u00aa del Pilar Olivella Madrid&nbsp;&nbsp;<\/td>\n<td style=\"width: 70.1682%;text-align: left\">Especialista Franc\u00e9s<\/td>\n<\/tr>\n<tr>\n<td style=\"width: 32.5795%;text-align: left\">Antonio Mir\u00f3n Bl\u00e1nquez&nbsp;&nbsp;<\/td>\n<td style=\"width: 70.1682%;text-align: left\">Especialista de M\u00fasica &#8211; Coordinador \u00abVivir y sentir el flamenco\u00bb<\/td>\n<\/tr>\n<tr>\n<td style=\"width: 32.5795%;text-align: left\">\u00c1ngeles M\u00aa Molina Vico&nbsp;<\/td>\n<td style=\"width: 70.1682%;text-align: left\">Especialista Ingl\u00e9s 1<\/td>\n<\/tr>\n<tr>\n<td style=\"width: 32.5795%;text-align: left\">Dolores S\u00e1nchez P\u00e9rez<\/td>\n<td style=\"width: 70.1682%;text-align: left\">Especialista Ingl\u00e9s 2 &#8211; Jefa de estudios<\/td>\n<\/tr>\n<tr>\n<td style=\"width: 32.5795%;text-align: left\">M\u00aa Carmen S\u00e1nchez Coca<\/td>\n<td style=\"width: 70.1682%;text-align: left\">Especialista Ingl\u00e9s 3<\/td>\n<\/tr>\n<tr>\n<td style=\"width: 32.5795%;text-align: left\">Jes\u00fas S\u00e1nchez Esp\u00edn<\/td>\n<td style=\"width: 70.1682%;text-align: left\">Especialista Ingl\u00e9s 4<\/td>\n<\/tr>\n<tr>\n<td style=\"width: 32.5795%;text-align: left\">Alejandro Farnos Arredondo<\/td>\n<td style=\"width: 70.1682%;text-align: left\">Especialista Ingl\u00e9s 5<\/td>\n<\/tr>\n<tr>\n<td style=\"width: 32.5795%;text-align: left\">Juan Carlos S\u00e1nchez Agudo&nbsp;<\/td>\n<td style=\"width: 70.1682%;text-align: left\">Especialista Educaci\u00f3n F\u00edsica 1 &#8211; Secretario<\/td>\n<\/tr>\n<tr>\n<td style=\"width: 32.5795%;text-align: left\">Jos\u00e9 M\u00aa Pe\u00f1a Oliver<\/td>\n<td style=\"width: 70.1682%;text-align: left\">Especialista Educaci\u00f3n F\u00edsica 2 &#8211; Coordinador \u00abCreciendo en Salud\u00bb<\/td>\n<\/tr>\n<tr>\n<td style=\"width: 32.5795%;text-align: left\">Julio Fern\u00e1ndez Bocanegra&nbsp;<\/td>\n<td style=\"width: 70.1682%;text-align: left\">Especialista Religi\u00f3n 1<\/td>\n<\/tr>\n<tr>\n<td style=\"width: 32.5795%;text-align: left\">Mar\u00eda Quirante Quirante&nbsp;<\/td>\n<td style=\"width: 70.1682%;text-align: left\">Especialista Religi\u00f3n 2<\/td>\n<\/tr>\n<\/tbody>\n<\/table>\n<p>&nbsp;<\/p>\n<p><strong>Refuerzos educativos<\/strong><\/p>\n<table style=\"border-collapse: collapse;width: 92.6668%;height: 97px\">\n<tbody>\n<tr style=\"height: 28px\">\n<td style=\"width: 43.9409%;height: 28px;text-align: left\">M\u00aa Rosario P\u00e9rez Rodr\u00edguez&nbsp;<\/td>\n<td style=\"width: 72.219%;height: 28px;text-align: left\">Apoyo Infantil &#8211; Directora<\/td>\n<\/tr>\n<tr style=\"height: 23px\">\n<td style=\"width: 43.9409%;height: 23px;text-align: left\">Elisabel Mar\u00edn Romeno<\/td>\n<td style=\"width: 72.219%;height: 23px;text-align: left\">Apoyo Covid Infantil<\/td>\n<\/tr>\n<tr style=\"height: 23px\">\n<td style=\"width: 43.9409%;height: 23px;text-align: left\">Cristina Cazalla Garc\u00eda<\/td>\n<td style=\"width: 72.219%;height: 23px;text-align: left\">Apoyo Covid Primaria<\/td>\n<\/tr>\n<tr style=\"height: 23px\">\n<td style=\"width: 43.9409%;height: 23px;text-align: left\">M\u00aa del Mar Galera Jofr\u00e9<\/td>\n<td style=\"width: 72.219%;height: 23px;text-align: left\">Apoyo Covid Primaria<\/td>\n<\/tr>\n<\/tbody>\n<\/table>\n<table style=\"border-collapse: collapse;width: 92.9782%\">\n<tbody>\n<tr>\n<td style=\"width: 40.7943%\">Almudena Gil Mart\u00ednez<\/td>\n<td style=\"width: 52.1839%\">Apoyo Covid Primaria<\/td>\n<\/tr>\n<tr>\n<td style=\"width: 40.7943%\">Elena M\u00aa Segura Heredia<\/td>\n<td style=\"width: 52.1839%\">Apoyo Covid Primaria<\/td>\n<\/tr>\n<\/tbody>\n<\/table>\n<p>&nbsp; &nbsp; &nbsp; &nbsp; &nbsp; &nbsp; &nbsp; &nbsp; &nbsp; &nbsp; &nbsp;<\/p>\n<p><strong>Equipo de Orientaci\u00f3n<\/strong><\/p>\n<table style=\"border-collapse: collapse;width: 94.3098%;height: 72px\">\n<tbody>\n<tr style=\"height: 24px\">\n<td style=\"width: 37.6712%;height: 24px\">\u00c1ngel Ramos Espinosa<\/td>\n<td style=\"width: 56.6386%;height: 24px\">PTAI 1 &#8211; Coordinador Equipo de Orientaci\u00f3n<\/td>\n<\/tr>\n<tr style=\"height: 24px\">\n<td style=\"width: 37.6712%;height: 24px\">Desire\u00e9 Rodr\u00edguez L\u00f3pez&nbsp;<\/td>\n<td style=\"width: 56.6386%;height: 24px\">PTAI 2<\/td>\n<\/tr>\n<tr style=\"height: 24px\">\n<td style=\"width: 37.6712%;height: 24px\">M\u00aa Rosario Rosas P\u00e9rez&nbsp;<\/td>\n<td style=\"width: 56.6386%;height: 24px\">ALAI<\/td>\n<\/tr>\n<\/tbody>\n<\/table>\n<p>&nbsp; &nbsp; &nbsp; &nbsp; &nbsp; &nbsp; &nbsp; &nbsp; &nbsp; &nbsp; &nbsp; &nbsp; &nbsp; &nbsp;&nbsp;<\/p>\n<p><span style=\"font-size: 12pt\"><b>Personal<\/b><strong> externo&nbsp;<\/strong><\/span><\/p>\n<table style=\"border-collapse: collapse;width: 100%\">\n<tbody>\n<tr>\n<td style=\"width: 50%\">Encarnaci\u00f3n Garc\u00eda Navarro&nbsp;<\/td>\n<td style=\"width: 50%\">Orientadora EOE<\/td>\n<\/tr>\n<tr>\n<td style=\"width: 50%\">Gervasio Guiard Aynat<\/td>\n<td style=\"width: 50%\">M\u00e9dico EOE<\/td>\n<\/tr>\n<\/tbody>\n<\/table>\n<p>&nbsp; &nbsp; &nbsp; &nbsp; &nbsp; &nbsp; &nbsp; &nbsp; &nbsp;&nbsp;<\/p>\n<p>&nbsp; &nbsp; &nbsp; &nbsp; &nbsp; &nbsp; &nbsp; &nbsp; &nbsp; &nbsp; &nbsp; &nbsp; &nbsp; &nbsp;<\/p>\n<p><span style=\"font-family: verdana, geneva, sans-serif\">&nbsp;<\/span><\/p>\n","protected":false},"excerpt":{"rendered":"<p>Equipo de Direcci\u00f3n Direcci\u00f3n:&nbsp;Rosario P\u00e9rez Rodr\u00edguez. Jefatura de Estudios:&nbsp;M\u00aa Dolores S\u00e1nchez P\u00e9rez. Secretar\u00eda: D. Juan Carlos S\u00e1nchez Agudo. Consejo Escolar del Centro Rosario P\u00e9rez Rodr\u00edguez. Presidenta del Consejo Escolar. D\u00aa M\u00aa Dolores S\u00e1nchez P\u00e9rez.&#46;&#46;&#46;<\/p>\n","protected":false},"author":6076,"featured_media":0,"parent":0,"menu_order":0,"comment_status":"closed","ping_status":"closed","template":"","meta":{"ngg_post_thumbnail":0,"footnotes":""},"aioseo_notices":[],"_links":{"self":[{"href":"https:\/\/blogsaverroes.juntadeandalucia.es\/ceipciudaddebaza\/wp-json\/wp\/v2\/pages\/110"}],"collection":[{"href":"https:\/\/blogsaverroes.juntadeandalucia.es\/ceipciudaddebaza\/wp-json\/wp\/v2\/pages"}],"about":[{"href":"https:\/\/blogsaverroes.juntadeandalucia.es\/ceipciudaddebaza\/wp-json\/wp\/v2\/types\/page"}],"author":[{"embeddable":true,"href":"https:\/\/blogsaverroes.juntadeandalucia.es\/ceipciudaddebaza\/wp-json\/wp\/v2\/users\/6076"}],"replies":[{"embeddable":true,"href":"https:\/\/blogsaverroes.juntadeandalucia.es\/ceipciudaddebaza\/wp-json\/wp\/v2\/comments?post=110"}],"version-history":[{"count":20,"href":"https:\/\/blogsaverroes.juntadeandalucia.es\/ceipciudaddebaza\/wp-json\/wp\/v2\/pages\/110\/revisions"}],"predecessor-version":[{"id":2909,"href":"https:\/\/blogsaverroes.juntadeandalucia.es\/ceipciudaddebaza\/wp-json\/wp\/v2\/pages\/110\/revisions\/2909"}],"wp:attachment":[{"href":"https:\/\/blogsaverroes.juntadeandalucia.es\/ceipciudaddebaza\/wp-json\/wp\/v2\/media?parent=110"}],"curies":[{"name":"wp","href":"https:\/\/api.w.org\/{rel}","templated":true}]}}