{"id":292,"date":"2024-06-01T09:00:31","date_gmt":"2024-06-01T08:00:31","guid":{"rendered":"https:\/\/blogsaverroes.juntadeandalucia.es\/ceipciudaddebaza\/?page_id=292"},"modified":"2024-09-16T11:57:53","modified_gmt":"2024-09-16T10:57:53","slug":"comedor","status":"publish","type":"page","link":"https:\/\/blogsaverroes.juntadeandalucia.es\/ceipciudaddebaza\/comedor\/","title":{"rendered":"Comedor"},"content":{"rendered":"<div class=\"adn ads\">\n<div class=\"gs\">\n<div class=\"\">\n<div id=\":ok\" class=\"ii gt\">\n<div id=\":ol\" class=\"a3s aXjCH \" role=\"gridcell\">\n<div dir=\"ltr\">\n<div dir=\"ltr\">\n<div dir=\"ltr\">\n<div dir=\"ltr\">\n<div dir=\"ltr\">\n<div>\n<p style=\"text-align: center\"><span style=\"font-size: 10pt\"><strong>MEN\u00daS<\/strong><\/span><\/p>\n<table style=\"height: 28px;width: 104.312%\" width=\"984\">\n<tbody>\n<tr style=\"height: 28px\">\n<td style=\"width: 92px;text-align: center;height: 28px\"><a href=\"https:\/\/blogsaverroes.juntadeandalucia.es\/ceipciudaddebaza\/files\/2024\/09\/MENU-SEPTIMEBRE.pdf\" target=\"_blank\" rel=\"noopener\"><span style=\"font-size: 10pt\"><strong><span style=\"font-size: 8pt\">SEPTIEMBRE<\/span><\/strong><\/span><\/a><\/td>\n<td style=\"width: 92px;text-align: center;height: 28px\"><span style=\"font-size: 8pt\"><strong>OCTUBRE<\/strong><\/span><\/td>\n<td style=\"width: 92px;text-align: center;height: 28px\"><span style=\"font-size: 8pt\"><strong>NOVIEMBRE<\/strong><\/span><\/td>\n<td style=\"width: 92px;text-align: center;height: 28px\"><span style=\"font-size: 8pt\"><strong>DICIEMBRE<\/strong><\/span><\/td>\n<td style=\"width: 92.8px;text-align: center;height: 28px\"><span style=\"font-size: 8pt\"><strong>ENERO<\/strong><\/span><\/td>\n<td style=\"width: 92.8px;text-align: center;height: 28px\"><span style=\"font-size: 8pt\"><strong>FEBRERO<\/strong><\/span><\/td>\n<td style=\"width: 92.8px;text-align: center;height: 28px\"><span style=\"font-size: 8pt\"><strong>MARZO<\/strong><\/span><\/td>\n<td style=\"width: 92.8px;text-align: center;height: 28px\"><span style=\"font-size: 8pt\"><strong>&nbsp;ABRIL<\/strong><\/span><\/td>\n<td style=\"width: 92.8px;text-align: center;height: 28px\"><span style=\"font-size: 8pt\"><strong>MAYO<\/strong><\/span><\/td>\n<td style=\"width: 92.8px;text-align: center;height: 28px\"><span style=\"font-size: 8pt\"><strong>JUNIO<\/strong><\/span><\/td>\n<\/tr>\n<\/tbody>\n<\/table>\n<\/div>\n<div>&nbsp;<\/div>\n<div>&nbsp;<\/div>\n<div style=\"text-align: left\">Os recordamos que las incidencias de recibos \/notificaciones de faltas se gestionan a trav\u00e9s del mail:<\/div>\n<\/div>\n<div>&nbsp;<\/div>\n<div dir=\"ltr\">\n<div style=\"text-align: center\"><a href=\"mailto:administracion.andalucia@mediterranea-group.com\" target=\"_blank\" rel=\"noopener noreferrer\">administracion.andalucia@mediterranea-group.com<\/a><\/div>\n<div>\n<p>Los mails de notificaci\u00f3n de falta no se contestan, se env\u00eda una respuesta autom\u00e1tica para confirmar que el mail se ha recibido.<\/p>\n<\/div>\n<div>&nbsp;<\/div>\n<div>&nbsp;<\/div>\n<div style=\"text-align: center\"><span style=\"font-size: 14pt\"><strong>PLAN DE APERTURA&nbsp;<\/strong><\/span><\/div>\n<div>&nbsp;<\/div>\n<div>En cualquier momento del curso y siempre que existan plazas vacantes podr\u00e1n solicitar el uso de estos servicios, de forma que para evitar errores se recomienda rellenar y entregar la solicitud cuando tengan la seguridad de que sus hijos van a asistir. Aunque el cupo de usuarios est\u00e9 completo podr\u00e1n quedar en lista de espera de futuras vacantes que se puedan producir a lo largo del curso.&nbsp;<\/div>\n<ul style=\"list-style-type: disc\">\n<li>Al comedor se podr\u00e1 asistir por meses completos o d\u00edas sueltos. En caso de d\u00edas sueltos deben indicarlo rellenado la solicitud correspondiente y entreg\u00e1ndola en el comedor cada mes con 15 d\u00edas de antelaci\u00f3n.<\/li>\n<li>De acuerdo con la nueva normativa vigente sobre Servicios Complementarios, los recibos se abonar\u00e1n por banco a comienzos de cada mensualidad y con anterioridad al servicio recibido, en caso de sobrepago la empresa del catering realizar\u00e1 las correspondientes devoluciones en la siguiente mensualidad<\/li>\n<li>El precio variar\u00e1 dependiendo de la bonificaci\u00f3n a la que tengan derecho las familias. Las bonificaciones las aplica la administraci\u00f3n en funci\u00f3n de la \u00faltima renta declarada del a\u00f1o fiscal concluido<\/li>\n<\/ul>\n<div>El impago de 2 recibos consecutivos origina la baja inmediata en el servicio, la cual ser\u00e1 comunicada previamente al afectado y su sustituci\u00f3n por otro solicitante de la lista de espera del servicio de Aula Matinal, Comedor o Actividades Extraescolares.<\/div>\n<div>&nbsp;<\/div>\n<div>\n<div style=\"text-align: center\"><span style=\"font-size: 14pt\"><strong>COMEDOR&nbsp; ESCOLAR<\/strong><\/span><\/div>\n<div>&nbsp;<\/div>\n<ul style=\"list-style-type: disc\">\n<li>Horario: de 14.00 a 16.00. A los alumnos de infantil los recoger\u00e1n los monitores&nbsp; en sus clases, para ello es necesario que los padres comuniquen a los tutores qu\u00e9 ni\u00f1os\/as van a quedarse a comer. Se podr\u00e1n recoger normalmente a partir de la 15.00 h. conforme vayan terminando de comer (como muy tarde a las 16.00 h).&nbsp;<\/li>\n<li>Los padres del alumnado de Infantil 3 a\u00f1os, que apunten a sus hijos\/as al comedor escolar, una vez realizada la inscripci\u00f3n en la Secretar\u00eda del Centro, deber\u00e1n comunicarlo al tutor\/a el d\u00eda que comiencen la asistencia al comedor, a fin de que este se lo pueda informar a las monitoras que recoger\u00e1n a los ni\u00f1os\/as poco antes de las 14 horas.&nbsp;<\/li>\n<li>El acceso a este servicio podr\u00e1 solicitarse con car\u00e1cter continuado (para todo el curso) o para d\u00edas sueltos. Para d\u00edas sueltos, deber\u00e1n rellenar una INSTANCIA todos los meses&nbsp; y entregarla en el Comedor antes del comienzo de cada mes.<\/li>\n<\/ul>\n<div><strong>INTOLERANCIAS ALIMENTICIAS<\/strong>: si su hijo\/a tiene alguna intolerancia o alergia alimenticia, ind\u00edquelo por detr\u00e1s de la solicitud de inscripci\u00f3n.<\/div>\n<div><strong>Precio Comedor:<\/strong><\/div>\n<ul style=\"list-style-type: disc\">\n<li>Precio por d\u00eda (sin bonificaci\u00f3n): &#8230;&#8230;&#8230;&#8230;&#8230;&#8230;&#8230;&#8230;&#8230;&#8230;&#8230;&#8230;&#8230;&#8230;&#8230;&#8230;&#8230;&#8230;&#8230;&#8230;&#8230;&#8230;.4.78 \u20ac. (Desde septiembre de 2.017)<\/li>\n<li>Precio mensual (20 d\u00edas lectivos) (sin bonificaci\u00f3n): &#8230;&#8230;&#8230;&#8230;&#8230;&#8230;&#8230;&#8230;&#8230;&#8230;.95\u00b460 \u20ac aproximadamente.<\/li>\n<\/ul>\n<div>Empresa concesionaria del comedor escolar:&nbsp; <a href=\"http:\/\/www.mediterranea-servicios.com\/index.php\/es\/\" target=\"_blank\" rel=\"noopener noreferrer\"><strong>Mediterr\u00e1nea de C\u00e1tering.<\/strong><\/a><\/div>\n<\/div>\n<div>&nbsp;<\/div>\n<div>\n<div><strong>NOTA INFORMATIVA:<\/strong><\/div>\n<div>El CEIP Ciudad de Baza informa que la elaboraci\u00f3n y publicaci\u00f3n del men\u00fa del comedor depende de la empresa concesionaria del servicio una vez supervisado por Sanidad, por lo cual esta informaci\u00f3n es publicada en esta p\u00e1gina web y comedor escolar como deferencia a las familias usuarias, una vez que ha sido facilitada por la empresa que da el servicio Mediterr\u00e1nea de C\u00e1tering.&nbsp;&nbsp;<\/div>\n<\/div>\n<\/div>\n<\/div>\n<\/div>\n<\/div>\n<\/div>\n<div class=\"yj6qo\">&nbsp;<\/div>\n<\/div>\n<\/div>\n<div class=\"hi\">\n<p>Si alg\u00fan padre o madre observa incidencias en el cobro, puede dirigirse a:<\/p>\n<ul style=\"list-style-type: square\">\n<li>Tel\u00e9fono: 952038248&nbsp;<\/li>\n<li>Correo electr\u00f3nico: <a href=\"http:\/\/administraci\u00f3n.andalucia@mediterranea-group.com\" target=\"_blank\" rel=\"noopener noreferrer\">administraci\u00f3n.andalucia@mediterranea-group.com<\/a><\/li>\n<\/ul>\n<\/div>\n<\/div>\n<\/div>\n<\/div>\n","protected":false},"excerpt":{"rendered":"<p>MEN\u00daS SEPTIEMBRE OCTUBRE NOVIEMBRE DICIEMBRE ENERO FEBRERO MARZO &nbsp;ABRIL MAYO JUNIO &nbsp; &nbsp; Os recordamos que las incidencias de recibos \/notificaciones de faltas se gestionan a trav\u00e9s del mail: &nbsp; administracion.andalucia@mediterranea-group.com Los mails de&#46;&#46;&#46;<\/p>\n","protected":false},"author":6076,"featured_media":0,"parent":0,"menu_order":0,"comment_status":"closed","ping_status":"closed","template":"","meta":{"ngg_post_thumbnail":0,"footnotes":""},"aioseo_notices":[],"_links":{"self":[{"href":"https:\/\/blogsaverroes.juntadeandalucia.es\/ceipciudaddebaza\/wp-json\/wp\/v2\/pages\/292"}],"collection":[{"href":"https:\/\/blogsaverroes.juntadeandalucia.es\/ceipciudaddebaza\/wp-json\/wp\/v2\/pages"}],"about":[{"href":"https:\/\/blogsaverroes.juntadeandalucia.es\/ceipciudaddebaza\/wp-json\/wp\/v2\/types\/page"}],"author":[{"embeddable":true,"href":"https:\/\/blogsaverroes.juntadeandalucia.es\/ceipciudaddebaza\/wp-json\/wp\/v2\/users\/6076"}],"replies":[{"embeddable":true,"href":"https:\/\/blogsaverroes.juntadeandalucia.es\/ceipciudaddebaza\/wp-json\/wp\/v2\/comments?post=292"}],"version-history":[{"count":74,"href":"https:\/\/blogsaverroes.juntadeandalucia.es\/ceipciudaddebaza\/wp-json\/wp\/v2\/pages\/292\/revisions"}],"predecessor-version":[{"id":6603,"href":"https:\/\/blogsaverroes.juntadeandalucia.es\/ceipciudaddebaza\/wp-json\/wp\/v2\/pages\/292\/revisions\/6603"}],"wp:attachment":[{"href":"https:\/\/blogsaverroes.juntadeandalucia.es\/ceipciudaddebaza\/wp-json\/wp\/v2\/media?parent=292"}],"curies":[{"name":"wp","href":"https:\/\/api.w.org\/{rel}","templated":true}]}}