{"id":435,"date":"2018-11-18T19:54:43","date_gmt":"2018-11-18T18:54:43","guid":{"rendered":"https:\/\/blogsaverroes.juntadeandalucia.es\/ceipciudaddebaza\/?page_id=435"},"modified":"2019-10-04T15:54:07","modified_gmt":"2019-10-04T14:54:07","slug":"nuestras-aulas-de-primer-ciclo","status":"publish","type":"page","link":"https:\/\/blogsaverroes.juntadeandalucia.es\/ceipciudaddebaza\/nuestras-aulas-de-primer-ciclo\/","title":{"rendered":"Nuestras aulas de Primer Ciclo"},"content":{"rendered":"<div><strong>Primero A<\/strong>&nbsp; &nbsp; Piedad Victoria S\u00e1nchez Ram\u00edrez<\/div>\n<div><strong>Primero B&nbsp; &nbsp;&nbsp;<\/strong>Estrella M\u00aa Alc\u00e1zar Hern\u00e1ndez<strong>&nbsp;<\/strong><\/div>\n<div><strong>Segundo A&nbsp; &nbsp;&nbsp;<\/strong>M\u00aa Carmen S\u00e1nchez Coca<\/div>\n<div><strong>Segundo B&nbsp; &nbsp;<\/strong>M\u00aa Dolores Garc\u00eda S\u00e1nchez<\/div>\n<div>&nbsp;<\/div>\n<div><strong>HORARIO DE ATENCI\u00d3N A PADRES Y MADRES:<\/strong><\/div>\n<p>El horario de tutor\u00eda, atenci\u00f3n a las familias es los lunes de <strong>18 a 19 horas<\/strong> en las respectivas aulas.<\/p>\n","protected":false},"excerpt":{"rendered":"<p>Primero A&nbsp; &nbsp; Piedad Victoria S\u00e1nchez Ram\u00edrez Primero B&nbsp; &nbsp;&nbsp;Estrella M\u00aa Alc\u00e1zar Hern\u00e1ndez&nbsp; Segundo A&nbsp; &nbsp;&nbsp;M\u00aa Carmen S\u00e1nchez Coca Segundo B&nbsp; &nbsp;M\u00aa Dolores Garc\u00eda S\u00e1nchez &nbsp; HORARIO DE ATENCI\u00d3N A PADRES Y MADRES: El&#46;&#46;&#46;<\/p>\n","protected":false},"author":6076,"featured_media":0,"parent":0,"menu_order":0,"comment_status":"closed","ping_status":"closed","template":"","meta":{"ngg_post_thumbnail":0,"footnotes":""},"aioseo_notices":[],"_links":{"self":[{"href":"https:\/\/blogsaverroes.juntadeandalucia.es\/ceipciudaddebaza\/wp-json\/wp\/v2\/pages\/435"}],"collection":[{"href":"https:\/\/blogsaverroes.juntadeandalucia.es\/ceipciudaddebaza\/wp-json\/wp\/v2\/pages"}],"about":[{"href":"https:\/\/blogsaverroes.juntadeandalucia.es\/ceipciudaddebaza\/wp-json\/wp\/v2\/types\/page"}],"author":[{"embeddable":true,"href":"https:\/\/blogsaverroes.juntadeandalucia.es\/ceipciudaddebaza\/wp-json\/wp\/v2\/users\/6076"}],"replies":[{"embeddable":true,"href":"https:\/\/blogsaverroes.juntadeandalucia.es\/ceipciudaddebaza\/wp-json\/wp\/v2\/comments?post=435"}],"version-history":[{"count":4,"href":"https:\/\/blogsaverroes.juntadeandalucia.es\/ceipciudaddebaza\/wp-json\/wp\/v2\/pages\/435\/revisions"}],"predecessor-version":[{"id":1830,"href":"https:\/\/blogsaverroes.juntadeandalucia.es\/ceipciudaddebaza\/wp-json\/wp\/v2\/pages\/435\/revisions\/1830"}],"wp:attachment":[{"href":"https:\/\/blogsaverroes.juntadeandalucia.es\/ceipciudaddebaza\/wp-json\/wp\/v2\/media?parent=435"}],"curies":[{"name":"wp","href":"https:\/\/api.w.org\/{rel}","templated":true}]}}