{"id":444,"date":"2018-11-18T19:55:56","date_gmt":"2018-11-18T18:55:56","guid":{"rendered":"https:\/\/blogsaverroes.juntadeandalucia.es\/ceipciudaddebaza\/?page_id=444"},"modified":"2018-11-21T23:15:55","modified_gmt":"2018-11-21T22:15:55","slug":"la-edad-del-ninoa-de-tercer-ciclo","status":"publish","type":"page","link":"https:\/\/blogsaverroes.juntadeandalucia.es\/ceipciudaddebaza\/la-edad-del-ninoa-de-tercer-ciclo\/","title":{"rendered":"La edad del ni\u00f1o\/a de Tercer Ciclo"},"content":{"rendered":"<div><strong>DESARROLLO SOCIOAFECTIVO E INTELECTUAL DE 10 A 12 A\u00d1OS.<\/strong><\/div>\n<div>&nbsp;<\/div>\n<div>&nbsp; &nbsp;El per\u00edodo de edad comprendido entre los diez y los doce a\u00f1os, que se corresponde con el tercer ciclo de Educaci\u00f3n Primaria, se caracteriza por una serie de rasgos evolutivos que afectan al desarrollo socioafectivo e intelectual de los ni\u00f1os.<\/div>\n<div>&nbsp;<\/div>\n<ul style=\"list-style-type: disc\">\n<li><strong>Desarrollo socioafectivo.<\/strong><\/li>\n<\/ul>\n<div>&nbsp; &nbsp;Los ni\u00f1os revelan una autonom\u00eda y una autodeterminaci\u00f3n que hasta ahora no hab\u00edan mostrado y que constituye uno de los rasgos esenciales de esta etapa de desarrollo; pero, al mismo tiempo, contin\u00faan siendo muy sensibles a las influencias de su grupo. Se puede decir que los ni\u00f1os necesitan al grupo para comprender su mundo y requieren de est\u00edmulos suficientes para exteriorizar de forma controlada su afectividad.<\/div>\n<div>&nbsp;<\/div>\n<ul style=\"list-style-type: disc\">\n<li><strong>Desarrollo intelectual.<\/strong><\/li>\n<\/ul>\n<div>&nbsp; &nbsp;Los ni\u00f1os de esta edad tienen una visi\u00f3n m\u00e1s objetiva de la realidad y alcanzan mayor capacidad de operar con los sistemas de s\u00edmbolos del lenguaje, las matem\u00e1ticas y la vida social.&nbsp;<\/div>\n<div>&nbsp;<\/div>\n<div>&nbsp; &nbsp;Han adquirido mecanismos mentales que los distancian del mundo de los objetos directamente percibidos y de las acciones concretas sobre esos objetos. En su lugar, ahora pueden operar con s\u00edmbolos, aunque, sin duda, necesitan ayuda para realizar estas operaciones; adem\u00e1s, empiezan a comprender que en una situaci\u00f3n dada intervienen y funcionan muchos factores, y tratan de separarlos.&nbsp;<\/div>\n<div>&nbsp;<\/div>\n<div>&nbsp; &nbsp;En general, a los doce a\u00f1os se desarrolla el dominio de las operaciones formales y de los razonamientos, que llevan a identificar las consecuencias de los hechos o a deducir nuevas ideas de otras ya conocidas.<\/div>\n","protected":false},"excerpt":{"rendered":"<p>DESARROLLO SOCIOAFECTIVO E INTELECTUAL DE 10 A 12 A\u00d1OS. &nbsp; &nbsp; &nbsp;El per\u00edodo de edad comprendido entre los diez y los doce a\u00f1os, que se corresponde con el tercer ciclo de Educaci\u00f3n Primaria, se&#46;&#46;&#46;<\/p>\n","protected":false},"author":6076,"featured_media":0,"parent":0,"menu_order":0,"comment_status":"closed","ping_status":"closed","template":"","meta":{"ngg_post_thumbnail":0,"footnotes":""},"aioseo_notices":[],"_links":{"self":[{"href":"https:\/\/blogsaverroes.juntadeandalucia.es\/ceipciudaddebaza\/wp-json\/wp\/v2\/pages\/444"}],"collection":[{"href":"https:\/\/blogsaverroes.juntadeandalucia.es\/ceipciudaddebaza\/wp-json\/wp\/v2\/pages"}],"about":[{"href":"https:\/\/blogsaverroes.juntadeandalucia.es\/ceipciudaddebaza\/wp-json\/wp\/v2\/types\/page"}],"author":[{"embeddable":true,"href":"https:\/\/blogsaverroes.juntadeandalucia.es\/ceipciudaddebaza\/wp-json\/wp\/v2\/users\/6076"}],"replies":[{"embeddable":true,"href":"https:\/\/blogsaverroes.juntadeandalucia.es\/ceipciudaddebaza\/wp-json\/wp\/v2\/comments?post=444"}],"version-history":[{"count":3,"href":"https:\/\/blogsaverroes.juntadeandalucia.es\/ceipciudaddebaza\/wp-json\/wp\/v2\/pages\/444\/revisions"}],"predecessor-version":[{"id":489,"href":"https:\/\/blogsaverroes.juntadeandalucia.es\/ceipciudaddebaza\/wp-json\/wp\/v2\/pages\/444\/revisions\/489"}],"wp:attachment":[{"href":"https:\/\/blogsaverroes.juntadeandalucia.es\/ceipciudaddebaza\/wp-json\/wp\/v2\/media?parent=444"}],"curies":[{"name":"wp","href":"https:\/\/api.w.org\/{rel}","templated":true}]}}

La edad del niño/a de Tercer Ciclo

<div><strong>DESARROLLO SOCIOAFECTIVO E INTELECTUAL DE 10 A 12 AÑOS.</strong></div>
<div>&nbsp;</div>
<div>&nbsp; &nbsp;El período de edad comprendido entre los diez y los doce años, que se corresponde con el tercer ciclo de Educación Primaria, se caracteriza por una serie de rasgos evolutivos que afectan al desarrollo socioafectivo e intelectual de los niños.</div>
<div>&nbsp;</div>
<ul style="list-style-type: disc">
<li><strong>Desarrollo socioafectivo.</strong></li>
</ul>
<div>&nbsp; &nbsp;Los niños revelan una autonomía y una autodeterminación que hasta ahora no habían mostrado y que constituye uno de los rasgos esenciales de esta etapa de desarrollo; pero, al mismo tiempo, continúan siendo muy sensibles a las influencias de su grupo. Se puede decir que los niños necesitan al grupo para comprender su mundo y requieren de estímulos suficientes para exteriorizar de forma controlada su afectividad.</div>
<div>&nbsp;</div>
<ul style="list-style-type: disc">
<li><strong>Desarrollo intelectual.</strong></li>
</ul>
<div>&nbsp; &nbsp;Los niños de esta edad tienen una visión más objetiva de la realidad y alcanzan mayor capacidad de operar con los sistemas de símbolos del lenguaje, las matemáticas y la vida social.&nbsp;</div>
<div>&nbsp;</div>
<div>&nbsp; &nbsp;Han adquirido mecanismos mentales que los distancian del mundo de los objetos directamente percibidos y de las acciones concretas sobre esos objetos. En su lugar, ahora pueden operar con símbolos, aunque, sin duda, necesitan ayuda para realizar estas operaciones; además, empiezan a comprender que en una situación dada intervienen y funcionan muchos factores, y tratan de separarlos.&nbsp;</div>
<div>&nbsp;</div>
<div>&nbsp; &nbsp;En general, a los doce años se desarrolla el dominio de las operaciones formales y de los razonamientos, que llevan a identificar las consecuencias de los hechos o a deducir nuevas ideas de otras ya conocidas.</div>

<p>DESARROLLO SOCIOAFECTIVO E INTELECTUAL DE 10 A 12 AÑOS. &nbsp; &nbsp; &nbsp;El período de edad comprendido entre los diez y los doce años, que se corresponde con el tercer ciclo de Educación Primaria, se&#46;&#46;&#46;</p>
