{"id":4977,"date":"2022-12-18T22:41:14","date_gmt":"2022-12-18T21:41:14","guid":{"rendered":"https:\/\/blogsaverroes.juntadeandalucia.es\/ceipciudaddebaza\/?page_id=4977"},"modified":"2022-12-18T22:52:01","modified_gmt":"2022-12-18T21:52:01","slug":"videollamadas-con-colegios-de-francia-e-italia","status":"publish","type":"page","link":"https:\/\/blogsaverroes.juntadeandalucia.es\/ceipciudaddebaza\/videollamadas-con-colegios-de-francia-e-italia\/","title":{"rendered":"Videollamadas con colegios de Francia e Italia"},"content":{"rendered":"<p style=\"text-align: center\">ETWINNING PROJECT: THE SCHOOL IS ON<\/p>\n<p style=\"text-align: center\">VIDEOLLAMADAS CON LOS COLEGIOS DE FRANCIA E ITALIA<\/p>\n<p>Continuamos trabajando en nuestro proyecto de&nbsp; eTwinning \u201c<strong>The school is on<\/strong>\u201d con nuestra actividad de diciembre.<\/p>\n<p>Hemos realizado una entrevista para intercambiar informaci\u00f3n en ingl\u00e9s sobre costumbres y tradiciones navide\u00f1as, en dos \u201cvideo calls\u201d. Con la escuela francesa el martes 13 y con el centro italiano, el 14 de diciembre.<\/p>\n<p>El alumnado de 6\u00baA y 6\u00baB ha participado en la entrevista realizando preguntas y respondiendo sobre nuestras propias tradiciones en Navidad. Ha sido una experiencia muy motivadora y educativa. Los alumnos de los tres pa\u00edses han podido practicar sus destrezas orales en lengua inglesa, reforzando la dimensi\u00f3n europea y averiguando lo que nos une y lo que nos hace diferentes.<\/p>\n<p>Esta actividad se completar\u00e1 con la grabaci\u00f3n de <strong>podcasts<\/strong> para resumir lo que han averiguado sobre la celebraci\u00f3n de la Navidad en otros pa\u00edses, junto a intereses personales de nuestros amigos europeos. Los alumnos podr\u00e1n escuchar los podcasts de los alumnos franceses e italianos en la plataforma eTwinning live.<\/p>\n<p style=\"text-align: center\">Merry Christmas!!&nbsp; &nbsp; Joyeux No\u00ebl!!&nbsp; &nbsp; Buon Natale!!&nbsp; &nbsp; \u00a1Feliz Navidad!<\/p>\n<p><img loading=\"lazy\" decoding=\"async\" class=\"aligncenter size-full wp-image-4983\" src=\"https:\/\/blogsaverroes.juntadeandalucia.es\/ceipciudaddebaza\/files\/2022\/12\/IMG-3747-scaled.jpg\" alt=\"\" width=\"1600\" height=\"1200\" srcset=\"https:\/\/blogsaverroes.juntadeandalucia.es\/ceipciudaddebaza\/files\/2022\/12\/IMG-3747-scaled.jpg 1600w, https:\/\/blogsaverroes.juntadeandalucia.es\/ceipciudaddebaza\/files\/2022\/12\/IMG-3747-300x225.jpg 300w, https:\/\/blogsaverroes.juntadeandalucia.es\/ceipciudaddebaza\/files\/2022\/12\/IMG-3747-1024x768.jpg 1024w, https:\/\/blogsaverroes.juntadeandalucia.es\/ceipciudaddebaza\/files\/2022\/12\/IMG-3747-768x576.jpg 768w, https:\/\/blogsaverroes.juntadeandalucia.es\/ceipciudaddebaza\/files\/2022\/12\/IMG-3747-1536x1152.jpg 1536w, https:\/\/blogsaverroes.juntadeandalucia.es\/ceipciudaddebaza\/files\/2022\/12\/IMG-3747-2048x1536.jpg 2048w\" sizes=\"(max-width: 1600px) 100vw, 1600px\" \/> <img loading=\"lazy\" decoding=\"async\" class=\"aligncenter size-full wp-image-4984\" src=\"https:\/\/blogsaverroes.juntadeandalucia.es\/ceipciudaddebaza\/files\/2022\/12\/IMG-3748-scaled.jpg\" alt=\"\" width=\"1600\" height=\"1200\" srcset=\"https:\/\/blogsaverroes.juntadeandalucia.es\/ceipciudaddebaza\/files\/2022\/12\/IMG-3748-scaled.jpg 1600w, https:\/\/blogsaverroes.juntadeandalucia.es\/ceipciudaddebaza\/files\/2022\/12\/IMG-3748-300x225.jpg 300w, https:\/\/blogsaverroes.juntadeandalucia.es\/ceipciudaddebaza\/files\/2022\/12\/IMG-3748-1024x768.jpg 1024w, https:\/\/blogsaverroes.juntadeandalucia.es\/ceipciudaddebaza\/files\/2022\/12\/IMG-3748-768x576.jpg 768w, https:\/\/blogsaverroes.juntadeandalucia.es\/ceipciudaddebaza\/files\/2022\/12\/IMG-3748-1536x1152.jpg 1536w, https:\/\/blogsaverroes.juntadeandalucia.es\/ceipciudaddebaza\/files\/2022\/12\/IMG-3748-2048x1536.jpg 2048w\" sizes=\"(max-width: 1600px) 100vw, 1600px\" \/> <img loading=\"lazy\" decoding=\"async\" class=\"aligncenter size-full wp-image-4985\" src=\"https:\/\/blogsaverroes.juntadeandalucia.es\/ceipciudaddebaza\/files\/2022\/12\/IMG-3754-scaled.jpg\" alt=\"\" width=\"1600\" height=\"1200\" srcset=\"https:\/\/blogsaverroes.juntadeandalucia.es\/ceipciudaddebaza\/files\/2022\/12\/IMG-3754-scaled.jpg 1600w, https:\/\/blogsaverroes.juntadeandalucia.es\/ceipciudaddebaza\/files\/2022\/12\/IMG-3754-300x225.jpg 300w, https:\/\/blogsaverroes.juntadeandalucia.es\/ceipciudaddebaza\/files\/2022\/12\/IMG-3754-1024x768.jpg 1024w, https:\/\/blogsaverroes.juntadeandalucia.es\/ceipciudaddebaza\/files\/2022\/12\/IMG-3754-768x576.jpg 768w, https:\/\/blogsaverroes.juntadeandalucia.es\/ceipciudaddebaza\/files\/2022\/12\/IMG-3754-1536x1152.jpg 1536w, https:\/\/blogsaverroes.juntadeandalucia.es\/ceipciudaddebaza\/files\/2022\/12\/IMG-3754-2048x1536.jpg 2048w\" sizes=\"(max-width: 1600px) 100vw, 1600px\" \/> <img loading=\"lazy\" decoding=\"async\" class=\"aligncenter size-full wp-image-4986\" src=\"https:\/\/blogsaverroes.juntadeandalucia.es\/ceipciudaddebaza\/files\/2022\/12\/IMG-3763-scaled.jpg\" alt=\"\" width=\"1600\" height=\"1200\" srcset=\"https:\/\/blogsaverroes.juntadeandalucia.es\/ceipciudaddebaza\/files\/2022\/12\/IMG-3763-scaled.jpg 1600w, https:\/\/blogsaverroes.juntadeandalucia.es\/ceipciudaddebaza\/files\/2022\/12\/IMG-3763-300x225.jpg 300w, https:\/\/blogsaverroes.juntadeandalucia.es\/ceipciudaddebaza\/files\/2022\/12\/IMG-3763-1024x768.jpg 1024w, https:\/\/blogsaverroes.juntadeandalucia.es\/ceipciudaddebaza\/files\/2022\/12\/IMG-3763-768x576.jpg 768w, https:\/\/blogsaverroes.juntadeandalucia.es\/ceipciudaddebaza\/files\/2022\/12\/IMG-3763-1536x1152.jpg 1536w, https:\/\/blogsaverroes.juntadeandalucia.es\/ceipciudaddebaza\/files\/2022\/12\/IMG-3763-2048x1536.jpg 2048w\" sizes=\"(max-width: 1600px) 100vw, 1600px\" \/> <img loading=\"lazy\" decoding=\"async\" class=\"aligncenter size-full wp-image-4987\" src=\"https:\/\/blogsaverroes.juntadeandalucia.es\/ceipciudaddebaza\/files\/2022\/12\/IMG-3764-scaled.jpg\" alt=\"\" width=\"1600\" height=\"1200\" srcset=\"https:\/\/blogsaverroes.juntadeandalucia.es\/ceipciudaddebaza\/files\/2022\/12\/IMG-3764-scaled.jpg 1600w, https:\/\/blogsaverroes.juntadeandalucia.es\/ceipciudaddebaza\/files\/2022\/12\/IMG-3764-300x225.jpg 300w, https:\/\/blogsaverroes.juntadeandalucia.es\/ceipciudaddebaza\/files\/2022\/12\/IMG-3764-1024x768.jpg 1024w, https:\/\/blogsaverroes.juntadeandalucia.es\/ceipciudaddebaza\/files\/2022\/12\/IMG-3764-768x576.jpg 768w, https:\/\/blogsaverroes.juntadeandalucia.es\/ceipciudaddebaza\/files\/2022\/12\/IMG-3764-1536x1152.jpg 1536w, https:\/\/blogsaverroes.juntadeandalucia.es\/ceipciudaddebaza\/files\/2022\/12\/IMG-3764-2048x1536.jpg 2048w\" sizes=\"(max-width: 1600px) 100vw, 1600px\" \/> <img loading=\"lazy\" decoding=\"async\" class=\"aligncenter size-full wp-image-4988\" src=\"https:\/\/blogsaverroes.juntadeandalucia.es\/ceipciudaddebaza\/files\/2022\/12\/IMG-3776-scaled.jpg\" alt=\"\" width=\"1600\" height=\"1200\" srcset=\"https:\/\/blogsaverroes.juntadeandalucia.es\/ceipciudaddebaza\/files\/2022\/12\/IMG-3776-scaled.jpg 1600w, https:\/\/blogsaverroes.juntadeandalucia.es\/ceipciudaddebaza\/files\/2022\/12\/IMG-3776-300x225.jpg 300w, https:\/\/blogsaverroes.juntadeandalucia.es\/ceipciudaddebaza\/files\/2022\/12\/IMG-3776-1024x768.jpg 1024w, https:\/\/blogsaverroes.juntadeandalucia.es\/ceipciudaddebaza\/files\/2022\/12\/IMG-3776-768x576.jpg 768w, https:\/\/blogsaverroes.juntadeandalucia.es\/ceipciudaddebaza\/files\/2022\/12\/IMG-3776-1536x1152.jpg 1536w, https:\/\/blogsaverroes.juntadeandalucia.es\/ceipciudaddebaza\/files\/2022\/12\/IMG-3776-2048x1536.jpg 2048w\" sizes=\"(max-width: 1600px) 100vw, 1600px\" \/><\/p>\n<p>&nbsp;<\/p>\n<p style=\"text-align: center\"><strong>Enlaces a los videos<\/strong><\/p>\n<p style=\"text-align: center\"><a href=\"https:\/\/blogsaverroes.juntadeandalucia.es\/ceipciudaddebaza\/files\/2022\/12\/IMG-3774.mov\" target=\"_blank\" rel=\"noopener noreferrer\">Video 1<\/a><\/p>\n<p style=\"text-align: center\"><a href=\"https:\/\/blogsaverroes.juntadeandalucia.es\/ceipciudaddebaza\/files\/2022\/12\/IMG-3806.mov\" target=\"_blank\" rel=\"noopener noreferrer\">Video 2<\/a><\/p>\n<p style=\"text-align: center\"><a href=\"https:\/\/blogsaverroes.juntadeandalucia.es\/ceipciudaddebaza\/files\/2022\/12\/IMG-3814.mov\" target=\"_blank\" rel=\"noopener noreferrer\">Video 3<\/a><\/p>\n<p style=\"text-align: center\"><a href=\"https:\/\/blogsaverroes.juntadeandalucia.es\/ceipciudaddebaza\/files\/2022\/12\/IMG-3825.mov\" target=\"_blank\" rel=\"noopener noreferrer\">Video 4<\/a><\/p>\n<p style=\"text-align: center\"><a href=\"https:\/\/blogsaverroes.juntadeandalucia.es\/ceipciudaddebaza\/files\/2022\/12\/IMG-3831.mov\" target=\"_blank\" rel=\"noopener noreferrer\">Video 5<\/a><\/p>\n<p style=\"text-align: center\">&nbsp;<\/p>\n<p style=\"text-align: center\">&nbsp;<\/p>\n<p>&nbsp;<\/p>\n<p>&nbsp;<\/p>\n<p>&nbsp;<\/p>\n<p>&nbsp;<\/p>\n<p>&nbsp;<\/p>\n<p>&nbsp;<\/p>\n<p>&nbsp;<\/p>\n<p>&nbsp;<\/p>\n<p>&nbsp;<\/p>\n<p>&nbsp;<\/p>\n<p>&nbsp;<\/p>\n<p>&nbsp;<\/p>\n<p>&nbsp;<\/p>\n<p>&nbsp;<\/p>\n<p>&nbsp;<\/p>\n<p>&nbsp;<\/p>\n<p>&nbsp;<\/p>\n<p>&nbsp;<\/p>\n<p>&nbsp;<\/p>\n<p>&nbsp;<\/p>\n<p>&nbsp;<\/p>\n<p>&nbsp;<\/p>\n<p>&nbsp;<\/p>\n<p>&nbsp;<\/p>\n<p>&nbsp;<\/p>\n<p>&nbsp;<\/p>\n<p>&nbsp;<\/p>\n<p>&nbsp;<\/p>\n<p>&nbsp;<\/p>\n<p>&nbsp;<\/p>\n<p>&nbsp;<\/p>\n<p>&nbsp;<\/p>\n<p>&nbsp;<\/p>\n<p>&nbsp;<\/p>\n<p>&nbsp;<\/p>\n<p>&nbsp;<\/p>\n<p>&nbsp;<\/p>\n<p>&nbsp;<\/p>\n<p>&nbsp;<\/p>\n<p>&nbsp;<\/p>\n<p>&nbsp;<\/p>\n<p>&nbsp;<\/p>\n<p>&nbsp;<\/p>\n<p>&nbsp;<\/p>\n<p>&nbsp;<\/p>\n<p>&nbsp;<\/p>\n<p>&nbsp;<\/p>\n<p>&nbsp;<\/p>\n<p>&nbsp;<\/p>\n<p>&nbsp;<\/p>\n<p>&nbsp;<\/p>\n<p>&nbsp;<\/p>\n<p>&nbsp;<\/p>\n<p>&nbsp;<\/p>\n<p>&nbsp;<\/p>\n<p>&nbsp;<\/p>\n<p>&nbsp;<\/p>\n<p>&nbsp;<\/p>\n<p>&nbsp;<\/p>\n<p>&nbsp;<\/p>\n<p>&nbsp;<\/p>\n<p>&nbsp;<\/p>\n","protected":false},"excerpt":{"rendered":"<p>ETWINNING PROJECT: THE SCHOOL IS ON VIDEOLLAMADAS CON LOS COLEGIOS DE FRANCIA E ITALIA Continuamos trabajando en nuestro proyecto de&nbsp; eTwinning \u201cThe school is on\u201d con nuestra actividad de diciembre. Hemos realizado una entrevista&#46;&#46;&#46;<\/p>\n","protected":false},"author":6076,"featured_media":0,"parent":0,"menu_order":0,"comment_status":"closed","ping_status":"closed","template":"","meta":{"ngg_post_thumbnail":0,"footnotes":""},"aioseo_notices":[],"_links":{"self":[{"href":"https:\/\/blogsaverroes.juntadeandalucia.es\/ceipciudaddebaza\/wp-json\/wp\/v2\/pages\/4977"}],"collection":[{"href":"https:\/\/blogsaverroes.juntadeandalucia.es\/ceipciudaddebaza\/wp-json\/wp\/v2\/pages"}],"about":[{"href":"https:\/\/blogsaverroes.juntadeandalucia.es\/ceipciudaddebaza\/wp-json\/wp\/v2\/types\/page"}],"author":[{"embeddable":true,"href":"https:\/\/blogsaverroes.juntadeandalucia.es\/ceipciudaddebaza\/wp-json\/wp\/v2\/users\/6076"}],"replies":[{"embeddable":true,"href":"https:\/\/blogsaverroes.juntadeandalucia.es\/ceipciudaddebaza\/wp-json\/wp\/v2\/comments?post=4977"}],"version-history":[{"count":4,"href":"https:\/\/blogsaverroes.juntadeandalucia.es\/ceipciudaddebaza\/wp-json\/wp\/v2\/pages\/4977\/revisions"}],"predecessor-version":[{"id":4995,"href":"https:\/\/blogsaverroes.juntadeandalucia.es\/ceipciudaddebaza\/wp-json\/wp\/v2\/pages\/4977\/revisions\/4995"}],"wp:attachment":[{"href":"https:\/\/blogsaverroes.juntadeandalucia.es\/ceipciudaddebaza\/wp-json\/wp\/v2\/media?parent=4977"}],"curies":[{"name":"wp","href":"https:\/\/api.w.org\/{rel}","templated":true}]}}