{"id":5789,"date":"2023-05-10T19:14:25","date_gmt":"2023-05-10T18:14:25","guid":{"rendered":"https:\/\/blogsaverroes.juntadeandalucia.es\/ceipciudaddebaza\/?page_id=5789"},"modified":"2023-05-10T19:23:54","modified_gmt":"2023-05-10T18:23:54","slug":"celebracion-dia-de-europa-9-de-mayo","status":"publish","type":"page","link":"https:\/\/blogsaverroes.juntadeandalucia.es\/ceipciudaddebaza\/celebracion-dia-de-europa-9-de-mayo\/","title":{"rendered":"Celebraci\u00f3n D\u00eda de Europa &#8211; 9 de mayo"},"content":{"rendered":"<p>A lo largo de la semana se han llevado a cabo diversas actividades para conmemorar el D\u00eda de Europa, todas ellas enlazadas con el proyecto ERASMUS + del centro. Se ha tratado de mostrar a todo el alumnado, desde los m\u00e1s peques a los mayores, los valores que debemos tener en consideraci\u00f3n para ser mejores personas y mejores europeos. Para ello se han visionado v\u00eddeos y se han elaborado monedas de 2 Euros en las que cada alumno ha plasmado lo que significa Europa para s\u00ed mism@s.<br \/>\nTodo ha terminado con unas entrevistas que los alumn@s de 6\u00ba curso han hecho a los seleccionad@s de cada curso y que a continuaci\u00f3n os mostramos mediante este v\u00eddeo.<\/p>\n<div style=\"width: 1274px;\" class=\"wp-video\"><!--[if lt IE 9]><script>document.createElement('video');<\/script><![endif]-->\n<video class=\"wp-video-shortcode\" id=\"video-5789-1\" width=\"1274\" height=\"720\" preload=\"metadata\" controls=\"controls\"><source type=\"video\/mp4\" src=\"https:\/\/blogsaverroes.juntadeandalucia.es\/ceipciudaddebaza\/files\/2023\/05\/D\u00eda_de_Europa_2023-1-video-converter.com_.mp4?_=1\" \/><a href=\"https:\/\/blogsaverroes.juntadeandalucia.es\/ceipciudaddebaza\/files\/2023\/05\/D\u00eda_de_Europa_2023-1-video-converter.com_.mp4\">https:\/\/blogsaverroes.juntadeandalucia.es\/ceipciudaddebaza\/files\/2023\/05\/D\u00eda_de_Europa_2023-1-video-converter.com_.mp4<\/a><\/video><\/div>\n","protected":false},"excerpt":{"rendered":"<p>A lo largo de la semana se han llevado a cabo diversas actividades para conmemorar el D\u00eda de Europa, todas ellas enlazadas con el proyecto ERASMUS + del centro. Se ha tratado de mostrar&#46;&#46;&#46;<\/p>\n","protected":false},"author":6076,"featured_media":0,"parent":0,"menu_order":0,"comment_status":"closed","ping_status":"closed","template":"","meta":{"ngg_post_thumbnail":0,"footnotes":""},"aioseo_notices":[],"_links":{"self":[{"href":"https:\/\/blogsaverroes.juntadeandalucia.es\/ceipciudaddebaza\/wp-json\/wp\/v2\/pages\/5789"}],"collection":[{"href":"https:\/\/blogsaverroes.juntadeandalucia.es\/ceipciudaddebaza\/wp-json\/wp\/v2\/pages"}],"about":[{"href":"https:\/\/blogsaverroes.juntadeandalucia.es\/ceipciudaddebaza\/wp-json\/wp\/v2\/types\/page"}],"author":[{"embeddable":true,"href":"https:\/\/blogsaverroes.juntadeandalucia.es\/ceipciudaddebaza\/wp-json\/wp\/v2\/users\/6076"}],"replies":[{"embeddable":true,"href":"https:\/\/blogsaverroes.juntadeandalucia.es\/ceipciudaddebaza\/wp-json\/wp\/v2\/comments?post=5789"}],"version-history":[{"count":6,"href":"https:\/\/blogsaverroes.juntadeandalucia.es\/ceipciudaddebaza\/wp-json\/wp\/v2\/pages\/5789\/revisions"}],"predecessor-version":[{"id":5797,"href":"https:\/\/blogsaverroes.juntadeandalucia.es\/ceipciudaddebaza\/wp-json\/wp\/v2\/pages\/5789\/revisions\/5797"}],"wp:attachment":[{"href":"https:\/\/blogsaverroes.juntadeandalucia.es\/ceipciudaddebaza\/wp-json\/wp\/v2\/media?parent=5789"}],"curies":[{"name":"wp","href":"https:\/\/api.w.org\/{rel}","templated":true}]}}

Celebración Día de Europa &#8211; 9 de mayo

<p>A lo largo de la semana se han llevado a cabo diversas actividades para conmemorar el Día de Europa, todas ellas enlazadas con el proyecto ERASMUS + del centro. Se ha tratado de mostrar a todo el alumnado, desde los más peques a los mayores, los valores que debemos tener en consideración para ser mejores personas y mejores europeos. Para ello se han visionado vídeos y se han elaborado monedas de 2 Euros en las que cada alumno ha plasmado lo que significa Europa para sí mism@s.<br />
Todo ha terminado con unas entrevistas que los alumn@s de 6º curso han hecho a los seleccionad@s de cada curso y que a continuación os mostramos mediante este vídeo.</p>
<div style="width: 1274px;" class="wp-video"><!--[if lt IE 9]><script>document.createElement('video');</script><![endif]-->
<video class="wp-video-shortcode" id="video-5789-1" width="1274" height="720" preload="metadata" controls="controls"><source type="video/mp4" src="https://blogsaverroes.juntadeandalucia.es/ceipciudaddebaza/files/2023/05/Día_de_Europa_2023-1-video-converter.com_.mp4?_=1" /><a href="https://blogsaverroes.juntadeandalucia.es/ceipciudaddebaza/files/2023/05/Día_de_Europa_2023-1-video-converter.com_.mp4">https://blogsaverroes.juntadeandalucia.es/ceipciudaddebaza/files/2023/05/Día_de_Europa_2023-1-video-converter.com_.mp4</a></video></div>

<p>A lo largo de la semana se han llevado a cabo diversas actividades para conmemorar el Día de Europa, todas ellas enlazadas con el proyecto ERASMUS + del centro. Se ha tratado de mostrar&#46;&#46;&#46;</p>
