{"id":6391,"date":"2024-04-28T17:18:12","date_gmt":"2024-04-28T16:18:12","guid":{"rendered":"https:\/\/blogsaverroes.juntadeandalucia.es\/ceipciudaddebaza\/?page_id=6391"},"modified":"2024-04-28T17:22:04","modified_gmt":"2024-04-28T16:22:04","slug":"islandia-primera-movilidad-para-profesorado","status":"publish","type":"page","link":"https:\/\/blogsaverroes.juntadeandalucia.es\/ceipciudaddebaza\/islandia-primera-movilidad-para-profesorado\/","title":{"rendered":"Islandia &#8211; Primera movilidad para profesorado"},"content":{"rendered":"<p><strong>ISLANDIA\u2013 PRIMERA MOVILIDAD DE FORMACI\u00d3N PARA EL PROFESORADO<\/strong><\/p>\n<p>Mediante el siguiente enlace de&nbsp;<strong>Google Site&nbsp;<\/strong>pretendemos dar visibilidad a unas de las actividades de movilidad que han llevado a cabo durante este curso escolar. Ha tenido lugar en Islandia y hasta all\u00ed se ha desplazado M\u00f3nica.&nbsp;<\/p>\n<p>En la siguiente p\u00e1gina podemos ver las diferentes actividades que ha ido realizando d\u00eda a d\u00eda en el curso, llamado&nbsp;<strong>\u00abInspiring young language learners (CLIL methodology) Iceland\u00bb<\/strong>&nbsp;(Inspirando a los j\u00f3venes aprendices de idiomas, metodolog\u00eda CLIL, Islandia).<\/p>\n<p>A la vuelta de esta experiencia, M\u00f3nica ha compartido su experiencia con el resto del claustro para&nbsp;que podamos incluir nuevas metodolog\u00edas y m\u00e9todos en nuestra pr\u00e1ctica docente.<\/p>\n<p><strong>Enlace Google Site:<\/strong>&nbsp;<\/p>\n<p><a href=\"https:\/\/sites.google.com\/g.educaand.es\/ceipciudaddebaza\/inicio\" target=\"_blank\" rel=\"noopener\">https:\/\/sites.google.com\/g.educaand.es\/ceipciudaddebaza\/inicio<\/a><\/p>\n<p>&nbsp;<\/p>\n<p><img loading=\"lazy\" decoding=\"async\" class=\"size-full wp-image-6392\" src=\"https:\/\/blogsaverroes.juntadeandalucia.es\/ceipciudaddebaza\/files\/2024\/04\/FOTO-PESTANA.jpg\" alt=\"\" width=\"509\" height=\"339\" srcset=\"https:\/\/blogsaverroes.juntadeandalucia.es\/ceipciudaddebaza\/files\/2024\/04\/FOTO-PESTANA.jpg 509w, https:\/\/blogsaverroes.juntadeandalucia.es\/ceipciudaddebaza\/files\/2024\/04\/FOTO-PESTANA-300x200.jpg 300w\" sizes=\"(max-width: 509px) 100vw, 509px\" \/><\/p>\n","protected":false},"excerpt":{"rendered":"<p>ISLANDIA\u2013 PRIMERA MOVILIDAD DE FORMACI\u00d3N PARA EL PROFESORADO Mediante el siguiente enlace de&nbsp;Google Site&nbsp;pretendemos dar visibilidad a unas de las actividades de movilidad que han llevado a cabo durante este curso escolar. Ha tenido&#46;&#46;&#46;<\/p>\n","protected":false},"author":6076,"featured_media":0,"parent":0,"menu_order":0,"comment_status":"closed","ping_status":"closed","template":"","meta":{"ngg_post_thumbnail":0,"footnotes":""},"aioseo_notices":[],"_links":{"self":[{"href":"https:\/\/blogsaverroes.juntadeandalucia.es\/ceipciudaddebaza\/wp-json\/wp\/v2\/pages\/6391"}],"collection":[{"href":"https:\/\/blogsaverroes.juntadeandalucia.es\/ceipciudaddebaza\/wp-json\/wp\/v2\/pages"}],"about":[{"href":"https:\/\/blogsaverroes.juntadeandalucia.es\/ceipciudaddebaza\/wp-json\/wp\/v2\/types\/page"}],"author":[{"embeddable":true,"href":"https:\/\/blogsaverroes.juntadeandalucia.es\/ceipciudaddebaza\/wp-json\/wp\/v2\/users\/6076"}],"replies":[{"embeddable":true,"href":"https:\/\/blogsaverroes.juntadeandalucia.es\/ceipciudaddebaza\/wp-json\/wp\/v2\/comments?post=6391"}],"version-history":[{"count":3,"href":"https:\/\/blogsaverroes.juntadeandalucia.es\/ceipciudaddebaza\/wp-json\/wp\/v2\/pages\/6391\/revisions"}],"predecessor-version":[{"id":6398,"href":"https:\/\/blogsaverroes.juntadeandalucia.es\/ceipciudaddebaza\/wp-json\/wp\/v2\/pages\/6391\/revisions\/6398"}],"wp:attachment":[{"href":"https:\/\/blogsaverroes.juntadeandalucia.es\/ceipciudaddebaza\/wp-json\/wp\/v2\/media?parent=6391"}],"curies":[{"name":"wp","href":"https:\/\/api.w.org\/{rel}","templated":true}]}}

<p><strong>ISLANDIA– PRIMERA MOVILIDAD DE FORMACIÓN PARA EL PROFESORADO</strong></p>
<p>Mediante el siguiente enlace de&nbsp;<strong>Google Site&nbsp;</strong>pretendemos dar visibilidad a unas de las actividades de movilidad que han llevado a cabo durante este curso escolar. Ha tenido lugar en Islandia y hasta allí se ha desplazado Mónica.&nbsp;</p>
<p>En la siguiente página podemos ver las diferentes actividades que ha ido realizando día a día en el curso, llamado&nbsp;<strong>«Inspiring young language learners (CLIL methodology) Iceland»</strong>&nbsp;(Inspirando a los jóvenes aprendices de idiomas, metodología CLIL, Islandia).</p>
<p>A la vuelta de esta experiencia, Mónica ha compartido su experiencia con el resto del claustro para&nbsp;que podamos incluir nuevas metodologías y métodos en nuestra práctica docente.</p>
<p><strong>Enlace Google Site:</strong>&nbsp;</p>
<p><a href="https://sites.google.com/g.educaand.es/ceipciudaddebaza/inicio" target="_blank" rel="noopener">https://sites.google.com/g.educaand.es/ceipciudaddebaza/inicio</a></p>
<p>&nbsp;</p>
<p><img loading="lazy" decoding="async" class="size-full wp-image-6392" src="https://blogsaverroes.juntadeandalucia.es/ceipciudaddebaza/files/2024/04/FOTO-PESTANA.jpg" alt="" width="509" height="339" srcset="https://blogsaverroes.juntadeandalucia.es/ceipciudaddebaza/files/2024/04/FOTO-PESTANA.jpg 509w, https://blogsaverroes.juntadeandalucia.es/ceipciudaddebaza/files/2024/04/FOTO-PESTANA-300x200.jpg 300w" sizes="(max-width: 509px) 100vw, 509px" /></p>

<p>ISLANDIA– PRIMERA MOVILIDAD DE FORMACIÓN PARA EL PROFESORADO Mediante el siguiente enlace de&nbsp;Google Site&nbsp;pretendemos dar visibilidad a unas de las actividades de movilidad que han llevado a cabo durante este curso escolar. Ha tenido&#46;&#46;&#46;</p>
