{"id":679,"date":"2018-11-25T19:05:18","date_gmt":"2018-11-25T18:05:18","guid":{"rendered":"https:\/\/blogsaverroes.juntadeandalucia.es\/ceipciudaddebaza\/?page_id=679"},"modified":"2021-11-16T17:41:32","modified_gmt":"2021-11-16T16:41:32","slug":"datos-de-contacto","status":"publish","type":"page","link":"https:\/\/blogsaverroes.juntadeandalucia.es\/ceipciudaddebaza\/datos-de-contacto\/","title":{"rendered":"Datos de contacto"},"content":{"rendered":"<p>CEIP Ciudad de Baza<\/p>\n<p>Avda Ingeniero Guti\u00e9rrez Segura, 1<\/p>\n<p>18800 Baza, Granada<\/p>\n<p><strong>Tel\u00e9fonos:<\/strong><\/p>\n<ul>\n<li>958869501<\/li>\n<li>6715333388<\/li>\n<\/ul>\n<p><strong>Fax:&nbsp;<\/strong>958869502<\/p>\n<p><strong>E-mail del centro: <\/strong><\/p>\n<p><strong><a href=\"mailto:18001020.edu@juntadeandalucia.es\">18001020.edu@juntadeandalucia.es<\/a><\/strong><\/p>\n<p><strong>E-mail de secretar\u00eda: <\/strong><\/p>\n<p><strong><span style=\"background-color: #ffffff;color: #0000ff\">secretariatamasca@ciudaddebaza.com<\/span><\/strong><\/p>\n<p>&nbsp;<\/p>\n","protected":false},"excerpt":{"rendered":"<p>CEIP Ciudad de Baza Avda Ingeniero Guti\u00e9rrez Segura, 1 18800 Baza, Granada Tel\u00e9fonos: 958869501 6715333388 Fax:&nbsp;958869502 E-mail del centro: 18001020.edu@juntadeandalucia.es E-mail de secretar\u00eda: secretariatamasca@ciudaddebaza.com &nbsp;<\/p>\n","protected":false},"author":6076,"featured_media":0,"parent":0,"menu_order":0,"comment_status":"closed","ping_status":"closed","template":"","meta":{"ngg_post_thumbnail":0,"footnotes":""},"aioseo_notices":[],"_links":{"self":[{"href":"https:\/\/blogsaverroes.juntadeandalucia.es\/ceipciudaddebaza\/wp-json\/wp\/v2\/pages\/679"}],"collection":[{"href":"https:\/\/blogsaverroes.juntadeandalucia.es\/ceipciudaddebaza\/wp-json\/wp\/v2\/pages"}],"about":[{"href":"https:\/\/blogsaverroes.juntadeandalucia.es\/ceipciudaddebaza\/wp-json\/wp\/v2\/types\/page"}],"author":[{"embeddable":true,"href":"https:\/\/blogsaverroes.juntadeandalucia.es\/ceipciudaddebaza\/wp-json\/wp\/v2\/users\/6076"}],"replies":[{"embeddable":true,"href":"https:\/\/blogsaverroes.juntadeandalucia.es\/ceipciudaddebaza\/wp-json\/wp\/v2\/comments?post=679"}],"version-history":[{"count":5,"href":"https:\/\/blogsaverroes.juntadeandalucia.es\/ceipciudaddebaza\/wp-json\/wp\/v2\/pages\/679\/revisions"}],"predecessor-version":[{"id":3019,"href":"https:\/\/blogsaverroes.juntadeandalucia.es\/ceipciudaddebaza\/wp-json\/wp\/v2\/pages\/679\/revisions\/3019"}],"wp:attachment":[{"href":"https:\/\/blogsaverroes.juntadeandalucia.es\/ceipciudaddebaza\/wp-json\/wp\/v2\/media?parent=679"}],"curies":[{"name":"wp","href":"https:\/\/api.w.org\/{rel}","templated":true}]}}