{"id":6527,"date":"2025-06-17T01:03:03","date_gmt":"2025-06-16T23:03:03","guid":{"rendered":"https:\/\/blogsaverroes.juntadeandalucia.es\/ceipclaracampoamor\/?page_id=6527"},"modified":"2025-10-25T13:25:24","modified_gmt":"2025-10-25T11:25:24","slug":"bilinguismo-2","status":"publish","type":"page","link":"https:\/\/blogsaverroes.juntadeandalucia.es\/ceipclaracampoamor\/bilinguismo-2\/","title":{"rendered":"BILING\u00dcISMO"},"content":{"rendered":"\t\t<div data-elementor-type=\"wp-page\" data-elementor-id=\"6527\" class=\"elementor elementor-6527\">\n\t\t\t\t\t\t<section class=\"elementor-section elementor-top-section elementor-element elementor-element-7e4b3dca elementor-section-full_width elementor-section-height-min-height elementor-section-items-bottom elementor-section-height-default\" data-id=\"7e4b3dca\" data-element_type=\"section\" data-settings=\"{&quot;background_background&quot;:&quot;classic&quot;}\">\n\t\t\t\t\t\t<div class=\"elementor-container elementor-column-gap-no\">\n\t\t\t\t\t<div class=\"elementor-column elementor-col-100 elementor-top-column elementor-element elementor-element-416886c5\" data-id=\"416886c5\" data-element_type=\"column\">\n\t\t\t<div class=\"elementor-widget-wrap\">\n\t\t\t\t\t\t\t<\/div>\n\t\t<\/div>\n\t\t\t\t\t<\/div>\n\t\t<\/section>\n\t\t\t\t<section class=\"elementor-section elementor-top-section elementor-element elementor-element-57db9d03 elementor-section-content-middle elementor-section-boxed elementor-section-height-default elementor-section-height-default\" data-id=\"57db9d03\" data-element_type=\"section\">\n\t\t\t\t\t\t<div class=\"elementor-container elementor-column-gap-no\">\n\t\t\t\t\t<div class=\"elementor-column elementor-col-100 elementor-top-column elementor-element elementor-element-6e15bc16\" data-id=\"6e15bc16\" data-element_type=\"column\">\n\t\t\t<div class=\"elementor-widget-wrap elementor-element-populated\">\n\t\t\t\t\t\t<section class=\"elementor-section elementor-inner-section elementor-element elementor-element-40d9b13f elementor-section-boxed elementor-section-height-default elementor-section-height-default\" data-id=\"40d9b13f\" data-element_type=\"section\" data-settings=\"{&quot;background_background&quot;:&quot;classic&quot;}\">\n\t\t\t\t\t\t<div class=\"elementor-container elementor-column-gap-default\">\n\t\t\t\t\t<div class=\"elementor-column elementor-col-50 elementor-inner-column elementor-element elementor-element-4399e48a\" data-id=\"4399e48a\" data-element_type=\"column\">\n\t\t\t<div class=\"elementor-widget-wrap elementor-element-populated\">\n\t\t\t\t\t\t<div class=\"elementor-element elementor-element-205d1f96 elementor-absolute elementor-widget elementor-widget-text-editor\" data-id=\"205d1f96\" data-element_type=\"widget\" data-settings=\"{&quot;_position&quot;:&quot;absolute&quot;}\" data-widget_type=\"text-editor.default\">\n\t\t\t\t<div class=\"elementor-widget-container\">\n\t\t\t\t\t\t\t\t\t<p><span style=\"text-align: center;color: #000000;font-size: 10pt\">El conocimiento de m\u00e1s de una lengua enriquece la visi\u00f3n que la persona tiene del mundo y contribuye a fomentar la tolerancia y la comprensi\u00f3n entre ciudadanos de distintos \u00e1mbitos ling\u00fc\u00edsticos y culturales. Se hace necesario un importante esfuerzo educativo con el fin de que esa diversidad deje de ser un obst\u00e1culo para la comunicaci\u00f3n y se convierta en una fuente de enriquecimiento y comprensi\u00f3n mutuos. <\/span><\/p><p><span style=\"text-align: center;color: #000000;font-size: 10pt\">Desde nuestra perspectiva docente, apostar por el Biling\u00fcismo supone:<\/span><br style=\"color: #7a7a7a;text-align: center\" \/><br style=\"color: #7a7a7a;text-align: center\" \/><span style=\"color: #000000;font-size: 10pt\"><span style=\"text-align: center\">a) Aplicar una metodolog\u00eda adecuada para que el alumno\/a utilice los contenidos del \u00e1rea curricular para el desarrollo de las destrezas ling\u00fc\u00edsticas y al mismo tiempo utilice el segundo idioma para el aprendizaje de contenidos curriculares, y todo ello en un contexto significativo y motivador para el alumno\/a.<\/span><span style=\"text-align: justify\"><br \/><\/span><\/span><\/p><p><span style=\"text-align: justify;color: #000000;font-size: 10pt\">b) La ense\u00f1anza biling\u00fce permite desarrollar las competencias generales del aprendizaje, favoreciendo en el alumnado una \u201cflexibilidad cognitiva\u201d al estar sometido a dos c\u00f3digos ling\u00fc\u00edsticos, manteni\u00e9ndose en estado de \u201calerta intelectual\u201d.<\/span><\/p><p><span style=\"font-size: 10pt;color: #000000\">c) Desarrollar una apertura cultural, reforzando la suya propia. La utilizaci\u00f3n regular de otras lenguas, permite tambi\u00e9n poner en relaci\u00f3n distintas maneras de percibir y de describir la realidad, favoreciendo el inter\u00e9s por otras culturas, por otras formas de pensar el mundo.\u00a0<\/span><\/p>\t\t\t\t\t\t\t\t<\/div>\n\t\t\t\t<\/div>\n\t\t\t\t<div class=\"elementor-element elementor-element-577ba443 elementor-view-stacked elementor-absolute elementor-shape-circle elementor-position-top elementor-mobile-position-top elementor-widget elementor-widget-icon-box\" data-id=\"577ba443\" data-element_type=\"widget\" data-settings=\"{&quot;_position&quot;:&quot;absolute&quot;}\" data-widget_type=\"icon-box.default\">\n\t\t\t\t<div class=\"elementor-widget-container\">\n\t\t\t\t\t\t\t<div class=\"elementor-icon-box-wrapper\">\n\n\t\t\t\t\t\t<div class=\"elementor-icon-box-icon\">\n\t\t\t\t<span  class=\"elementor-icon elementor-animation-grow\">\n\t\t\t\t<i aria-hidden=\"true\" class=\"far fa-comments\"><\/i>\t\t\t\t<\/span>\n\t\t\t<\/div>\n\t\t\t\n\t\t\t\t\t\t<div class=\"elementor-icon-box-content\">\n\n\t\t\t\t\t\t\t\t\t<h3 class=\"elementor-icon-box-title\">\n\t\t\t\t\t\t<span  >\n\t\t\t\t\t\t\tBILING\u00dcISMO\t\t\t\t\t\t<\/span>\n\t\t\t\t\t<\/h3>\n\t\t\t\t\n\t\t\t\t\n\t\t\t<\/div>\n\t\t\t\n\t\t<\/div>\n\t\t\t\t\t\t<\/div>\n\t\t\t\t<\/div>\n\t\t\t\t\t<\/div>\n\t\t<\/div>\n\t\t\t\t<div class=\"elementor-column elementor-col-50 elementor-inner-column elementor-element elementor-element-cad7d28\" data-id=\"cad7d28\" data-element_type=\"column\">\n\t\t\t<div class=\"elementor-widget-wrap elementor-element-populated\">\n\t\t\t\t\t\t<div class=\"elementor-element elementor-element-179cb081 elementor-position-top elementor-widget elementor-widget-image-box\" data-id=\"179cb081\" data-element_type=\"widget\" data-widget_type=\"image-box.default\">\n\t\t\t\t<div class=\"elementor-widget-container\">\n\t\t\t\t\t<div class=\"elementor-image-box-wrapper\"><figure class=\"elementor-image-box-img\"><img fetchpriority=\"high\" decoding=\"async\" width=\"1024\" height=\"1024\" src=\"https:\/\/blogsaverroes.juntadeandalucia.es\/ceipclaracampoamor\/files\/2024\/09\/11.jpg\" class=\"elementor-animation-grow attachment-full size-full wp-image-5589\" alt=\"\" srcset=\"https:\/\/blogsaverroes.juntadeandalucia.es\/ceipclaracampoamor\/files\/2024\/09\/11.jpg 1024w, https:\/\/blogsaverroes.juntadeandalucia.es\/ceipclaracampoamor\/files\/2024\/09\/11-300x300.jpg 300w, https:\/\/blogsaverroes.juntadeandalucia.es\/ceipclaracampoamor\/files\/2024\/09\/11-150x150.jpg 150w, https:\/\/blogsaverroes.juntadeandalucia.es\/ceipclaracampoamor\/files\/2024\/09\/11-768x768.jpg 768w, https:\/\/blogsaverroes.juntadeandalucia.es\/ceipclaracampoamor\/files\/2024\/09\/11-100x100.jpg 100w, https:\/\/blogsaverroes.juntadeandalucia.es\/ceipclaracampoamor\/files\/2024\/09\/elementor\/thumbs\/11-quhp9fdmwws77t2mu0hiokqqktx7u6nior3y9xy9jk.jpg 200w\" sizes=\"(max-width: 767px) 89vw, (max-width: 1000px) 54vw, (max-width: 1071px) 543px, 580px\" \/><\/figure><div class=\"elementor-image-box-content\"><h3 class=\"elementor-image-box-title\">EVA \u00c1LVAREZ Coordinadora<\/h3><\/div><\/div>\t\t\t\t<\/div>\n\t\t\t\t<\/div>\n\t\t\t\t<div class=\"elementor-element elementor-element-41e5f60a elementor-widget elementor-widget-html\" data-id=\"41e5f60a\" data-element_type=\"widget\" data-widget_type=\"html.default\">\n\t\t\t\t<div class=\"elementor-widget-container\">\n\t\t\t\t\t<iframe frameborder=\"0\" width=\"600\" height=\"350\" src=\"https:\/\/view.genial.ly\/631f555da7d3020018e5c5aa\" scrolling=\"yes\"><\/iframe> <\/div> <\/div>\t\t\t\t<\/div>\n\t\t\t\t<\/div>\n\t\t\t\t\t<\/div>\n\t\t<\/div>\n\t\t\t\t\t<\/div>\n\t\t<\/section>\n\t\t\t\t\t<\/div>\n\t\t<\/div>\n\t\t\t\t\t<\/div>\n\t\t<\/section>\n\t\t\t\t<section class=\"elementor-section elementor-top-section elementor-element elementor-element-5298b8e elementor-section-boxed elementor-section-height-default elementor-section-height-default\" data-id=\"5298b8e\" data-element_type=\"section\">\n\t\t\t\t\t\t<div class=\"elementor-container elementor-column-gap-default\">\n\t\t\t\t\t<div class=\"elementor-column elementor-col-100 elementor-top-column elementor-element elementor-element-193e827\" data-id=\"193e827\" data-element_type=\"column\">\n\t\t\t<div class=\"elementor-widget-wrap\">\n\t\t\t\t\t\t\t<\/div>\n\t\t<\/div>\n\t\t\t\t\t<\/div>\n\t\t<\/section>\n\t\t\t\t<section class=\"elementor-section elementor-top-section elementor-element elementor-element-690dde2 elementor-section-boxed elementor-section-height-default elementor-section-height-default\" data-id=\"690dde2\" data-element_type=\"section\">\n\t\t\t\t\t\t<div class=\"elementor-container elementor-column-gap-default\">\n\t\t\t\t\t<div class=\"elementor-column elementor-col-100 elementor-top-column elementor-element elementor-element-43e76a9\" data-id=\"43e76a9\" data-element_type=\"column\">\n\t\t\t<div class=\"elementor-widget-wrap\">\n\t\t\t\t\t\t\t<\/div>\n\t\t<\/div>\n\t\t\t\t\t<\/div>\n\t\t<\/section>\n\t\t\t\t<section class=\"elementor-section elementor-top-section elementor-element elementor-element-9491bb0 elementor-section-boxed elementor-section-height-default elementor-section-height-default\" data-id=\"9491bb0\" data-element_type=\"section\">\n\t\t\t\t\t\t<div class=\"elementor-container elementor-column-gap-default\">\n\t\t\t\t\t<div class=\"elementor-column elementor-col-100 elementor-top-column elementor-element elementor-element-61c5084\" data-id=\"61c5084\" data-element_type=\"column\">\n\t\t\t<div class=\"elementor-widget-wrap\">\n\t\t\t\t\t\t\t<\/div>\n\t\t<\/div>\n\t\t\t\t\t<\/div>\n\t\t<\/section>\n\t\t\t\t<section class=\"elementor-section elementor-top-section elementor-element elementor-element-f3fe854 elementor-section-boxed elementor-section-height-default elementor-section-height-default\" data-id=\"f3fe854\" data-element_type=\"section\">\n\t\t\t\t\t\t<div class=\"elementor-container elementor-column-gap-default\">\n\t\t\t\t\t<div class=\"elementor-column elementor-col-100 elementor-top-column elementor-element elementor-element-5973037\" data-id=\"5973037\" data-element_type=\"column\">\n\t\t\t<div class=\"elementor-widget-wrap\">\n\t\t\t\t\t\t\t<\/div>\n\t\t<\/div>\n\t\t\t\t\t<\/div>\n\t\t<\/section>\n\t\t\t\t<section class=\"elementor-section elementor-top-section elementor-element elementor-element-a432042 elementor-section-boxed elementor-section-height-default elementor-section-height-default\" data-id=\"a432042\" data-element_type=\"section\">\n\t\t\t\t\t\t<div class=\"elementor-container elementor-column-gap-default\">\n\t\t\t\t\t<div class=\"elementor-column elementor-col-100 elementor-top-column elementor-element elementor-element-00c5619\" data-id=\"00c5619\" data-element_type=\"column\">\n\t\t\t<div class=\"elementor-widget-wrap elementor-element-populated\">\n\t\t\t\t\t\t<div class=\"elementor-element elementor-element-769980a elementor-invisible elementor-widget elementor-widget-image\" data-id=\"769980a\" data-element_type=\"widget\" data-settings=\"{&quot;_animation&quot;:&quot;zoomInUp&quot;}\" data-widget_type=\"image.default\">\n\t\t\t\t<div class=\"elementor-widget-container\">\n\t\t\t\t\t\t\t\t\t\t\t\t\t\t\t<img decoding=\"async\" width=\"525\" height=\"109\" src=\"https:\/\/blogsaverroes.juntadeandalucia.es\/ceipclaracampoamor\/files\/2025\/10\/\u00a1CEIP-CLARA-CAMPOAMOR-1-1024x213.jpg\" class=\"attachment-large size-large wp-image-7206\" alt=\"\" srcset=\"https:\/\/blogsaverroes.juntadeandalucia.es\/ceipclaracampoamor\/files\/2025\/10\/\u00a1CEIP-CLARA-CAMPOAMOR-1-1024x213.jpg 1024w, https:\/\/blogsaverroes.juntadeandalucia.es\/ceipclaracampoamor\/files\/2025\/10\/\u00a1CEIP-CLARA-CAMPOAMOR-1-300x62.jpg 300w, https:\/\/blogsaverroes.juntadeandalucia.es\/ceipclaracampoamor\/files\/2025\/10\/\u00a1CEIP-CLARA-CAMPOAMOR-1-768x159.jpg 768w, https:\/\/blogsaverroes.juntadeandalucia.es\/ceipclaracampoamor\/files\/2025\/10\/\u00a1CEIP-CLARA-CAMPOAMOR-1.jpg 1060w\" sizes=\"100vw\" \/>\t\t\t\t\t\t\t\t\t\t\t\t\t\t\t<\/div>\n\t\t\t\t<\/div>\n\t\t\t\t\t<\/div>\n\t\t<\/div>\n\t\t\t\t\t<\/div>\n\t\t<\/section>\n\t\t\t\t<section class=\"elementor-section elementor-top-section elementor-element elementor-element-7374098 elementor-section-boxed elementor-section-height-default elementor-section-height-default\" data-id=\"7374098\" data-element_type=\"section\">\n\t\t\t\t\t\t<div class=\"elementor-container elementor-column-gap-default\">\n\t\t\t\t\t<div class=\"elementor-column elementor-col-100 elementor-top-column elementor-element elementor-element-3a73429\" data-id=\"3a73429\" data-element_type=\"column\">\n\t\t\t<div class=\"elementor-widget-wrap elementor-element-populated\">\n\t\t\t\t\t\t<div class=\"elementor-element elementor-element-2ff6d6f elementor-invisible elementor-widget elementor-widget-text-editor\" data-id=\"2ff6d6f\" data-element_type=\"widget\" data-settings=\"{&quot;_animation&quot;:&quot;tada&quot;}\" data-widget_type=\"text-editor.default\">\n\t\t\t\t<div class=\"elementor-widget-container\">\n\t\t\t\t\t\t\t\t\t<p><span style=\"font-size: 24pt;font-family: georgia, palatino, serif;color: #000000\">Ficha Informativa para la elecci\u00f3n de plazas de Auxiliares de Conversaci\u00f3n\u00a0<\/span><span style=\"font-size: 24pt;color: #000080\"><a style=\"background-color: #ffffff;color: #000080\" href=\"https:\/\/drive.google.com\/drive\/folders\/1i_sbufEihtW0foJQij0h8ZYiDfEbfOIj?usp=sharing\" target=\"_blank\" rel=\"noopener\"><b>AQU\u00cd<\/b><\/a><\/span><\/p>\t\t\t\t\t\t\t\t<\/div>\n\t\t\t\t<\/div>\n\t\t\t\t\t<\/div>\n\t\t<\/div>\n\t\t\t\t\t<\/div>\n\t\t<\/section>\n\t\t\t\t<section class=\"elementor-section elementor-top-section elementor-element elementor-element-789b0cf elementor-section-boxed elementor-section-height-default elementor-section-height-default\" data-id=\"789b0cf\" data-element_type=\"section\">\n\t\t\t\t\t\t<div class=\"elementor-container elementor-column-gap-default\">\n\t\t\t\t\t<div class=\"elementor-column elementor-col-50 elementor-top-column elementor-element elementor-element-6b2b112\" data-id=\"6b2b112\" data-element_type=\"column\">\n\t\t\t<div class=\"elementor-widget-wrap elementor-element-populated\">\n\t\t\t\t\t\t<div class=\"elementor-element elementor-element-ad7d8fa elementor-widget elementor-widget-html\" data-id=\"ad7d8fa\" data-element_type=\"widget\" data-widget_type=\"html.default\">\n\t\t\t\t<div class=\"elementor-widget-container\">\n\t\t\t\t\t<iframe src=\"https:\/\/drive.google.com\/file\/d\/1U6gdKfSz6pt0FKiZ8_7S3HOIfQIWKRXZ\/preview\" width=\"640\" height=\"480\"><\/iframe>\t\t\t\t<\/div>\n\t\t\t\t<\/div>\n\t\t\t\t\t<\/div>\n\t\t<\/div>\n\t\t\t\t<div class=\"elementor-column elementor-col-50 elementor-top-column elementor-element elementor-element-1af17d5\" data-id=\"1af17d5\" data-element_type=\"column\">\n\t\t\t<div class=\"elementor-widget-wrap elementor-element-populated\">\n\t\t\t\t\t\t<div class=\"elementor-element elementor-element-1fc5fe8 elementor-widget elementor-widget-html\" data-id=\"1fc5fe8\" data-element_type=\"widget\" data-widget_type=\"html.default\">\n\t\t\t\t<div class=\"elementor-widget-container\">\n\t\t\t\t\t<iframe src=\"https:\/\/drive.google.com\/file\/d\/1FZsVo9-dqTp-8sgpB9day4xYxx3oxEmF\/preview\" width=\"640\" height=\"480\"><\/iframe>\t\t\t\t<\/div>\n\t\t\t\t<\/div>\n\t\t\t\t\t<\/div>\n\t\t<\/div>\n\t\t\t\t\t<\/div>\n\t\t<\/section>\n\t\t\t\t<\/div>\n\t\t","protected":false},"excerpt":{"rendered":"<p>El conocimiento de m\u00e1s de una lengua enriquece la visi\u00f3n que la persona tiene del mundo y contribuye a fomentar la tolerancia y la comprensi\u00f3n entre ciudadanos de distintos \u00e1mbitos ling\u00fc\u00edsticos y culturales. Se hace necesario un importante esfuerzo educativo con el fin de que esa diversidad deje de ser un obst\u00e1culo para la comunicaci\u00f3n &hellip; <\/p>\n<p class=\"link-more\"><a href=\"https:\/\/blogsaverroes.juntadeandalucia.es\/ceipclaracampoamor\/bilinguismo-2\/\" class=\"more-link\">Continuar leyendo<span class=\"screen-reader-text\"> &#8220;BILING\u00dcISMO&#8221;<\/span><\/a><\/p>\n","protected":false},"author":13243,"featured_media":0,"parent":0,"menu_order":0,"comment_status":"closed","ping_status":"closed","template":"elementor_header_footer","meta":{"_exactmetrics_skip_tracking":false,"_exactmetrics_sitenote_active":false,"_exactmetrics_sitenote_note":"","_exactmetrics_sitenote_category":0,"ngg_post_thumbnail":0,"footnotes":""},"aioseo_notices":[],"_links":{"self":[{"href":"https:\/\/blogsaverroes.juntadeandalucia.es\/ceipclaracampoamor\/wp-json\/wp\/v2\/pages\/6527"}],"collection":[{"href":"https:\/\/blogsaverroes.juntadeandalucia.es\/ceipclaracampoamor\/wp-json\/wp\/v2\/pages"}],"about":[{"href":"https:\/\/blogsaverroes.juntadeandalucia.es\/ceipclaracampoamor\/wp-json\/wp\/v2\/types\/page"}],"author":[{"embeddable":true,"href":"https:\/\/blogsaverroes.juntadeandalucia.es\/ceipclaracampoamor\/wp-json\/wp\/v2\/users\/13243"}],"replies":[{"embeddable":true,"href":"https:\/\/blogsaverroes.juntadeandalucia.es\/ceipclaracampoamor\/wp-json\/wp\/v2\/comments?post=6527"}],"version-history":[{"count":54,"href":"https:\/\/blogsaverroes.juntadeandalucia.es\/ceipclaracampoamor\/wp-json\/wp\/v2\/pages\/6527\/revisions"}],"predecessor-version":[{"id":7224,"href":"https:\/\/blogsaverroes.juntadeandalucia.es\/ceipclaracampoamor\/wp-json\/wp\/v2\/pages\/6527\/revisions\/7224"}],"wp:attachment":[{"href":"https:\/\/blogsaverroes.juntadeandalucia.es\/ceipclaracampoamor\/wp-json\/wp\/v2\/media?parent=6527"}],"curies":[{"name":"wp","href":"https:\/\/api.w.org\/{rel}","templated":true}]}}