{"id":2197,"date":"2019-11-18T12:13:40","date_gmt":"2019-11-18T12:13:40","guid":{"rendered":"http:\/\/blogsaverroes.juntadeandalucia.es\/ceipcoloniaaraceli\/?page_id=2197"},"modified":"2025-08-15T10:56:52","modified_gmt":"2025-08-15T10:56:52","slug":"consejo-escolar","status":"publish","type":"page","link":"https:\/\/blogsaverroes.juntadeandalucia.es\/ceipcoloniaaraceli\/?page_id=2197","title":{"rendered":"Consejo Escolar"},"content":{"rendered":"<p>El Consejo Escolar de los centros docentes p\u00fablicos es el \u00f3rgano de participaci\u00f3n en los mismos de los diferentes sectores de la comunidad educativa.<\/p>\n<p>Padres y madres, alumnos, profesores y personal no docente poseen voz y voto en la gesti\u00f3n de los centros, gracias a la representaci\u00f3n que todos los sectores de la comunidad educativa tienen en los miembros de los consejos escolares. Desde la aprobaci\u00f3n de los presupuestos del centro, hasta la selecci\u00f3n o cese del director, la mayor\u00eda de las decisiones importantes que se toman en un centro educativo deben pasar por este \u00f3rgano de gobierno.<\/p>\n<p>El Consejo Escolar de nuestro Centro est\u00e1 compuesto por:<\/p>\n<table width=\"100%\">\n<tbody>\n<tr>\n<td width=\"49%\">1.&nbsp;&nbsp;&nbsp;&nbsp;&nbsp; Fern\u00e1ndez Lozano, Rafael<\/p>\n<p>2.&nbsp;&nbsp;&nbsp;&nbsp;&nbsp; Checa Pleguezuelos, Antonio Francisco<\/p>\n<p>3.&nbsp;&nbsp;&nbsp;&nbsp;&nbsp; Nicol\u00e1s Ferrer, Mar\u00eda Bel\u00e9n<\/p>\n<p>4.&nbsp;&nbsp;&nbsp;&nbsp;&nbsp; Barrionuevo Salvador, Bego\u00f1a<\/p>\n<p>5.&nbsp;&nbsp;&nbsp;&nbsp;&nbsp; Ferre Montoya, Rosa<\/p>\n<p>6.&nbsp;&nbsp;&nbsp;&nbsp;&nbsp; Flores L\u00f3pez, Isabel<\/p>\n<p>7.&nbsp;&nbsp;&nbsp;&nbsp;&nbsp; Mart\u00ednez Sede\u00f1o, Adela Mar\u00eda<\/td>\n<td width=\"50%\">8.&nbsp;&nbsp;&nbsp;&nbsp;&nbsp; S\u00e1nchez Rueda, Mar\u00eda<\/p>\n<p>9.&nbsp;&nbsp;&nbsp;&nbsp;&nbsp; Soriano Garc\u00eda, Vicente<\/p>\n<p>10.&nbsp; Galindo L\u00f3pez, Silvia<\/p>\n<p>11.&nbsp; Mag\u00e1n Maldonado, Juan<\/p>\n<p>12.&nbsp; Mart\u00ednez Campoy, Esther Mar\u00eda<\/p>\n<p>13.&nbsp; Hern\u00e1ndez Mu\u00f1oz, Ana Mar\u00eda<\/p>\n<p>14.&nbsp; Colomina S\u00e1nchez, Juan Francisco<\/td>\n<\/tr>\n<\/tbody>\n<\/table>\n","protected":false},"excerpt":{"rendered":"<p>El Consejo Escolar de los centros docentes p\u00fablicos es el \u00f3rgano de participaci\u00f3n en los mismos de los diferentes sectores de la comunidad educativa. Padres y madres, alumnos, profesores y personal no docente poseen voz y voto en la gesti\u00f3n de los centros, gracias a la representaci\u00f3n que todos los sectores de la comunidad educativa &hellip; <a href=\"https:\/\/blogsaverroes.juntadeandalucia.es\/ceipcoloniaaraceli\/?page_id=2197\" class=\"more-link\">Continuar leyendo<span class=\"screen-reader-text\"> \u00abConsejo Escolar\u00bb<\/span><\/a><\/p>\n","protected":false},"author":3110,"featured_media":0,"parent":0,"menu_order":0,"comment_status":"closed","ping_status":"closed","template":"","meta":{"ngg_post_thumbnail":0,"footnotes":"","_mc_calendar":[]},"aioseo_notices":[],"_links":{"self":[{"href":"https:\/\/blogsaverroes.juntadeandalucia.es\/ceipcoloniaaraceli\/index.php?rest_route=\/wp\/v2\/pages\/2197"}],"collection":[{"href":"https:\/\/blogsaverroes.juntadeandalucia.es\/ceipcoloniaaraceli\/index.php?rest_route=\/wp\/v2\/pages"}],"about":[{"href":"https:\/\/blogsaverroes.juntadeandalucia.es\/ceipcoloniaaraceli\/index.php?rest_route=\/wp\/v2\/types\/page"}],"author":[{"embeddable":true,"href":"https:\/\/blogsaverroes.juntadeandalucia.es\/ceipcoloniaaraceli\/index.php?rest_route=\/wp\/v2\/users\/3110"}],"replies":[{"embeddable":true,"href":"https:\/\/blogsaverroes.juntadeandalucia.es\/ceipcoloniaaraceli\/index.php?rest_route=%2Fwp%2Fv2%2Fcomments&post=2197"}],"version-history":[{"count":5,"href":"https:\/\/blogsaverroes.juntadeandalucia.es\/ceipcoloniaaraceli\/index.php?rest_route=\/wp\/v2\/pages\/2197\/revisions"}],"predecessor-version":[{"id":2200,"href":"https:\/\/blogsaverroes.juntadeandalucia.es\/ceipcoloniaaraceli\/index.php?rest_route=\/wp\/v2\/pages\/2197\/revisions\/2200"}],"wp:attachment":[{"href":"https:\/\/blogsaverroes.juntadeandalucia.es\/ceipcoloniaaraceli\/index.php?rest_route=%2Fwp%2Fv2%2Fmedia&parent=2197"}],"curies":[{"name":"wp","href":"https:\/\/api.w.org\/{rel}","templated":true}]}}

<p>El Consejo Escolar de los centros docentes públicos es el órgano de participación en los mismos de los diferentes sectores de la comunidad educativa.</p>
<p>Padres y madres, alumnos, profesores y personal no docente poseen voz y voto en la gestión de los centros, gracias a la representación que todos los sectores de la comunidad educativa tienen en los miembros de los consejos escolares. Desde la aprobación de los presupuestos del centro, hasta la selección o cese del director, la mayoría de las decisiones importantes que se toman en un centro educativo deben pasar por este órgano de gobierno.</p>
<p>El Consejo Escolar de nuestro Centro está compuesto por:</p>
<table width="100%">
<tbody>
<tr>
<td width="49%">1.&nbsp;&nbsp;&nbsp;&nbsp;&nbsp; Fernández Lozano, Rafael</p>
<p>2.&nbsp;&nbsp;&nbsp;&nbsp;&nbsp; Checa Pleguezuelos, Antonio Francisco</p>
<p>3.&nbsp;&nbsp;&nbsp;&nbsp;&nbsp; Nicolás Ferrer, María Belén</p>
<p>4.&nbsp;&nbsp;&nbsp;&nbsp;&nbsp; Barrionuevo Salvador, Begoña</p>
<p>5.&nbsp;&nbsp;&nbsp;&nbsp;&nbsp; Ferre Montoya, Rosa</p>
<p>6.&nbsp;&nbsp;&nbsp;&nbsp;&nbsp; Flores López, Isabel</p>
<p>7.&nbsp;&nbsp;&nbsp;&nbsp;&nbsp; Martínez Sedeño, Adela María</td>
<td width="50%">8.&nbsp;&nbsp;&nbsp;&nbsp;&nbsp; Sánchez Rueda, María</p>
<p>9.&nbsp;&nbsp;&nbsp;&nbsp;&nbsp; Soriano García, Vicente</p>
<p>10.&nbsp; Galindo López, Silvia</p>
<p>11.&nbsp; Magán Maldonado, Juan</p>
<p>12.&nbsp; Martínez Campoy, Esther María</p>
<p>13.&nbsp; Hernández Muñoz, Ana María</p>
<p>14.&nbsp; Colomina Sánchez, Juan Francisco</td>
</tr>
</tbody>
</table>

<p>El Consejo Escolar de los centros docentes públicos es el órgano de participación en los mismos de los diferentes sectores de la comunidad educativa. Padres y madres, alumnos, profesores y personal no docente poseen voz y voto en la gestión de los centros, gracias a la representación que todos los sectores de la comunidad educativa &hellip; <a href="https://blogsaverroes.juntadeandalucia.es/ceipcoloniaaraceli/?page_id=2197" class="more-link">Continuar leyendo<span class="screen-reader-text"> «Consejo Escolar»</span></a></p>
