{"id":2340,"date":"2020-05-28T16:30:01","date_gmt":"2020-05-28T16:30:01","guid":{"rendered":"http:\/\/blogsaverroes.juntadeandalucia.es\/ceipcoloniaaraceli\/?page_id=2340"},"modified":"2022-05-31T17:33:08","modified_gmt":"2022-05-31T17:33:08","slug":"secretaria-virtual","status":"publish","type":"page","link":"https:\/\/blogsaverroes.juntadeandalucia.es\/ceipcoloniaaraceli\/?page_id=2340","title":{"rendered":"Secretar\u00eda Virtual"},"content":{"rendered":"<table style=\"width: 581px\">\n<tbody>\n<tr style=\"height: 22px\">\n<td style=\"height: 22px;width: 174px;text-align: center\"><a href=\"https:\/\/www.juntadeandalucia.es\/educacion\/portals\/web\/escolarizacion\/infantil-a-bachillerato\/calendario\" target=\"_blank\" rel=\"noopener noreferrer\">CALENDARIO<\/a><\/td>\n<td style=\"height: 22px;width: 189px;text-align: center\"><a href=\"https:\/\/blogsaverroes.juntadeandalucia.es\/ceipcoloniaaraceli\/files\/2020\/05\/108094-anexo-ii.pdf\" target=\"_blank\" rel=\"noopener noreferrer\">ANEXO II&nbsp;SERVICIO DE AULA MATINAL, COMEDOR ESCOLAR Y ACTIVIDADES EXTRAESCOLARES.<\/a><\/td>\n<td style=\"height: 22px;width: 154px;text-align: center\"><a href=\"https:\/\/blogsaverroes.juntadeandalucia.es\/ceipcoloniaaraceli\/files\/2020\/05\/Anexo-iii.pdf\" target=\"_blank\" rel=\"noopener noreferrer\">ANEXO III SOLICITUD DE MATR\u00cdCULA<\/a><\/td>\n<\/tr>\n<tr style=\"height: 22px\">\n<td style=\"height: 22px;width: 174px;text-align: center\"><a href=\"https:\/\/blogsaverroes.juntadeandalucia.es\/ceipcoloniaaraceli\/files\/2020\/05\/anexoiv-matricula-infantil.pdf\" target=\"_blank\" rel=\"noopener noreferrer\">ANEXO IV MATR\u00cdCULA INFANTIL<\/a><\/td>\n<td style=\"height: 22px;width: 189px;text-align: center\"><a href=\"https:\/\/blogsaverroes.juntadeandalucia.es\/ceipcoloniaaraceli\/files\/2020\/05\/anexov-matricula-primaria.pdf\" target=\"_blank\" rel=\"noopener noreferrer\">ANEXO V MATR\u00cdCULA PARA PRIMARIA<\/a><\/td>\n<td style=\"height: 22px;width: 154px;text-align: center\"><a href=\"https:\/\/blogsaverroes.juntadeandalucia.es\/ceipcoloniaaraceli\/files\/2020\/05\/baremo-escolarizacion.pdf\" target=\"_blank\" rel=\"noopener noreferrer\">BAREMO<\/a><\/td>\n<\/tr>\n<tr style=\"height: 22px\">\n<td style=\"height: 22px;width: 174px;text-align: center\"><a href=\"https:\/\/blogsaverroes.juntadeandalucia.es\/ceipcoloniaaraceli\/files\/2022\/05\/religion.pdf\" target=\"_blank\" rel=\"noopener noreferrer\">ANEXO SOLICITUD PARA CURSAR ENSE\u00d1ANZA DE RELIGI\u00d3N<\/a><\/td>\n<td style=\"height: 22px;width: 189px;text-align: center\"><a href=\"https:\/\/blogsaverroes.juntadeandalucia.es\/ceipcoloniaaraceli\/files\/2022\/05\/Autorizacio\u0301n-imagen-22-23.pdf\">AUTORIZACI\u00d3N MEDIOS AUDIOVISUALES<\/a><\/td>\n<td style=\"height: 22px;width: 154px;text-align: center\">&nbsp;<\/td>\n<\/tr>\n<\/tbody>\n<\/table>\n<p>&nbsp;<\/p>\n<p>&nbsp;<\/p>\n<p>&nbsp;<\/p>\n<p>&nbsp;<\/p>\n","protected":false},"excerpt":{"rendered":"<p>CALENDARIO ANEXO II&nbsp;SERVICIO DE AULA MATINAL, COMEDOR ESCOLAR Y ACTIVIDADES EXTRAESCOLARES. ANEXO III SOLICITUD DE MATR\u00cdCULA ANEXO IV MATR\u00cdCULA INFANTIL ANEXO V MATR\u00cdCULA PARA PRIMARIA BAREMO ANEXO SOLICITUD PARA CURSAR ENSE\u00d1ANZA DE RELIGI\u00d3N AUTORIZACI\u00d3N MEDIOS AUDIOVISUALES &nbsp; &nbsp; &nbsp; &nbsp; &nbsp;<\/p>\n","protected":false},"author":3110,"featured_media":0,"parent":0,"menu_order":0,"comment_status":"closed","ping_status":"closed","template":"","meta":{"ngg_post_thumbnail":0,"footnotes":"","_mc_calendar":[]},"aioseo_notices":[],"_links":{"self":[{"href":"https:\/\/blogsaverroes.juntadeandalucia.es\/ceipcoloniaaraceli\/index.php?rest_route=\/wp\/v2\/pages\/2340"}],"collection":[{"href":"https:\/\/blogsaverroes.juntadeandalucia.es\/ceipcoloniaaraceli\/index.php?rest_route=\/wp\/v2\/pages"}],"about":[{"href":"https:\/\/blogsaverroes.juntadeandalucia.es\/ceipcoloniaaraceli\/index.php?rest_route=\/wp\/v2\/types\/page"}],"author":[{"embeddable":true,"href":"https:\/\/blogsaverroes.juntadeandalucia.es\/ceipcoloniaaraceli\/index.php?rest_route=\/wp\/v2\/users\/3110"}],"replies":[{"embeddable":true,"href":"https:\/\/blogsaverroes.juntadeandalucia.es\/ceipcoloniaaraceli\/index.php?rest_route=%2Fwp%2Fv2%2Fcomments&post=2340"}],"version-history":[{"count":8,"href":"https:\/\/blogsaverroes.juntadeandalucia.es\/ceipcoloniaaraceli\/index.php?rest_route=\/wp\/v2\/pages\/2340\/revisions"}],"predecessor-version":[{"id":2560,"href":"https:\/\/blogsaverroes.juntadeandalucia.es\/ceipcoloniaaraceli\/index.php?rest_route=\/wp\/v2\/pages\/2340\/revisions\/2560"}],"wp:attachment":[{"href":"https:\/\/blogsaverroes.juntadeandalucia.es\/ceipcoloniaaraceli\/index.php?rest_route=%2Fwp%2Fv2%2Fmedia&parent=2340"}],"curies":[{"name":"wp","href":"https:\/\/api.w.org\/{rel}","templated":true}]}}

Secretaría Virtual

<table style="width: 581px">
<tbody>
<tr style="height: 22px">
<td style="height: 22px;width: 174px;text-align: center"><a href="https://www.juntadeandalucia.es/educacion/portals/web/escolarizacion/infantil-a-bachillerato/calendario" target="_blank" rel="noopener noreferrer">CALENDARIO</a></td>
<td style="height: 22px;width: 189px;text-align: center"><a href="https://blogsaverroes.juntadeandalucia.es/ceipcoloniaaraceli/files/2020/05/108094-anexo-ii.pdf" target="_blank" rel="noopener noreferrer">ANEXO II&nbsp;SERVICIO DE AULA MATINAL, COMEDOR ESCOLAR Y ACTIVIDADES EXTRAESCOLARES.</a></td>
<td style="height: 22px;width: 154px;text-align: center"><a href="https://blogsaverroes.juntadeandalucia.es/ceipcoloniaaraceli/files/2020/05/Anexo-iii.pdf" target="_blank" rel="noopener noreferrer">ANEXO III SOLICITUD DE MATRÍCULA</a></td>
</tr>
<tr style="height: 22px">
<td style="height: 22px;width: 174px;text-align: center"><a href="https://blogsaverroes.juntadeandalucia.es/ceipcoloniaaraceli/files/2020/05/anexoiv-matricula-infantil.pdf" target="_blank" rel="noopener noreferrer">ANEXO IV MATRÍCULA INFANTIL</a></td>
<td style="height: 22px;width: 189px;text-align: center"><a href="https://blogsaverroes.juntadeandalucia.es/ceipcoloniaaraceli/files/2020/05/anexov-matricula-primaria.pdf" target="_blank" rel="noopener noreferrer">ANEXO V MATRÍCULA PARA PRIMARIA</a></td>
<td style="height: 22px;width: 154px;text-align: center"><a href="https://blogsaverroes.juntadeandalucia.es/ceipcoloniaaraceli/files/2020/05/baremo-escolarizacion.pdf" target="_blank" rel="noopener noreferrer">BAREMO</a></td>
</tr>
<tr style="height: 22px">
<td style="height: 22px;width: 174px;text-align: center"><a href="https://blogsaverroes.juntadeandalucia.es/ceipcoloniaaraceli/files/2022/05/religion.pdf" target="_blank" rel="noopener noreferrer">ANEXO SOLICITUD PARA CURSAR ENSEÑANZA DE RELIGIÓN</a></td>
<td style="height: 22px;width: 189px;text-align: center"><a href="https://blogsaverroes.juntadeandalucia.es/ceipcoloniaaraceli/files/2022/05/Autorización-imagen-22-23.pdf">AUTORIZACIÓN MEDIOS AUDIOVISUALES</a></td>
<td style="height: 22px;width: 154px;text-align: center">&nbsp;</td>
</tr>
</tbody>
</table>
<p>&nbsp;</p>
<p>&nbsp;</p>
<p>&nbsp;</p>
<p>&nbsp;</p>

<p>CALENDARIO ANEXO II&nbsp;SERVICIO DE AULA MATINAL, COMEDOR ESCOLAR Y ACTIVIDADES EXTRAESCOLARES. ANEXO III SOLICITUD DE MATRÍCULA ANEXO IV MATRÍCULA INFANTIL ANEXO V MATRÍCULA PARA PRIMARIA BAREMO ANEXO SOLICITUD PARA CURSAR ENSEÑANZA DE RELIGIÓN AUTORIZACIÓN MEDIOS AUDIOVISUALES &nbsp; &nbsp; &nbsp; &nbsp; &nbsp;</p>
