{"id":44,"date":"2015-03-13T08:42:15","date_gmt":"2015-03-13T08:42:15","guid":{"rendered":"http:\/\/blogsaverroes.juntadeandalucia.es\/pre\/ceip\/?page_id=44"},"modified":"2016-02-20T19:39:37","modified_gmt":"2016-02-20T19:39:37","slug":"planes-y-proyectos","status":"publish","type":"page","link":"https:\/\/blogsaverroes.juntadeandalucia.es\/ceipcoloniaaraceli\/?page_id=44","title":{"rendered":"Planes y Programas"},"content":{"rendered":"<p><img loading=\"lazy\" decoding=\"async\" class=\"alignnone size-medium wp-image-1667\" src=\"http:\/\/blogsaverroes.juntadeandalucia.es\/ceipcoloniaaraceli\/files\/2015\/03\/planes-300x150.png\" alt=\"planes\" width=\"300\" height=\"150\" srcset=\"https:\/\/blogsaverroes.juntadeandalucia.es\/ceipcoloniaaraceli\/files\/2015\/03\/planes-300x150.png 300w, https:\/\/blogsaverroes.juntadeandalucia.es\/ceipcoloniaaraceli\/files\/2015\/03\/planes.png 640w\" sizes=\"(max-width: 300px) 85vw, 300px\" \/><\/p>\n<p><strong>Planes y Programas<\/strong> promovidos desde la Consejer\u00eda de Educaci\u00f3n y a los que el centro est\u00e1 adherido<\/p>\n<p>&nbsp;<\/p>\n<ul>\n<li><strong>Plan de igualdad entre hombres y mujeres: Coordina Mar\u00eda del Mar\u00a0<\/strong><\/li>\n<li><strong>Plan de apertura: Coordina Pedro\u00a0<\/strong><\/li>\n<li><strong>Escuela espacio de paz. Coordina Inmaculada\u00a0<\/strong><\/li>\n<li><strong>Escuela TIC 2.0: Coordina Pedro\u00a0<\/strong><\/li>\n<li><strong>Anticipo de la segunda lengua extranjera en Educaci\u00f3n Infantil: coordina Rosa\u00a0<\/strong><\/li>\n<li><strong>Plan Lector y Bibliotecas Escolares: Coordina Paqui\u00a0<\/strong><\/li>\n<li><strong>Plan Salud y Riesgos Laborales: Coordina Pedro<\/strong><\/li>\n<li><strong>Plan de Frutas y Verduras: Coordina Rosario<\/strong><\/li>\n<\/ul>\n<p>&nbsp;<\/p>\n","protected":false},"excerpt":{"rendered":"<p>Planes y Programas promovidos desde la Consejer\u00eda de Educaci\u00f3n y a los que el centro est\u00e1 adherido &nbsp; Plan de igualdad entre hombres y mujeres: Coordina Mar\u00eda del Mar\u00a0 Plan de apertura: Coordina Pedro\u00a0 Escuela espacio de paz. Coordina Inmaculada\u00a0 Escuela TIC 2.0: Coordina Pedro\u00a0 Anticipo de la segunda lengua extranjera en Educaci\u00f3n Infantil: coordina &hellip; <a href=\"https:\/\/blogsaverroes.juntadeandalucia.es\/ceipcoloniaaraceli\/?page_id=44\" class=\"more-link\">Continuar leyendo<span class=\"screen-reader-text\"> \u00abPlanes y Programas\u00bb<\/span><\/a><\/p>\n","protected":false},"author":1,"featured_media":0,"parent":0,"menu_order":0,"comment_status":"open","ping_status":"closed","template":"page-templates\/child-menu.php","meta":{"ngg_post_thumbnail":0,"footnotes":"","_mc_calendar":[]},"aioseo_notices":[],"_links":{"self":[{"href":"https:\/\/blogsaverroes.juntadeandalucia.es\/ceipcoloniaaraceli\/index.php?rest_route=\/wp\/v2\/pages\/44"}],"collection":[{"href":"https:\/\/blogsaverroes.juntadeandalucia.es\/ceipcoloniaaraceli\/index.php?rest_route=\/wp\/v2\/pages"}],"about":[{"href":"https:\/\/blogsaverroes.juntadeandalucia.es\/ceipcoloniaaraceli\/index.php?rest_route=\/wp\/v2\/types\/page"}],"author":[{"embeddable":true,"href":"https:\/\/blogsaverroes.juntadeandalucia.es\/ceipcoloniaaraceli\/index.php?rest_route=\/wp\/v2\/users\/1"}],"replies":[{"embeddable":true,"href":"https:\/\/blogsaverroes.juntadeandalucia.es\/ceipcoloniaaraceli\/index.php?rest_route=%2Fwp%2Fv2%2Fcomments&post=44"}],"version-history":[{"count":7,"href":"https:\/\/blogsaverroes.juntadeandalucia.es\/ceipcoloniaaraceli\/index.php?rest_route=\/wp\/v2\/pages\/44\/revisions"}],"predecessor-version":[{"id":2103,"href":"https:\/\/blogsaverroes.juntadeandalucia.es\/ceipcoloniaaraceli\/index.php?rest_route=\/wp\/v2\/pages\/44\/revisions\/2103"}],"wp:attachment":[{"href":"https:\/\/blogsaverroes.juntadeandalucia.es\/ceipcoloniaaraceli\/index.php?rest_route=%2Fwp%2Fv2%2Fmedia&parent=44"}],"curies":[{"name":"wp","href":"https:\/\/api.w.org\/{rel}","templated":true}]}}

<p><img loading="lazy" decoding="async" class="alignnone size-medium wp-image-1667" src="http://blogsaverroes.juntadeandalucia.es/ceipcoloniaaraceli/files/2015/03/planes-300x150.png" alt="planes" width="300" height="150" srcset="https://blogsaverroes.juntadeandalucia.es/ceipcoloniaaraceli/files/2015/03/planes-300x150.png 300w, https://blogsaverroes.juntadeandalucia.es/ceipcoloniaaraceli/files/2015/03/planes.png 640w" sizes="(max-width: 300px) 85vw, 300px" /></p>
<p><strong>Planes y Programas</strong> promovidos desde la Consejería de Educación y a los que el centro está adherido</p>
<p>&nbsp;</p>
<ul>
<li><strong>Plan de igualdad entre hombres y mujeres: Coordina María del Mar </strong></li>
<li><strong>Plan de apertura: Coordina Pedro </strong></li>
<li><strong>Escuela espacio de paz. Coordina Inmaculada </strong></li>
<li><strong>Escuela TIC 2.0: Coordina Pedro </strong></li>
<li><strong>Anticipo de la segunda lengua extranjera en Educación Infantil: coordina Rosa </strong></li>
<li><strong>Plan Lector y Bibliotecas Escolares: Coordina Paqui </strong></li>
<li><strong>Plan Salud y Riesgos Laborales: Coordina Pedro</strong></li>
<li><strong>Plan de Frutas y Verduras: Coordina Rosario</strong></li>
</ul>
<p>&nbsp;</p>

<p>Planes y Programas promovidos desde la Consejería de Educación y a los que el centro está adherido &nbsp; Plan de igualdad entre hombres y mujeres: Coordina María del Mar  Plan de apertura: Coordina Pedro  Escuela espacio de paz. Coordina Inmaculada  Escuela TIC 2.0: Coordina Pedro  Anticipo de la segunda lengua extranjera en Educación Infantil: coordina &hellip; <a href="https://blogsaverroes.juntadeandalucia.es/ceipcoloniaaraceli/?page_id=44" class="more-link">Continuar leyendo<span class="screen-reader-text"> «Planes y Programas»</span></a></p>
