{"id":77,"date":"2015-03-16T06:54:56","date_gmt":"2015-03-16T06:54:56","guid":{"rendered":"http:\/\/blogsaverroes.juntadeandalucia.es\/pre\/ceip\/?page_id=77"},"modified":"2020-05-19T08:10:47","modified_gmt":"2020-05-19T08:10:47","slug":"secretaria","status":"publish","type":"page","link":"https:\/\/blogsaverroes.juntadeandalucia.es\/ceipcoloniaaraceli\/?page_id=77","title":{"rendered":"Secretar\u00eda"},"content":{"rendered":"<p><b><span style=\"color: #1e4b75\"><span style=\"font-family: NewsGotT\"><span style=\"font-size: large\">NUEVO PER\u00cdODO DE ESCOLARIZACI\u00d3N: 18 DE MAYO A 1 DE JUNIO<\/span><\/span><\/span><\/b><\/p>\n<ul>\n<li><a href=\"https:\/\/www.juntadeandalucia.es\/educacion\/secretariavirtual\/accesoTramite\/439\/\"><span style=\"color: #1e4b75\"><span style=\"font-family: NewsGotT\"><span style=\"font-size: large\">PRESENTACI\u00d3N TELEM\u00c1TICA DE SOLICITUDES DE ADMISI\u00d3N<\/span><\/span><\/span><\/a><\/li>\n<li><a href=\"http:\/\/www.juntadeandalucia.es\/educacion\/portals\/web\/escolarizacion\"><span style=\"color: #1e4b75\"><span style=\"font-family: NewsGotT\"><span style=\"font-size: large\">Enlace al portal de escolarizaci\u00f3n<\/span><\/span><\/span><\/a><span style=\"color: #000000\"><span style=\"font-family: NewsGotT\"><span style=\"font-size: large\">-Consejer\u00eda de Educaci\u00f3n y Deporte, Junta de Andaluc\u00eda<\/span><\/span><\/span><\/li>\n<li><span style=\"font-family: NewsGotT\"><span style=\"font-size: large\">NORMATIVA<\/span><\/span><\/li>\n<\/ul>\n<p align=\"JUSTIFY\"><a href=\"http:\/\/www.juntadeandalucia.es\/educacion\/portals\/web\/escolarizacion\/infantil-a-bachillerato\/normativa\/-\/normativas\/detalle\/decreto-21-2020-de-17-de-febrero-por-el-que-se-regulan-los-criterios-y-el-procedimiento-de-admision-del-alumnado-en-los\"><span style=\"color: #1e4b75\"><span style=\"font-family: NewsGotT\"><span style=\"font-size: large\">Decreto 21\/2020, de 17 de febrero, por el que se regulan los criterios y el procedimiento de admisi\u00f3n del alumnado en los centros docentes p\u00fablicos y privados concertados para cursar las ense\u00f1anzas de segundo ciclo de educaci\u00f3n infantil, educaci\u00f3n primaria, educaci\u00f3n especial, educaci\u00f3n secundaria obligatoria y bachillerato.<\/span><\/span><\/span><\/a><\/p>\n<p align=\"JUSTIFY\"><a href=\"http:\/\/www.juntadeandalucia.es\/educacion\/portals\/web\/escolarizacion\/infantil-a-bachillerato\/normativa\/-\/normativas\/detalle\/orden-de-20-de-febrero-de-2020-por-la-que-se-desarrolla-el-procedimiento-de-admision-del-alumnado-en-los-centros\"><span style=\"color: #1e4b75\"><span style=\"font-family: NewsGotT\"><span style=\"font-size: large\">Orden de 20 de febrero de 2020, por la que se desarrolla el procedimiento de admisi\u00f3n del alumnado en los centros docentes p\u00fablicos y privados concertados para cursar las ense\u00f1anzas de segundo ciclo de educaci\u00f3n infantil, educaci\u00f3n primaria, educaci\u00f3n especial, educaci\u00f3n secundaria obligatoria y bachillerato<\/span><\/span><\/span><\/a><\/p>\n<ul>\n<li><span style=\"font-family: NewsGotT\"><span style=\"font-size: large\">SOLICITUD<\/span><\/span><\/li>\n<\/ul>\n<p><a href=\"http:\/\/www.juntadeandalucia.es\/educacion\/portals\/delegate\/content\/7e1d7b27-eaa4-42e7-bfa3-ac436db80ed6\/ANEXO%20III\"><span style=\"color: #1e4b75\"><span style=\"font-family: NewsGotT\"><span style=\"font-size: large\">Solicitud de admisi\u00f3n en segundo grado de educaci\u00f3n infantil, educaci\u00f3n primaria y educaci\u00f3n especial ANEXO III<\/span><\/span><\/span><\/a><\/p>\n<ul>\n<li><span style=\"font-family: NewsGotT\"><span style=\"font-size: large\">BAREMO<\/span><\/span><\/li>\n<\/ul>\n<p><a href=\"http:\/\/www.juntadeandalucia.es\/educacion\/portals\/web\/escolarizacion\/infantil-a-bachillerato\/autobaremo\"><span style=\"color: #1e4b75\"><span style=\"font-family: NewsGotT\"><span style=\"font-size: large\">Autobaremo<\/span><\/span><\/span><\/a><\/p>\n<p><span style=\"font-family: NewsGotT\"><span style=\"font-size: large\"> Cuando no existan plazas suficientes para atender todas las solicitudes, se aplicar\u00e1n los siguientes criterios de admisi\u00f3n:<\/span><\/span><\/p>\n<ol>\n<li><span style=\"font-family: NewsGotT\"><span style=\"font-size: large\">Existencia de hermanos o hermanas matriculados en el centro docente o padres, madres o tutores o guardadores legales que trabajen en el mismo.&nbsp;<\/span><\/span><\/li>\n<li><span style=\"font-family: NewsGotT\"><span style=\"font-size: large\">Proximidad del domicilio familiar o del lugar de trabajo del padre, de la madre o de la persona tutora o guardadora legal.<\/span><\/span><\/li>\n<li><span style=\"font-family: NewsGotT\"><span style=\"font-size: large\">Renta per capital anual de la unidad familiar.&nbsp;<\/span><\/span><\/li>\n<li><span style=\"font-family: NewsGotT\"><span style=\"font-size: large\">Concurrencia de discapacidad en el alumno o la alumna, en sus padres, madres o tutores o guardadores legales, o en alguno de sus hermanos o hermanas o menores en acogimiento en la misma unidad familiar. En el segundo ciclo de la educaci\u00f3n infantil se considerar\u00e1 tambi\u00e9n la presencia en el alumnado de trastornos del desarrollo.&nbsp;<\/span><\/span><\/li>\n<li><span style=\"font-family: NewsGotT\"><span style=\"font-size: large\">Que el alumno o la alumna pertenezca a una familia con la condici\u00f3n de numerosa.&nbsp;<\/span><\/span><\/li>\n<li><span style=\"font-family: NewsGotT\"><span style=\"font-size: large\">Que el alumno o la alumna pertenezca a una familia con la condici\u00f3n de monoparental y sea menor de edad o mayor de edad sujeto a patria potestad prorrogada o tutela.<\/span><\/span><\/li>\n<\/ol>\n<p><span style=\"font-family: NewsGotT\"><span style=\"font-size: large\"> En caso de empate, se atender\u00e1 a la mayor puntuaci\u00f3n obtenida, aplicando uno a uno y con car\u00e1cter excluyente los criterios anteriores en la forma establecida en la normativa vigente. De mantenerse el empate, se aplicar\u00e1 el resultado del sorteo p\u00fablico realizado. En ning\u00fan caso habr\u00e1 discriminaci\u00f3n en la admisi\u00f3n del alumnado por raz\u00f3n de nacimiento, raza, sexo, religi\u00f3n, opini\u00f3n o cualquier otra condici\u00f3n o circunstancia personal o social, ni podr\u00e1 exigirse la formulaci\u00f3n de declaraciones que puedan afectar a la intimidad, creencias o convicciones de los mismos.<\/span><\/span><\/p>\n<ul>\n<li><b><span style=\"font-family: NewsGotT\"><span style=\"font-size: large\">CALENDARIO<\/span><\/span><\/b><\/li>\n<\/ul>\n<p><span style=\"font-family: NewsGotT\"><span style=\"font-size: large\"> Este calendario queda suspendido por el Real Decreto63\/2020, de 14 de marzo, por el que se declara el estado de alarma para la gesti\u00f3n de la situaci\u00f3n de crisis sanitaria ocasionada por el COVID-19.Les informaremos de los cambios que se produzcan.<\/span><\/span><\/p>\n<ul>\n<li><span style=\"font-family: NewsGotT\"><span style=\"font-size: large\">Periodo de admisi\u00f3n<\/span><\/span><\/li>\n<li><span style=\"font-family: NewsGotT\"><span style=\"font-size: large\">Per\u00edodo de matriculaci\u00f3n: 2 a 8 de Junio<\/span><\/span><\/li>\n<\/ul>\n<p><span style=\"color: #7e0021\"><span style=\"font-family: NewsGotT\"><span style=\"font-size: large\">I<\/span><\/span><\/span><a href=\"http:\/\/www.juntadeandalucia.es\/educacion\/portals\/delegate\/content\/d26442b2-4b4a-433a-9c1e-e1790a29f781\/ANEXO%20IV\"><span style=\"color: #7e0021\"><span style=\"font-family: NewsGotT\"><span style=\"font-size: large\">mpresos de matr\u00edcula para 2\u00ba ciclo de educaci\u00f3n infantil, ANEXO IV<\/span><\/span><\/span><\/a><\/p>\n<p><a href=\"http:\/\/www.juntadeandalucia.es\/educacion\/portals\/delegate\/content\/55fad88e-7bb3-40e3-bbe4-198107487345\/ANEXO%20V\"><span style=\"color: #7e0021\"><span style=\"font-family: NewsGotT\"><span style=\"font-size: large\">Impresos de matr\u00edcula para educaci\u00f3n primaria. ANEXO V<\/span><\/span><\/span><\/a><\/p>\n<p><a href=\"http:\/\/www.juntadeandalucia.es\/educacion\/portals\/delegate\/content\/84909c76-f6af-4eaa-8a6a-7345b62b1645\/ANEXO%20VI\"><span style=\"color: #7e0021\"><span style=\"font-family: NewsGotT\"><span style=\"font-size: large\">Impresos de matr\u00edcula para educaci\u00f3n especial. ANEXO VI<\/span><\/span><\/span><\/a><\/p>\n<p><a href=\"http:\/\/www.juntadeandalucia.es\/educacion\/portals\/delegate\/content\/12c1f402-4ea8-4a01-a921-5baa061cc442\/ANEXO%20-%20RELIGI\u00d3N\"><span style=\"color: #7e0021\"><span style=\"font-family: NewsGotT\"><span style=\"font-size: large\">Solicitud para cursar la ense\u00f1anza de religi\u00f3n<\/span><\/span><\/span><\/a><\/p>\n<p>Horario <strong>Secretar\u00eda<\/strong>: de lunes a viernes de 09:00 h a 10:00 h<\/p>\n<p>Todos los tr\u00e1mites que se necesiten se tienen que gestionar a trav\u00e9s de Secretar\u00eda y en dicho horario.<\/p>\n<p>Los tr\u00e1mites que puedes llevar a cabo son:<\/p>\n<ul>\n<li>matriculaci\u00f3n del alumnado<\/li>\n<li>bajas del alumnado<\/li>\n<li>gesti\u00f3n de altas y bajas en los servicios Plan Familia (aula matinal, comedor y actividades extraescolares)<\/li>\n<li>solicitud de certificados<\/li>\n<li>cualquier comunicaci\u00f3n a los maestros\/as en horario lectivo.<\/li>\n<\/ul>\n<p>&nbsp;<\/p>\n","protected":false},"excerpt":{"rendered":"<p>NUEVO PER\u00cdODO DE ESCOLARIZACI\u00d3N: 18 DE MAYO A 1 DE JUNIO PRESENTACI\u00d3N TELEM\u00c1TICA DE SOLICITUDES DE ADMISI\u00d3N Enlace al portal de escolarizaci\u00f3n-Consejer\u00eda de Educaci\u00f3n y Deporte, Junta de Andaluc\u00eda NORMATIVA Decreto 21\/2020, de 17 de febrero, por el que se regulan los criterios y el procedimiento de admisi\u00f3n del alumnado en los centros docentes p\u00fablicos &hellip; <a href=\"https:\/\/blogsaverroes.juntadeandalucia.es\/ceipcoloniaaraceli\/?page_id=77\" class=\"more-link\">Continuar leyendo<span class=\"screen-reader-text\"> \u00abSecretar\u00eda\u00bb<\/span><\/a><\/p>\n","protected":false},"author":1,"featured_media":0,"parent":0,"menu_order":0,"comment_status":"open","ping_status":"open","template":"","meta":{"ngg_post_thumbnail":0,"footnotes":"","_mc_calendar":[]},"aioseo_notices":[],"_links":{"self":[{"href":"https:\/\/blogsaverroes.juntadeandalucia.es\/ceipcoloniaaraceli\/index.php?rest_route=\/wp\/v2\/pages\/77"}],"collection":[{"href":"https:\/\/blogsaverroes.juntadeandalucia.es\/ceipcoloniaaraceli\/index.php?rest_route=\/wp\/v2\/pages"}],"about":[{"href":"https:\/\/blogsaverroes.juntadeandalucia.es\/ceipcoloniaaraceli\/index.php?rest_route=\/wp\/v2\/types\/page"}],"author":[{"embeddable":true,"href":"https:\/\/blogsaverroes.juntadeandalucia.es\/ceipcoloniaaraceli\/index.php?rest_route=\/wp\/v2\/users\/1"}],"replies":[{"embeddable":true,"href":"https:\/\/blogsaverroes.juntadeandalucia.es\/ceipcoloniaaraceli\/index.php?rest_route=%2Fwp%2Fv2%2Fcomments&post=77"}],"version-history":[{"count":8,"href":"https:\/\/blogsaverroes.juntadeandalucia.es\/ceipcoloniaaraceli\/index.php?rest_route=\/wp\/v2\/pages\/77\/revisions"}],"predecessor-version":[{"id":2333,"href":"https:\/\/blogsaverroes.juntadeandalucia.es\/ceipcoloniaaraceli\/index.php?rest_route=\/wp\/v2\/pages\/77\/revisions\/2333"}],"wp:attachment":[{"href":"https:\/\/blogsaverroes.juntadeandalucia.es\/ceipcoloniaaraceli\/index.php?rest_route=%2Fwp%2Fv2%2Fmedia&parent=77"}],"curies":[{"name":"wp","href":"https:\/\/api.w.org\/{rel}","templated":true}]}}

Secretaría

<p><b><span style="color: #1e4b75"><span style="font-family: NewsGotT"><span style="font-size: large">NUEVO PERÍODO DE ESCOLARIZACIÓN: 18 DE MAYO A 1 DE JUNIO</span></span></span></b></p>
<ul>
<li><a href="https://www.juntadeandalucia.es/educacion/secretariavirtual/accesoTramite/439/"><span style="color: #1e4b75"><span style="font-family: NewsGotT"><span style="font-size: large">PRESENTACIÓN TELEMÁTICA DE SOLICITUDES DE ADMISIÓN</span></span></span></a></li>
<li><a href="http://www.juntadeandalucia.es/educacion/portals/web/escolarizacion"><span style="color: #1e4b75"><span style="font-family: NewsGotT"><span style="font-size: large">Enlace al portal de escolarización</span></span></span></a><span style="color: #000000"><span style="font-family: NewsGotT"><span style="font-size: large">-Consejería de Educación y Deporte, Junta de Andalucía</span></span></span></li>
<li><span style="font-family: NewsGotT"><span style="font-size: large">NORMATIVA</span></span></li>
</ul>
<p align="JUSTIFY"><a href="http://www.juntadeandalucia.es/educacion/portals/web/escolarizacion/infantil-a-bachillerato/normativa/-/normativas/detalle/decreto-21-2020-de-17-de-febrero-por-el-que-se-regulan-los-criterios-y-el-procedimiento-de-admision-del-alumnado-en-los"><span style="color: #1e4b75"><span style="font-family: NewsGotT"><span style="font-size: large">Decreto 21/2020, de 17 de febrero, por el que se regulan los criterios y el procedimiento de admisión del alumnado en los centros docentes públicos y privados concertados para cursar las enseñanzas de segundo ciclo de educación infantil, educación primaria, educación especial, educación secundaria obligatoria y bachillerato.</span></span></span></a></p>
<p align="JUSTIFY"><a href="http://www.juntadeandalucia.es/educacion/portals/web/escolarizacion/infantil-a-bachillerato/normativa/-/normativas/detalle/orden-de-20-de-febrero-de-2020-por-la-que-se-desarrolla-el-procedimiento-de-admision-del-alumnado-en-los-centros"><span style="color: #1e4b75"><span style="font-family: NewsGotT"><span style="font-size: large">Orden de 20 de febrero de 2020, por la que se desarrolla el procedimiento de admisión del alumnado en los centros docentes públicos y privados concertados para cursar las enseñanzas de segundo ciclo de educación infantil, educación primaria, educación especial, educación secundaria obligatoria y bachillerato</span></span></span></a></p>
<ul>
<li><span style="font-family: NewsGotT"><span style="font-size: large">SOLICITUD</span></span></li>
</ul>
<p><a href="http://www.juntadeandalucia.es/educacion/portals/delegate/content/7e1d7b27-eaa4-42e7-bfa3-ac436db80ed6/ANEXO%20III"><span style="color: #1e4b75"><span style="font-family: NewsGotT"><span style="font-size: large">Solicitud de admisión en segundo grado de educación infantil, educación primaria y educación especial ANEXO III</span></span></span></a></p>
<ul>
<li><span style="font-family: NewsGotT"><span style="font-size: large">BAREMO</span></span></li>
</ul>
<p><a href="http://www.juntadeandalucia.es/educacion/portals/web/escolarizacion/infantil-a-bachillerato/autobaremo"><span style="color: #1e4b75"><span style="font-family: NewsGotT"><span style="font-size: large">Autobaremo</span></span></span></a></p>
<p><span style="font-family: NewsGotT"><span style="font-size: large"> Cuando no existan plazas suficientes para atender todas las solicitudes, se aplicarán los siguientes criterios de admisión:</span></span></p>
<ol>
<li><span style="font-family: NewsGotT"><span style="font-size: large">Existencia de hermanos o hermanas matriculados en el centro docente o padres, madres o tutores o guardadores legales que trabajen en el mismo.&nbsp;</span></span></li>
<li><span style="font-family: NewsGotT"><span style="font-size: large">Proximidad del domicilio familiar o del lugar de trabajo del padre, de la madre o de la persona tutora o guardadora legal.</span></span></li>
<li><span style="font-family: NewsGotT"><span style="font-size: large">Renta per capital anual de la unidad familiar.&nbsp;</span></span></li>
<li><span style="font-family: NewsGotT"><span style="font-size: large">Concurrencia de discapacidad en el alumno o la alumna, en sus padres, madres o tutores o guardadores legales, o en alguno de sus hermanos o hermanas o menores en acogimiento en la misma unidad familiar. En el segundo ciclo de la educación infantil se considerará también la presencia en el alumnado de trastornos del desarrollo.&nbsp;</span></span></li>
<li><span style="font-family: NewsGotT"><span style="font-size: large">Que el alumno o la alumna pertenezca a una familia con la condición de numerosa.&nbsp;</span></span></li>
<li><span style="font-family: NewsGotT"><span style="font-size: large">Que el alumno o la alumna pertenezca a una familia con la condición de monoparental y sea menor de edad o mayor de edad sujeto a patria potestad prorrogada o tutela.</span></span></li>
</ol>
<p><span style="font-family: NewsGotT"><span style="font-size: large"> En caso de empate, se atenderá a la mayor puntuación obtenida, aplicando uno a uno y con carácter excluyente los criterios anteriores en la forma establecida en la normativa vigente. De mantenerse el empate, se aplicará el resultado del sorteo público realizado. En ningún caso habrá discriminación en la admisión del alumnado por razón de nacimiento, raza, sexo, religión, opinión o cualquier otra condición o circunstancia personal o social, ni podrá exigirse la formulación de declaraciones que puedan afectar a la intimidad, creencias o convicciones de los mismos.</span></span></p>
<ul>
<li><b><span style="font-family: NewsGotT"><span style="font-size: large">CALENDARIO</span></span></b></li>
</ul>
<p><span style="font-family: NewsGotT"><span style="font-size: large"> Este calendario queda suspendido por el Real Decreto63/2020, de 14 de marzo, por el que se declara el estado de alarma para la gestión de la situación de crisis sanitaria ocasionada por el COVID-19.Les informaremos de los cambios que se produzcan.</span></span></p>
<ul>
<li><span style="font-family: NewsGotT"><span style="font-size: large">Periodo de admisión</span></span></li>
<li><span style="font-family: NewsGotT"><span style="font-size: large">Período de matriculación: 2 a 8 de Junio</span></span></li>
</ul>
<p><span style="color: #7e0021"><span style="font-family: NewsGotT"><span style="font-size: large">I</span></span></span><a href="http://www.juntadeandalucia.es/educacion/portals/delegate/content/d26442b2-4b4a-433a-9c1e-e1790a29f781/ANEXO%20IV"><span style="color: #7e0021"><span style="font-family: NewsGotT"><span style="font-size: large">mpresos de matrícula para 2º ciclo de educación infantil, ANEXO IV</span></span></span></a></p>
<p><a href="http://www.juntadeandalucia.es/educacion/portals/delegate/content/55fad88e-7bb3-40e3-bbe4-198107487345/ANEXO%20V"><span style="color: #7e0021"><span style="font-family: NewsGotT"><span style="font-size: large">Impresos de matrícula para educación primaria. ANEXO V</span></span></span></a></p>
<p><a href="http://www.juntadeandalucia.es/educacion/portals/delegate/content/84909c76-f6af-4eaa-8a6a-7345b62b1645/ANEXO%20VI"><span style="color: #7e0021"><span style="font-family: NewsGotT"><span style="font-size: large">Impresos de matrícula para educación especial. ANEXO VI</span></span></span></a></p>
<p><a href="http://www.juntadeandalucia.es/educacion/portals/delegate/content/12c1f402-4ea8-4a01-a921-5baa061cc442/ANEXO%20-%20RELIGIÓN"><span style="color: #7e0021"><span style="font-family: NewsGotT"><span style="font-size: large">Solicitud para cursar la enseñanza de religión</span></span></span></a></p>
<p>Horario <strong>Secretaría</strong>: de lunes a viernes de 09:00 h a 10:00 h</p>
<p>Todos los trámites que se necesiten se tienen que gestionar a través de Secretaría y en dicho horario.</p>
<p>Los trámites que puedes llevar a cabo son:</p>
<ul>
<li>matriculación del alumnado</li>
<li>bajas del alumnado</li>
<li>gestión de altas y bajas en los servicios Plan Familia (aula matinal, comedor y actividades extraescolares)</li>
<li>solicitud de certificados</li>
<li>cualquier comunicación a los maestros/as en horario lectivo.</li>
</ul>
<p>&nbsp;</p>

<p>NUEVO PERÍODO DE ESCOLARIZACIÓN: 18 DE MAYO A 1 DE JUNIO PRESENTACIÓN TELEMÁTICA DE SOLICITUDES DE ADMISIÓN Enlace al portal de escolarización-Consejería de Educación y Deporte, Junta de Andalucía NORMATIVA Decreto 21/2020, de 17 de febrero, por el que se regulan los criterios y el procedimiento de admisión del alumnado en los centros docentes públicos &hellip; <a href="https://blogsaverroes.juntadeandalucia.es/ceipcoloniaaraceli/?page_id=77" class="more-link">Continuar leyendo<span class="screen-reader-text"> «Secretaría»</span></a></p>
