{"id":113,"date":"2024-04-23T13:00:00","date_gmt":"2024-04-23T11:00:00","guid":{"rendered":"http:\/\/blogsaverroes.juntadeandalucia.es\/pre\/ceip\/?page_id=113"},"modified":"2025-11-27T13:13:02","modified_gmt":"2025-11-27T11:13:02","slug":"biblioteca","status":"publish","type":"page","link":"https:\/\/blogsaverroes.juntadeandalucia.es\/ceipconcepcionestevarena\/biblioteca\/","title":{"rendered":"Biblioteca"},"content":{"rendered":"<p><a href=\"https:\/\/blogsaverroes.juntadeandalucia.es\/ceipconcepcionestevarena\/files\/2023\/05\/logo-biblioweb-2.png\"><img loading=\"lazy\" decoding=\"async\" class=\" wp-image-4568 alignleft\" src=\"https:\/\/blogsaverroes.juntadeandalucia.es\/ceipconcepcionestevarena\/files\/2023\/05\/logo-biblioweb-2.png\" alt=\"\" width=\"262\" height=\"60\" srcset=\"https:\/\/blogsaverroes.juntadeandalucia.es\/ceipconcepcionestevarena\/files\/2023\/05\/logo-biblioweb-2.png 1600w, https:\/\/blogsaverroes.juntadeandalucia.es\/ceipconcepcionestevarena\/files\/2023\/05\/logo-biblioweb-2-300x68.png 300w, https:\/\/blogsaverroes.juntadeandalucia.es\/ceipconcepcionestevarena\/files\/2023\/05\/logo-biblioweb-2-1024x233.png 1024w, https:\/\/blogsaverroes.juntadeandalucia.es\/ceipconcepcionestevarena\/files\/2023\/05\/logo-biblioweb-2-768x175.png 768w, https:\/\/blogsaverroes.juntadeandalucia.es\/ceipconcepcionestevarena\/files\/2023\/05\/logo-biblioweb-2-1536x349.png 1536w, https:\/\/blogsaverroes.juntadeandalucia.es\/ceipconcepcionestevarena\/files\/2023\/05\/logo-biblioweb-2-2048x466.png 2048w\" sizes=\"(max-width: 262px) 100vw, 262px\" \/><\/a><\/p>\n<p style=\"text-align: center\"><a title=\"Acceso al CAT\u00c1LOGO, DESIDERATA, INFORMACI\u00d3N Y TABL\u00d3N.\" href=\"https:\/\/seneca.juntadeandalucia.es\/seneca\/biblioweb\/portal\/41004745\" target=\"_blank\" rel=\"noopener\"><span style=\"color: #339966\"><strong>Acceso p\u00fablico al CAT\u00c1LOGO, DESIDERATA, INFORMACI\u00d3N Y TABL\u00d3N DE ANUNCIOS.<\/strong><\/span><\/a><\/p>\n<p><em>\u00abAdem\u00e1s, los lectores de la biblioteca podr\u00e1n gestionar personalmente sus propios pr\u00e9stamos, valoraciones, reservas, desideratas y uso de la biblioteca. Dichas funcionalidades est\u00e1n disponibles para los perfiles Profesorado y Lector\/a, accediendo directamente desde <a href=\"https:\/\/seneca.juntadeandalucia.es\/seneca\/jsp\/portal\/\" target=\"_blank\" rel=\"noopener\">S\u00e9neca<\/a>, y para Alumnado y Tutor\/a legal accediendo desde <a href=\"https:\/\/seneca.juntadeandalucia.es\/seneca\/jsp\/portalpasen\/\" target=\"_blank\" rel=\"noopener\">PASEN<\/a>.\u00bb<\/em><\/p>\n<h3 style=\"text-align: center\"><a href=\"https:\/\/blogsaverroes.juntadeandalucia.es\/becrea41004745\/\" target=\"_blank\" rel=\"noopener noreferrer\"><span style=\"color: #000080\">Blog de la Biblioteca Escolar \u00abMaestra Teresa Torres\u00bb<\/span><\/a><\/h3>\n<hr>\n<h3>10 de octubre de 2025<\/h3>\n<p><a href=\"https:\/\/blogsaverroes.juntadeandalucia.es\/ceipconcepcionestevarena\/files\/2025\/10\/II-C-Terror.jpg\"><img loading=\"lazy\" decoding=\"async\" class=\"size-medium wp-image-6645 alignright\" src=\"https:\/\/blogsaverroes.juntadeandalucia.es\/ceipconcepcionestevarena\/files\/2025\/10\/II-C-Terror-212x300.jpg\" alt=\"II Concurso Cuentos de Terror\" width=\"212\" height=\"300\" srcset=\"https:\/\/blogsaverroes.juntadeandalucia.es\/ceipconcepcionestevarena\/files\/2025\/10\/II-C-Terror-212x300.jpg 212w, https:\/\/blogsaverroes.juntadeandalucia.es\/ceipconcepcionestevarena\/files\/2025\/10\/II-C-Terror-724x1024.jpg 724w, https:\/\/blogsaverroes.juntadeandalucia.es\/ceipconcepcionestevarena\/files\/2025\/10\/II-C-Terror-768x1086.jpg 768w, https:\/\/blogsaverroes.juntadeandalucia.es\/ceipconcepcionestevarena\/files\/2025\/10\/II-C-Terror-1086x1536.jpg 1086w, https:\/\/blogsaverroes.juntadeandalucia.es\/ceipconcepcionestevarena\/files\/2025\/10\/II-C-Terror.jpg 1131w\" sizes=\"(max-width: 212px) 100vw, 212px\" \/><\/a>BASES DEL<strong> II CONCURSO CUENTOS DE TERROR<\/strong> DE LA BIBLIOTECA ESCOLAR MAESTRA TERESA TORRES:<br \/>\n* Los cuentos deben cortos e in\u00e9ditos.<br \/>\n* Formato folio A4 vertical<br \/>\n* Extensi\u00f3n m\u00e1xima: 4 carillas de un folio<br \/>\n* Podr\u00e1n incluirse dibujos si se desea.<br \/>\n* Podr\u00e1 presentarse escrito a mano o a ordenador.<br \/>\n* Fecha l\u00edmite de entrega el viernes 24 de octubre.<\/p>\n<h3>&nbsp;<\/h3>\n<h3>&nbsp;<\/h3>\n<h3><strong>Curso 2023-2024<\/strong><\/h3>\n<p><strong><span style=\"font-family: georgia, palatino, serif\">23 de abril de 2024:<\/span><\/strong><\/p>\n<p><span style=\"font-family: georgia, palatino, serif\"><a href=\"https:\/\/blogsaverroes.juntadeandalucia.es\/ceipconcepcionestevarena\/files\/2024\/04\/Cartel_23-abril-web.jpg\"><img loading=\"lazy\" decoding=\"async\" class=\"wp-image-5432 alignright\" src=\"https:\/\/blogsaverroes.juntadeandalucia.es\/ceipconcepcionestevarena\/files\/2024\/04\/Cartel_23-abril-web-300x169.jpg\" alt=\"\" width=\"215\" height=\"121\" srcset=\"https:\/\/blogsaverroes.juntadeandalucia.es\/ceipconcepcionestevarena\/files\/2024\/04\/Cartel_23-abril-web-300x169.jpg 300w, https:\/\/blogsaverroes.juntadeandalucia.es\/ceipconcepcionestevarena\/files\/2024\/04\/Cartel_23-abril-web-1024x576.jpg 1024w, https:\/\/blogsaverroes.juntadeandalucia.es\/ceipconcepcionestevarena\/files\/2024\/04\/Cartel_23-abril-web-768x432.jpg 768w, https:\/\/blogsaverroes.juntadeandalucia.es\/ceipconcepcionestevarena\/files\/2024\/04\/Cartel_23-abril-web.jpg 1058w\" sizes=\"(max-width: 215px) 100vw, 215px\" \/><\/a><\/span><\/p>\n<p><span style=\"font-family: georgia, palatino, serif\">Esta semana con ocasi\u00f3n de la celebraci\u00f3n del&nbsp;<strong>\u00abD\u00eda Mundial del Libro y de los Derechos de Autor\u00bb<\/strong>&nbsp;se va a llevar a cabo la&nbsp;<strong>reapertura<\/strong>&nbsp;de nuestra&nbsp;<strong><em>Biblioteca Escolar \u00abMtra. Teresa Torres\u00bb<\/em><\/strong>. Va a constar de dos partes:<\/span><\/p>\n<p><span style=\"font-family: georgia, palatino, serif\">1. Pr\u00e9stamo de libros, como siempre en el horario de recreo.<\/span><br \/>\n<span style=\"font-family: georgia, palatino, serif\">2. Taller con la elaboraci\u00f3n de puntos de libro de esquina. Este taller se llevar\u00e1 a cabo durante las clases de religi\u00f3n.<\/span><\/p>\n<h4><!--nextpage--><strong>Curso 2023-2024:<\/strong><\/h4>\n<p>El d\u00eda, 26 de mayo de 2023, se asigna la nueva denominaci\u00f3n de la Biblioteca Escolar, quedando este mural en el espacio anexo a la misma: <strong><a href=\"https:\/\/blogsaverroes.juntadeandalucia.es\/ceipconcepcionestevarena\/files\/2023\/05\/Mural-Biblioteca_Biblioweb.jpg\"><img loading=\"lazy\" decoding=\"async\" class=\"wp-image-4571 alignleft\" src=\"https:\/\/blogsaverroes.juntadeandalucia.es\/ceipconcepcionestevarena\/files\/2023\/05\/Mural-Biblioteca_Biblioweb.jpg\" alt=\"\" width=\"184\" height=\"125\" srcset=\"https:\/\/blogsaverroes.juntadeandalucia.es\/ceipconcepcionestevarena\/files\/2023\/05\/Mural-Biblioteca_Biblioweb.jpg 1024w, https:\/\/blogsaverroes.juntadeandalucia.es\/ceipconcepcionestevarena\/files\/2023\/05\/Mural-Biblioteca_Biblioweb-300x203.jpg 300w, https:\/\/blogsaverroes.juntadeandalucia.es\/ceipconcepcionestevarena\/files\/2023\/05\/Mural-Biblioteca_Biblioweb-768x521.jpg 768w\" sizes=\"(max-width: 184px) 100vw, 184px\" \/><\/a><\/strong><\/p>\n<p>&nbsp;<\/p>\n<p>&nbsp;<\/p>\n<p>&nbsp;<\/p>\n<hr>\n<p><strong>23 de abril de 2022: D\u00eda Internacional del Libro<\/strong><\/p>\n<p>Actividad participativa de todo el alumnado: SORBITOS DE LECTURA<\/p>\nngg_shortcode_0_placeholder\n<p><a title=\"Revista 2425 (prueba)\" href=\"https:\/\/blogsaverroes.juntadeandalucia.es\/ceipconcepcionestevarena\/3d-flip-book\/revista-2425-prueba\/\" target=\"_blank\" rel=\"noopener\">Revista prueba<\/a><\/p>\n","protected":false},"excerpt":{"rendered":"<p>Acceso p\u00fablico al CAT\u00c1LOGO, DESIDERATA, INFORMACI\u00d3N Y TABL\u00d3N DE ANUNCIOS. \u00abAdem\u00e1s, los lectores de la biblioteca podr\u00e1n gestionar personalmente sus propios pr\u00e9stamos, valoraciones, reservas, desideratas y uso de la biblioteca. Dichas funcionalidades est\u00e1n disponibles&#46;&#46;&#46;<\/p>\n","protected":false},"author":1,"featured_media":0,"parent":0,"menu_order":0,"comment_status":"closed","ping_status":"open","template":"","meta":{"ngg_post_thumbnail":0,"footnotes":"","_mc_calendar":[]},"aioseo_notices":[],"_links":{"self":[{"href":"https:\/\/blogsaverroes.juntadeandalucia.es\/ceipconcepcionestevarena\/wp-json\/wp\/v2\/pages\/113"}],"collection":[{"href":"https:\/\/blogsaverroes.juntadeandalucia.es\/ceipconcepcionestevarena\/wp-json\/wp\/v2\/pages"}],"about":[{"href":"https:\/\/blogsaverroes.juntadeandalucia.es\/ceipconcepcionestevarena\/wp-json\/wp\/v2\/types\/page"}],"author":[{"embeddable":true,"href":"https:\/\/blogsaverroes.juntadeandalucia.es\/ceipconcepcionestevarena\/wp-json\/wp\/v2\/users\/1"}],"replies":[{"embeddable":true,"href":"https:\/\/blogsaverroes.juntadeandalucia.es\/ceipconcepcionestevarena\/wp-json\/wp\/v2\/comments?post=113"}],"version-history":[{"count":28,"href":"https:\/\/blogsaverroes.juntadeandalucia.es\/ceipconcepcionestevarena\/wp-json\/wp\/v2\/pages\/113\/revisions"}],"predecessor-version":[{"id":6700,"href":"https:\/\/blogsaverroes.juntadeandalucia.es\/ceipconcepcionestevarena\/wp-json\/wp\/v2\/pages\/113\/revisions\/6700"}],"wp:attachment":[{"href":"https:\/\/blogsaverroes.juntadeandalucia.es\/ceipconcepcionestevarena\/wp-json\/wp\/v2\/media?parent=113"}],"curies":[{"name":"wp","href":"https:\/\/api.w.org\/{rel}","templated":true}]}}