{"id":2873,"date":"2021-09-30T12:30:58","date_gmt":"2021-09-30T12:30:58","guid":{"rendered":"https:\/\/blogsaverroes.juntadeandalucia.es\/ceipconcepcionestevarena\/?page_id=2873"},"modified":"2024-10-14T13:23:55","modified_gmt":"2024-10-14T11:23:55","slug":"consejo-escolar","status":"publish","type":"page","link":"https:\/\/blogsaverroes.juntadeandalucia.es\/ceipconcepcionestevarena\/consejo-escolar\/","title":{"rendered":"Consejo Escolar"},"content":{"rendered":"<h2><strong>Elecciones a Consejos Escolares. 2024-2025.<\/strong><\/h2>\n<hr>\n<h6><span style=\"color: #0000ff\">14 de octubre de 2024<\/span><\/h6>\n<h4><strong>CALENDARIO GENERAL DE ELECCIONES EN EL CONSEJO ESCOLAR. 2024-2025<\/strong>:<\/h4>\n<p>* <a title=\"Convocatoria elecciones Madres y Padres (f)\" href=\"https:\/\/drive.google.com\/file\/d\/1eavUMMl1S_4bQfAzHIYvvNdJvC9mR9aE\/view?usp=drive_link\" target=\"_blank\" rel=\"noopener\">Convocatoria elecciones Madres y Padres (f)<\/a><\/p>\n<p><strong>1.<\/strong> Las <strong>CANDIDATURAS<\/strong> podr\u00e1n ser presentadas por escrito dirigido a la Junta Electoral, desde el d\u00eda <span style=\"text-decoration: underline\">14 de octubre de 2024 hasta el d\u00eda 25 de octubre de 2024.<\/span><\/p>\n<p><strong><em>Formularios de candidaturas <\/em><\/strong><em>(impresos en PDF rellenable: cumplimentar, firmar e imprimir en PDF)<\/em><strong><em>:<\/em><\/strong><\/p>\n<ul>\n<li>Madres\/Padres\/representantes legales del alumnado: <a href=\"https:\/\/blogsaverroes.juntadeandalucia.es\/ceipconcepcionestevarena\/files\/2022\/10\/Solicitud_candadidatura-MP.pdf\">Solicitud_candadidatura-MP<\/a><\/li>\n<li>Profesorado: <a href=\"https:\/\/blogsaverroes.juntadeandalucia.es\/ceipconcepcionestevarena\/files\/2022\/10\/Solicitud_candadidatura-PRO.pdf\" target=\"_blank\" rel=\"noopener noreferrer\">Solicitud_candadidatura-PROF<\/a><\/li>\n<li>PAS y PAEC: <a href=\"https:\/\/blogsaverroes.juntadeandalucia.es\/ceipconcepcionestevarena\/files\/2022\/10\/Solicitud_candadidatura-PAS.pdf\" target=\"_blank\" rel=\"noopener noreferrer\">Solicitud_candadidatura-PAS-PAEC<\/a><\/li>\n<\/ul>\n<p><strong><em>Modalidad de presentaci\u00f3n<\/em><\/strong>:<\/p>\n<ul>\n<li>Telem\u00e1tica <em>(acceso con certificado digital, Cl@ve o credenciales Pasen\/S\u00e9neca)<\/em>: <a href=\"https:\/\/www.juntadeandalucia.es\/educacion\/secretariavirtual\/accesoTramite\/462\/\" target=\"_blank\" rel=\"noopener noreferrer\">Secretar\u00eda Virtual &#8211; Presentaci\u00f3n Electr\u00f3nica General en el Centro Educativo<\/a><\/li>\n<li>Presencial: Secretar\u00eda de 10:30h a 12:00h.<\/li>\n<\/ul>\n<p><strong>2. Publicaci\u00f3n listados de candidatos y candidatas:<\/strong> <span style=\"text-decoration: underline\">28 de octubre de 2024<\/span> (provisional) y <span style=\"text-decoration: underline\">31 de octubre de 2024<\/span> (definitiva).<\/p>\n<p><strong>3.<\/strong> <strong>Campa\u00f1a electoral:<\/strong> Desde el <span style=\"text-decoration: underline\">4 al 14 de noviembre de 2024<\/span>.<\/p>\n<p><strong>4.<\/strong> <a title=\"Folleto tr\u00edptico Voto Electr\u00f3nico\" href=\"https:\/\/drive.google.com\/file\/d\/1MJ1kP1pJjWOfxLCRetirRyO_w6eRFbyC\/view?usp=drive_link\" target=\"_blank\" rel=\"noopener\"><strong>VOTO ELECTR\u00d3NICO<\/strong><\/a> para las familias: Desde el <span style=\"text-decoration: underline\">4 al 14 de noviembre de 2024<\/span>.<\/p>\n<p><strong>5.<\/strong> Fecha de celebraci\u00f3n del<strong> sorteo para determinar los miembros (titulares y suplentes) de la mesa electoral de Madres y Padres del Alumnado<\/strong>: <span style=\"text-decoration: underline\">4 de noviembre de 204 a las 14:00<\/span> horas.<\/p>\n<p><strong>6. Celebraci\u00f3n de las elecciones<\/strong> por sectores:<\/p>\n<ul>\n<li><strong>Madres y Padres del Alumnado: <span style=\"text-decoration: underline\">19 de noviembre de 2024 (martes)<\/span>.<br \/>\n<\/strong><\/li>\n<li><strong>Profesorado, Personal de Administraci\u00f3n y Servicios y, en su caso de Atenci\u00f3n Educativa Complementaria: <span style=\"text-decoration: underline\">21 de noviembre de 2024 (jueves)<\/span>.<br \/>\n<\/strong><\/li>\n<\/ul>\n<p><strong>7. Proclamaci\u00f3n de los representantes electos:<\/strong> <span style=\"text-decoration: underline\">29 de noviembre de 2024<\/span>.<\/p>\n<p><strong>8. Constituci\u00f3n del nuevo Consejo Escolar: <\/strong><span style=\"text-decoration: underline\">16 <\/span><span style=\"text-decoration: underline\">de diciembre de 2024.<\/span><\/p>\n<hr>\n<h6 align=\"justify\"><span style=\"color: #0000ff\">17 de septiembre de 2024:<\/span><\/h6>\n<p>Comunicado de sorteo para designaci\u00f3n de componentes de la Junta Electoral: 04\/09\/2024 a las 14:00h. <a title=\"Elecciones a Consejos Escolares 24-25: Sorteo designaci\u00f3n Junta Electoral\" href=\"https:\/\/blogsaverroes.juntadeandalucia.es\/ceipconcepcionestevarena\/elecciones-a-consejos-escolares-24-25-sorteo-designacion-junta-electoral\/\" target=\"_blank\" rel=\"noopener\">Ver&gt;&gt;&gt;<\/a><\/p>\n<h6>13 de septiembre de 2024:<\/h6>\n<p>La RESOLUCI\u00d3N de 6 de septiembre de 2024, de la Direcci\u00f3n General de Participaci\u00f3n e Inclusi\u00f3n Educativa establece el calendario para el desarrollo de las elecciones de representantes en los Consejos Escolares de los centros docentes sostenidos con fondos p\u00fablicos de la Comunidad Aut\u00f3noma de Andaluc\u00eda, a excepci\u00f3n de los centros espec\u00edficos de educaci\u00f3n permanente de personas adultas para el curso 2024\/2025. <a title=\"Resoluci\u00f3n de 6 de septiembre de 2024\" href=\"https:\/\/www.juntadeandalucia.es\/educacion\/portals\/web\/ced\/novedades\/-\/contenidos\/detalle\/celebracion-de-elecciones-a-consejos-escolares-y-consejos-de-residencias-escolares-durante-el-primer-trimestre-del-1omwbb3138an2\" target=\"_blank\" rel=\"noopener\">Ver&gt;&gt;&gt;<\/a><\/p>\n<p><!--nextpage--><\/p>\n<h2><strong>Elecciones<\/strong> a Consejos Escolares 2022-2023<\/h2>\n<hr>\n<h4><strong>CONVOCATORIA DE ELECCIONES DE REPRESENTANTES DE MADRES Y PADRES DEL ALUMNADO EN EL CONSEJO ESCOLAR.<\/strong> <a href=\"https:\/\/blogsaverroes.juntadeandalucia.es\/ceipconcepcionestevarena\/files\/2022\/10\/Convocatoria-Elecc.-CE-2022_-Madres-y-Padres-del-Alumnado.pdf\" target=\"_blank\" rel=\"noopener noreferrer\">Imprimir\/ver convocatoria (firmada)<\/a><\/h4>\n<p align=\"justify\">1. El <strong>CENSO ELECTORAL<\/strong> de todas las madres y padres del alumnado estar\u00e1 expuesto en los tablones de anuncios del Centro hasta finalizar el proceso electoral.<\/p>\n<p align=\"justify\">2. Las <strong>RECLAMACIONES al cens<\/strong>o se realizar\u00e1n mediante escrito razonado dirigido a la Junta Electoral, <span style=\"text-decoration: underline\">hasta el d\u00eda 3 de noviembre de 2022, inclusive<\/span>.<\/p>\n<p align=\"justify\">3. Las <strong>CANDIDATURAS<\/strong> podr\u00e1n ser presentadas por escrito dirigido a la Junta Electoral, desde el d\u00eda <span style=\"text-decoration: underline\">20 de octubre de 2022 hasta el d\u00eda, 3 de noviembre de 2022<\/span>:<\/p>\n<ul>\n<li><strong><em>Formularios de candidaturas <\/em><\/strong><em>(impresos en PDF rellenable: cumplimentar, firmar e imprimir en PDF)<\/em><strong><em>:<\/em><\/strong> <a href=\"https:\/\/blogsaverroes.juntadeandalucia.es\/ceipconcepcionestevarena\/files\/2022\/10\/Solicitud_candadidatura-MP.pdf\" target=\"_blank\" rel=\"noopener noreferrer\">Solicitud_candadidatura-MP<\/a><\/li>\n<li><strong><em>Modalidad de presentaci\u00f3n (candidatura independiente)<\/em><\/strong>:\n<ul>\n<li>Telem\u00e1tica <em>(acceso con certificado digital, Cl@ve o credenciales Pasen\/iPasen del representante legal que realiza la presentaci\u00f3n)<\/em>: <a href=\"https:\/\/www.juntadeandalucia.es\/educacion\/secretariavirtual\/accesoTramite\/462\/\" target=\"_blank\" rel=\"noopener noreferrer\">Secretar\u00eda Virtual<\/a><\/li>\n<li>Presencial: Secretar\u00eda de 10:30 a 12:00 horas<\/li>\n<\/ul>\n<\/li>\n<\/ul>\n<p align=\"justify\">4. Cuando la <strong>candidatura<\/strong> fuera <strong>presentada de forma conjunta por una asociaci\u00f3n de madres y padres del alumnado<\/strong>, deber\u00e1 hacerse constar \u00e9sta y <span style=\"text-decoration: underline\">presentar a trav\u00e9s de la misma<\/span>.<\/p>\n<p align=\"justify\">5. Las <strong>CANDIDATURAS<\/strong> ser\u00e1n <strong>proclamadas y publicadas en los tablones de anuncios<\/strong> del Centro a partir del d\u00eda 9 de noviembre de 2022.<\/p>\n<p align=\"justify\">6. El <strong>SORTEO<\/strong> p\u00fablico de los <strong>miembros de la Mesa Electoral<\/strong> ser\u00e1 realizado en dicho Centro, el d\u00eda <span style=\"text-decoration: underline\">15 de noviembre, a las 14:00 horas.<\/span><\/p>\n<p align=\"justify\">7. La <strong>MESA ELECTORAL<\/strong> ser\u00e1 constituida inmediatamente antes del inicio de las votaciones. Cada persona electora deber\u00e1 acreditar su identidad, a la hora de votar, presentando su DNI o documento equivalente.<\/p>\n<p align=\"justify\">8. Las <strong>VOTACIONES<\/strong> se realizar\u00e1n en el Centro el d\u00eda <span style=\"text-decoration: underline\">22 de noviembre de 2022<\/span>.<\/p>\n<p align=\"justify\">9. Finalizadas las votaciones, se proceder\u00e1 al escrutinio de los votos, que ser\u00e1 p\u00fablico, y una vez realizado, se levantar\u00e1 acta que firmar\u00e1n todas las personas componentes de la Mesa, en la que se har\u00e1n constar las personas representantes elegidas por mayor n\u00famero de votos y todas las dem\u00e1s que hayan obtenido votos. Dicha acta ser\u00e1 enviada a la Junta Electoral, a efectos de proclamaci\u00f3n de las distintas candidaturas elegidas.<\/p>\n<p align=\"justify\">10. La Junta Electoral del Centro resolver\u00e1 cualquier duda, consulta o reclamaci\u00f3n que pudiera surgir.<\/p>\n<hr>\n<h4><strong>CALENDARIO GENERAL DE ELECCIONES EN EL CONSEJO ESCOLAR. 2022-2023<\/strong>:<\/h4>\n<ul>\n<li style=\"list-style-type: none\">\n<ul>\n<li>Plazo de presentaci\u00f3n de <strong>reclamaciones contra el censo electoral<\/strong>: <span style=\"text-decoration: underline\">Hasta el 3 de noviembre de 2022<\/span>.<\/li>\n<li>Plazo de <strong>admisi\u00f3n de candidaturas<\/strong>: Desde el <span style=\"text-decoration: underline\">20 de octubre hasta el 3 de noviembre de 2022<\/span>, ambos inclusive:\n<ul>\n<li><strong><em>Formularios de candidaturas <\/em><\/strong><em>(impresos en PDF rellenable: cumplimentar, firmar e imprimir en PDF)<\/em><strong><em>:<\/em><\/strong>\n<ul>\n<li>Madres\/Padres\/representantes legales del alumnado: <a href=\"https:\/\/blogsaverroes.juntadeandalucia.es\/ceipconcepcionestevarena\/files\/2022\/10\/Solicitud_candadidatura-MP.pdf\">Solicitud_candadidatura-MP<\/a><\/li>\n<li>Profesorado: <a href=\"https:\/\/blogsaverroes.juntadeandalucia.es\/ceipconcepcionestevarena\/files\/2022\/10\/Solicitud_candadidatura-PRO.pdf\" target=\"_blank\" rel=\"noopener noreferrer\">Solicitud_candadidatura-PROF<\/a><\/li>\n<li>PAS y PAEC: <a href=\"https:\/\/blogsaverroes.juntadeandalucia.es\/ceipconcepcionestevarena\/files\/2022\/10\/Solicitud_candadidatura-PAS.pdf\" target=\"_blank\" rel=\"noopener noreferrer\">Solicitud_candadidatura-PAS-PAEC<\/a><\/li>\n<\/ul>\n<\/li>\n<li><strong><em>Modalidad de presentaci\u00f3n<\/em><\/strong>:\n<ul>\n<li>Telem\u00e1tica <em>(acceso con certificado digital, Cl@ve o credenciales Pasen\/S\u00e9neca)<\/em>: <a href=\"https:\/\/www.juntadeandalucia.es\/educacion\/secretariavirtual\/accesoTramite\/462\/\" target=\"_blank\" rel=\"noopener noreferrer\">Secretar\u00eda Virtual &#8211; Presentaci\u00f3n Electr\u00f3nica General en el Centro Educativo<\/a><\/li>\n<li>Presencial: Secretar\u00eda de 10:30 a 12:00 horas<\/li>\n<\/ul>\n<\/li>\n<\/ul>\n<\/li>\n<li><strong>Publicaci\u00f3n listados de candidatos y candidatas:<\/strong> <span style=\"text-decoration: underline\">4 de noviembre (lista provisional) y 9 de noviembre de 2022 (lista definitiva).<\/span><\/li>\n<li><strong>Campa\u00f1a electoral:<\/strong> Desde el <span style=\"text-decoration: underline\">10 hasta el 18 de noviembre de 2022<\/span>, ambos inclusive.<\/li>\n<li>Fecha de celebraci\u00f3n del<strong> sorteo para determinar los miembros de la mesa electoral de Madres\/Padres y Tutores del Alumnado<\/strong>:<span style=\"text-decoration: underline\"> 15 de noviembre de 2022 a las 14:00 horas.<\/span><\/li>\n<li><strong>Celebraci\u00f3n de las elecciones<\/strong> por sectores:\n<ul>\n<li><strong><span style=\"text-decoration: underline\">22 de noviembre de 2022<\/span>: Sector de Madres\/Padres y Tutores del Alumnado.<\/strong><\/li>\n<li><strong><span style=\"text-decoration: underline\">24 de noviembre de 2022<\/span>: sectores del Profesorado, Personal de Administraci\u00f3n y Servicios y, en su caso de Atenci\u00f3n Educativa Complementaria.<\/strong><\/li>\n<\/ul>\n<\/li>\n<li><strong>Proclamaci\u00f3n de los representantes electos:<\/strong> <span style=\"text-decoration: underline\">7 de diciembre de 2022<\/span>.<\/li>\n<li><strong>Constituci\u00f3n del nuevo Consejo Escolar:<\/strong> Antes del 21 de diciembre de 2022.<\/li>\n<\/ul>\n<\/li>\n<\/ul>\n<hr>\n<ul>\n<li style=\"text-align: left\">\n<h4><strong><span style=\"color: #000000\">30\/09\/2022:<\/span><\/strong><\/h4>\n<p><a href=\"https:\/\/blogsaverroes.juntadeandalucia.es\/ceipconcepcionestevarena\/files\/2022\/09\/Convocatoria-Sorte-Junta-Electoral_-04-10-2022.pdf\" target=\"_blank\" rel=\"noopener noreferrer\">Convocatoria de sorteo p\u00fablico<\/a>, para la designaci\u00f3n de miembros de la Junta Electoral:<\/p>\n<p style=\"text-align: center\"><strong>4 de octubre de 2022 a las 14:00 horas<\/strong>.<\/p>\n<p><em>El resultado de dicho sorte p\u00fablico ser\u00e1 notificado personalmente a las personas elegidas; al mismo tiempo, se les convocar\u00e1 para el acto de constituci\u00f3n de la mencionada Junta Electoral.<\/em><\/li>\n<\/ul>\n<hr>\n<ul>\n<li><a href=\"https:\/\/www.juntadeandalucia.es\/eboja\/2022\/178\/BOJA22-178-00003-14519-01_00267794.pdf\" target=\"_blank\" rel=\"noopener noreferrer\">Resoluci\u00f3n de 12 de septiembre de 2022<\/a>, de la Direcci\u00f3n General de Ordenaci\u00f3n, Inclusi\u00f3n, Participaci\u00f3n y Evaluaci\u00f3n Educativa, por la que se establece el calendario para el desarrollo de las <strong>elecciones de representantes en los Consejos Escolares<\/strong> de los centros docentes sostenidos con fondos p\u00fablicos de la Comunidad Aut\u00f3noma de Andaluc\u00eda, a excepci\u00f3n de los centros espec\u00edficos de educaci\u00f3n permanente de personas adultas para el <strong>curso 2022\/2023<\/strong>.<\/li>\n<\/ul>\n<p><a href=\"https:\/\/www.juntadeandalucia.es\/educacion\/portals\/web\/ced\/novedades\/-\/contenidos\/detalle\/celebracion-de-elecciones-a-consejos-escolares-y-consejos-de-residencias-escolares-durante-el-primer-trimestre-del-1omwbb3138an2\" target=\"_blank\" rel=\"noopener noreferrer\">Informaci\u00f3n complementaria<\/a>, disponible en la web de la Consejer\u00eda de Desarrollo Educativo y Formaci\u00f3n Profesional.<\/p>\n<p><!--nextpage--><\/p>\n<h2>Elecciones extraordinarias a Consejo Escolar 2021<\/h2>\n<ul>\n<li><a href=\"https:\/\/blogsaverroes.juntadeandalucia.es\/ceipconcepcionestevarena\/files\/2021\/09\/RESOLUCION-24-09-2021_FIRMADA.pdf\" target=\"_blank\" rel=\"noopener noreferrer\">Resoluci\u00f3n de convocatoria de elecciones extraordinarias 2021.<\/a><\/li>\n<li><a href=\"https:\/\/blogsaverroes.juntadeandalucia.es\/ceipconcepcionestevarena\/files\/2021\/09\/documento24.pdf\" target=\"_blank\" rel=\"noopener noreferrer\">CONVOCATORIA PARA LA DESIGNACI\u00d3N, MEDIANTE SORTEO P\u00daBLICO, DE LA JUNTA ELECTORAL<\/a><\/li>\n<li>\n<h4><span style=\"color: #000080\"><a href=\"https:\/\/blogsaverroes.juntadeandalucia.es\/ceipconcepcionestevarena\/files\/2021\/10\/documento13.pdf\" target=\"_blank\" rel=\"noopener noreferrer\">Circular informativa y Calendario electoral:<\/a><\/span><\/h4>\n<\/li>\n<li>Plazo de presentaci\u00f3n de reclamaciones contra el censo electoral: <strong>Hasta el 28 de octubre de 2021.<\/strong><\/li>\n<li>Plazo de admisi\u00f3n de candidaturas: <strong>Del 15 al 28 de octubre de 2021, ambos inclusive.<\/strong><\/li>\n<li>Publicaci\u00f3n listados de candidatos y candidatas: <strong>29 de octubre de 2021 (provisionales) y 3 de noviembre de 2021 (definitivas).<\/strong><\/li>\n<li>Campa\u00f1a electoral: <strong>Desde el 4 de noviembre al 12 de noviembre de 2021, ambos inclusive.<\/strong><\/li>\n<li>Fecha de celebraci\u00f3n del sorteo para determinar los miembros de la mesa electoral de Padres, Madres y Tutores del Alumnado: <strong>9 de noviembre de 2021 a las 14:00 horas.<\/strong><\/li>\n<li>Celebraci\u00f3n de las elecciones por sectores:\n<ul style=\"list-style-type: square\">\n<li><strong><span style=\"text-decoration: underline\">16 de noviembre de 2021:<\/span> Profesorado, Personal de Administraci\u00f3n y Servicios y, en su caso de Atenci\u00f3n Educativa Complementaria. <\/strong><\/li>\n<li><strong><span style=\"text-decoration: underline\">17 de noviembre de 2021:<\/span> Padres, Madres y Tutores del Alumnado.<\/strong><\/li>\n<\/ul>\n<\/li>\n<li>Proclamaci\u00f3n de los representantes electos: <strong>22 de noviembre de 2021.<\/strong><\/li>\n<li>Constituci\u00f3n del nuevo Consejo Escolar: <strong>Antes del 17 de diciembre de 2021.<\/strong><\/li>\n<\/ul>\n","protected":false},"excerpt":{"rendered":"<p>Elecciones a Consejos Escolares. 2024-2025. 14 de octubre de 2024 CALENDARIO GENERAL DE ELECCIONES EN EL CONSEJO ESCOLAR. 2024-2025: * Convocatoria elecciones Madres y Padres (f) 1. Las CANDIDATURAS podr\u00e1n ser presentadas por escrito&#46;&#46;&#46;<\/p>\n","protected":false},"author":10234,"featured_media":0,"parent":0,"menu_order":0,"comment_status":"closed","ping_status":"closed","template":"","meta":{"ngg_post_thumbnail":0,"footnotes":"","_mc_calendar":[]},"aioseo_notices":[],"_links":{"self":[{"href":"https:\/\/blogsaverroes.juntadeandalucia.es\/ceipconcepcionestevarena\/wp-json\/wp\/v2\/pages\/2873"}],"collection":[{"href":"https:\/\/blogsaverroes.juntadeandalucia.es\/ceipconcepcionestevarena\/wp-json\/wp\/v2\/pages"}],"about":[{"href":"https:\/\/blogsaverroes.juntadeandalucia.es\/ceipconcepcionestevarena\/wp-json\/wp\/v2\/types\/page"}],"author":[{"embeddable":true,"href":"https:\/\/blogsaverroes.juntadeandalucia.es\/ceipconcepcionestevarena\/wp-json\/wp\/v2\/users\/10234"}],"replies":[{"embeddable":true,"href":"https:\/\/blogsaverroes.juntadeandalucia.es\/ceipconcepcionestevarena\/wp-json\/wp\/v2\/comments?post=2873"}],"version-history":[{"count":38,"href":"https:\/\/blogsaverroes.juntadeandalucia.es\/ceipconcepcionestevarena\/wp-json\/wp\/v2\/pages\/2873\/revisions"}],"predecessor-version":[{"id":5825,"href":"https:\/\/blogsaverroes.juntadeandalucia.es\/ceipconcepcionestevarena\/wp-json\/wp\/v2\/pages\/2873\/revisions\/5825"}],"wp:attachment":[{"href":"https:\/\/blogsaverroes.juntadeandalucia.es\/ceipconcepcionestevarena\/wp-json\/wp\/v2\/media?parent=2873"}],"curies":[{"name":"wp","href":"https:\/\/api.w.org\/{rel}","templated":true}]}}