{"id":49,"date":"2015-03-13T08:47:05","date_gmt":"2015-03-13T08:47:05","guid":{"rendered":"http:\/\/blogsaverroes.juntadeandalucia.es\/pre\/ceip\/?page_id=49"},"modified":"2025-06-05T21:08:29","modified_gmt":"2025-06-05T19:08:29","slug":"proyecto-educativo","status":"publish","type":"page","link":"https:\/\/blogsaverroes.juntadeandalucia.es\/ceipconcepcionestevarena\/proyecto-educativo\/","title":{"rendered":"Proyecto Educativo de Centro"},"content":{"rendered":"<p><img loading=\"lazy\" decoding=\"async\" class=\"alignleft wp-image-1662 size-thumbnail\" src=\"https:\/\/blogsaverroes.juntadeandalucia.es\/ceipconcepcionestevarena\/files\/2015\/03\/proyecto-150x150.png\" alt=\"proyecto\" width=\"150\" height=\"150\" srcset=\"https:\/\/blogsaverroes.juntadeandalucia.es\/ceipconcepcionestevarena\/files\/2015\/03\/proyecto-150x150.png 150w, https:\/\/blogsaverroes.juntadeandalucia.es\/ceipconcepcionestevarena\/files\/2015\/03\/proyecto-160x160.png 160w\" sizes=\"(max-width: 150px) 100vw, 150px\" \/><\/p>\n<p>El centro se define en gran medida por su <strong>Proyecto Educativo<\/strong>. En \u00e9l se pretende plasmar el modelo educativo y la concreci\u00f3n de la normativa que el centro realiza respecto a las ense\u00f1anzas que imparte. Aspectos tales como las finales educativas, objetivos, atenci\u00f3n a la diversidad, etc.<\/p>\n<p>Que la web de un centro informe de su Proyecto Educativo es una apuesta clara por la <strong>transparencia<\/strong>.<\/p>\n<p>Acceso a los documentos que componen el Proyecto Educativo del centro, aprobados como documento inicial por el Consejo Escolar&nbsp; el 11 de noviembre de 2019 y sus posteriores revisiones al mismo:<\/p>\n<ul>\n<li><a href=\"https:\/\/blogsaverroes.juntadeandalucia.es\/ceipconcepcionestevarena\/files\/2022\/07\/01-Proyecto-Educativo_2122_v40-rm.pdf\" target=\"_blank\" rel=\"noopener noreferrer\">01 Proyecto Educativo: 08\/11\/2021<\/a>: <em>Incluye actualizaciones en T\u00cdTULO VI. PROCEDIMIENTOS Y CRITERIOS DE EVALUACI\u00d3N Y PROMOCI\u00d3N. (P\u00e1g. 83) y T\u00cdTULO VIII. ORGANIZACI\u00d3N DE LAS ACTIVIDADES DE REFUERZO Y RECUPERACI\u00d3N. (P\u00e1g. 127).<\/em><\/li>\n<li><a title=\"Proyecto Educativo (Junio, 2024)\" href=\"https:\/\/drive.google.com\/file\/d\/1fbdF2wnkY13_C-H0rpKKZJy4PGmBU6aG\/view?usp=sharing\" target=\"_blank\" rel=\"noopener\">01 Proyecto Educativo (Junio, 2024)<\/a>\n<ul>\n<li><a title=\"Plan Lector, 2024\" href=\"https:\/\/drive.google.com\/file\/d\/1YeI117b27B09cK_ljjCItfKYzlx9MFoV\/view?usp=sharing\" target=\"_blank\" rel=\"noopener\">Plan Lector: Junio, 2024.<\/a><\/li>\n<li><a title=\"Plan de Convivencia\" href=\"https:\/\/blogsaverroes.juntadeandalucia.es\/ceipconcepcionestevarena\/files\/2025\/03\/PLAN-DE-CONVIVENCIA-24-25.pdf\" target=\"_blank\" rel=\"noopener\">Plan de Convivencia (10\/02\/2025)<\/a> (<a title=\"Plan de Convivencia 2025\" href=\"https:\/\/blogsaverroes.juntadeandalucia.es\/ceipconcepcionestevarena\/3d-flip-book\/plan-de-convivencia-2025\/\" target=\"_blank\" rel=\"noopener\">Plan de Convivencia 2025)<\/a><\/li>\n<\/ul>\n<\/li>\n<li>02. Reglamento de Organizaci\u00f3n y Funcionamiento (11\/11\/2019)<\/li>\n<li><a title=\"Reglamento de Organizaci\u00f3n y Funcionamiento\" href=\"https:\/\/blogsaverroes.juntadeandalucia.es\/ceipconcepcionestevarena\/files\/2023\/05\/ROF-Texto-consolidado-CE-de-15-05-2023.pdf\" target=\"_blank\" rel=\"noopener noreferrer\">02. Reglamento de Organizaci\u00f3n y Funcionamiento. Texto consolidado C.E. de 15\/05\/2023<\/a><\/li>\n<li><a href=\"https:\/\/blogsaverroes.juntadeandalucia.es\/ceipconcepcionestevarena\/files\/2020\/07\/03-Proyecto-Gestion-1920_edit_v035.pdf\" target=\"_blank\" rel=\"noopener noreferrer\">03 Proyecto Gesti\u00f3n (11\/11\/2019)<\/a><\/li>\n<\/ul>\n","protected":false},"excerpt":{"rendered":"<p>El centro se define en gran medida por su Proyecto Educativo. En \u00e9l se pretende plasmar el modelo educativo y la concreci\u00f3n de la normativa que el centro realiza respecto a las ense\u00f1anzas que&#46;&#46;&#46;<\/p>\n","protected":false},"author":1,"featured_media":0,"parent":0,"menu_order":0,"comment_status":"closed","ping_status":"open","template":"","meta":{"ngg_post_thumbnail":0,"footnotes":"","_mc_calendar":[]},"aioseo_notices":[],"_links":{"self":[{"href":"https:\/\/blogsaverroes.juntadeandalucia.es\/ceipconcepcionestevarena\/wp-json\/wp\/v2\/pages\/49"}],"collection":[{"href":"https:\/\/blogsaverroes.juntadeandalucia.es\/ceipconcepcionestevarena\/wp-json\/wp\/v2\/pages"}],"about":[{"href":"https:\/\/blogsaverroes.juntadeandalucia.es\/ceipconcepcionestevarena\/wp-json\/wp\/v2\/types\/page"}],"author":[{"embeddable":true,"href":"https:\/\/blogsaverroes.juntadeandalucia.es\/ceipconcepcionestevarena\/wp-json\/wp\/v2\/users\/1"}],"replies":[{"embeddable":true,"href":"https:\/\/blogsaverroes.juntadeandalucia.es\/ceipconcepcionestevarena\/wp-json\/wp\/v2\/comments?post=49"}],"version-history":[{"count":31,"href":"https:\/\/blogsaverroes.juntadeandalucia.es\/ceipconcepcionestevarena\/wp-json\/wp\/v2\/pages\/49\/revisions"}],"predecessor-version":[{"id":6530,"href":"https:\/\/blogsaverroes.juntadeandalucia.es\/ceipconcepcionestevarena\/wp-json\/wp\/v2\/pages\/49\/revisions\/6530"}],"wp:attachment":[{"href":"https:\/\/blogsaverroes.juntadeandalucia.es\/ceipconcepcionestevarena\/wp-json\/wp\/v2\/media?parent=49"}],"curies":[{"name":"wp","href":"https:\/\/api.w.org\/{rel}","templated":true}]}}