{"id":5734,"date":"2024-09-01T00:01:02","date_gmt":"2024-08-31T22:01:02","guid":{"rendered":"https:\/\/blogsaverroes.juntadeandalucia.es\/ceipconcepcionestevarena\/?page_id=5734"},"modified":"2024-08-31T21:38:49","modified_gmt":"2024-08-31T19:38:49","slug":"solicitud-de-gratuidad-bonificaciones-24-25","status":"publish","type":"page","link":"https:\/\/blogsaverroes.juntadeandalucia.es\/ceipconcepcionestevarena\/solicitud-de-gratuidad-bonificaciones-24-25\/","title":{"rendered":"Solicitud de gratuidad\/bonificaciones 24-25"},"content":{"rendered":"<p align=\"left\">Solicitud de <strong>gratuidad\/bonificaciones<\/strong>: Del <strong>1 al 9 de septiembre de 2024<\/strong>. (<em>Tr\u00e1mite obligatorio para todo el alumnado beneficiario del PRAI-SYGA).:<\/em><a href=\"https:\/\/blogsaverroes.juntadeandalucia.es\/ceipconcepcionestevarena\/files\/2023\/09\/bonificaciones_svc_23_24-acreditaciones.pdf\" target=\"_blank\" rel=\"noopener\">(acreditaciones de situaciones)<\/a><\/p>\n<ul>\n<li>Presentaci\u00f3n electr\u00f3nica (<a href=\"https:\/\/www.juntadeandalucia.es\/educacion\/secretariavirtual\/accesoTramite\/381\/\" target=\"_blank\" rel=\"noopener\"><strong>Secretar\u00eda Virtual<\/strong><\/a>): https:\/\/www.juntadeandalucia.es\/educacion\/secretariavirtual\/accesoTramite\/381\/<\/li>\n<li>Presentaci\u00f3n presencial: De 10:30h a 12:00h. (<a href=\"https:\/\/www.juntadeandalucia.es\/educacion\/portals\/delegate\/content\/74016212-4361-405a-a81c-9e6909e07964\/Anexo%20V:%20Solicitud%20de%20gratuidad\/bonificaci%C3%B3n%20del%20precio%20p%C3%BAblico%20por%20los%20servicios%20complementarios%20de%20aula%20matinal,%20comedor%20escolar%20y%20actividades%20extraescolares\" target=\"_blank\" rel=\"noopener\">Solicitud Anexo V<\/a>)<\/li>\n<\/ul>\n","protected":false},"excerpt":{"rendered":"<p>Solicitud de gratuidad\/bonificaciones: Del 1 al 9 de septiembre de 2024. (Tr\u00e1mite obligatorio para todo el alumnado beneficiario del PRAI-SYGA).:(acreditaciones de situaciones) Presentaci\u00f3n electr\u00f3nica (Secretar\u00eda Virtual): https:\/\/www.juntadeandalucia.es\/educacion\/secretariavirtual\/accesoTramite\/381\/ Presentaci\u00f3n presencial: De 10:30h a 12:00h. (Solicitud&#46;&#46;&#46;<\/p>\n","protected":false},"author":1000,"featured_media":0,"parent":0,"menu_order":0,"comment_status":"closed","ping_status":"closed","template":"","meta":{"ngg_post_thumbnail":0,"footnotes":"","_mc_calendar":[]},"aioseo_notices":[],"_links":{"self":[{"href":"https:\/\/blogsaverroes.juntadeandalucia.es\/ceipconcepcionestevarena\/wp-json\/wp\/v2\/pages\/5734"}],"collection":[{"href":"https:\/\/blogsaverroes.juntadeandalucia.es\/ceipconcepcionestevarena\/wp-json\/wp\/v2\/pages"}],"about":[{"href":"https:\/\/blogsaverroes.juntadeandalucia.es\/ceipconcepcionestevarena\/wp-json\/wp\/v2\/types\/page"}],"author":[{"embeddable":true,"href":"https:\/\/blogsaverroes.juntadeandalucia.es\/ceipconcepcionestevarena\/wp-json\/wp\/v2\/users\/1000"}],"replies":[{"embeddable":true,"href":"https:\/\/blogsaverroes.juntadeandalucia.es\/ceipconcepcionestevarena\/wp-json\/wp\/v2\/comments?post=5734"}],"version-history":[{"count":1,"href":"https:\/\/blogsaverroes.juntadeandalucia.es\/ceipconcepcionestevarena\/wp-json\/wp\/v2\/pages\/5734\/revisions"}],"predecessor-version":[{"id":5735,"href":"https:\/\/blogsaverroes.juntadeandalucia.es\/ceipconcepcionestevarena\/wp-json\/wp\/v2\/pages\/5734\/revisions\/5735"}],"wp:attachment":[{"href":"https:\/\/blogsaverroes.juntadeandalucia.es\/ceipconcepcionestevarena\/wp-json\/wp\/v2\/media?parent=5734"}],"curies":[{"name":"wp","href":"https:\/\/api.w.org\/{rel}","templated":true}]}}