{"id":99,"date":"2015-03-16T07:22:54","date_gmt":"2015-03-16T07:22:54","guid":{"rendered":"http:\/\/blogsaverroes.juntadeandalucia.es\/pre\/ceip\/?page_id=99"},"modified":"2025-11-07T13:56:59","modified_gmt":"2025-11-07T11:56:59","slug":"comedor-escolar","status":"publish","type":"page","link":"https:\/\/blogsaverroes.juntadeandalucia.es\/ceipconcepcionestevarena\/comedor-escolar\/","title":{"rendered":"Comedor escolar."},"content":{"rendered":"<p style=\"text-align: justify\">Los comedores escolares son un servicio complementario que resulta de gran utilidad a padres y madres para ayudarles a&nbsp;conciliar la vida laboral y familiar. Tienen una duraci\u00f3n de hasta dos horas desde que acaba la jornada escolar de la ma\u00f1ana (de 14.00 a 16.00 horas).<\/p>\n<p style=\"text-align: justify\">Los comedores son adem\u00e1s una pieza importante&nbsp;en todas las medidas dirigidas a mejorar los h\u00e1bitos alimenticios de los ni\u00f1os y ni\u00f1as y prevenir problemas de salud como la obesidad.<\/p>\n<p style=\"text-align: justify\">Los comedores escolares de los centros p\u00fablicos andaluces promueven una alimentaci\u00f3n saludable que est\u00e1 supervisada por nutricionistas y que, entre otros aspectos, se caracteriza por:<\/p>\n<ul>\n<li>Una mayor proporci\u00f3n de verdura en los men\u00fas<\/li>\n<li>Fruta fresca como postre al menos cuatro d\u00edas a la semana<\/li>\n<li>Uso de aceite de oliva virgen extra<\/li>\n<li>M\u00e1s pescado que carne, que debe ser magra<\/li>\n<li>Prohibici\u00f3n de los alimentos precocinados y limitaci\u00f3n de los fritos<\/li>\n<li>Apuesta por la dieta mediterr\u00e1nea y los productos ecol\u00f3gicos<\/li>\n<\/ul>\n<p><span style=\"color: #003300\"><strong>1. Solicitudes:&nbsp;<\/strong><\/span><\/p>\n<ul>\n<li><a title=\"Anexo II. Solicitud de servicios\" href=\"https:\/\/www.juntadeandalucia.es\/educacion\/portals\/delegate\/content\/6c4342f7-1581-4c26-bc7e-2e49b4b64cee\/Anexo%20II:%20Solicitud%20de%20servicio%20de%20aula%20matinal,%20comedor%20escolar%20o%20actividades%20extraescolares\" target=\"_blank\" rel=\"noopener\">Anexo II. Solicitud de servicios<\/a>&nbsp;(PDF rellenable)<\/li>\n<li><a title=\"Anexo V. solicitud de bonificaciones.\" href=\"https:\/\/www.juntadeandalucia.es\/educacion\/portals\/delegate\/content\/74016212-4361-405a-a81c-9e6909e07964\/Anexo%20V:%20Solicitud%20de%20gratuidad\/bonificaci%C3%B3n%20del%20precio%20p%C3%BAblico%20por%20los%20servicios%20complementarios%20de%20aula%20matinal,%20comedor%20escolar%20y%20actividades%20extraescolares\" target=\"_blank\" rel=\"noopener\">Anexo V. Solicitud de bonificaciones<\/a> (PDF rellenable)<\/li>\n<\/ul>\n<p><span style=\"color: #003300\"><strong>2. Empresa catering: <\/strong><\/span>RESTAURACI\u00d3N Y CATERING HERMANOS GONZ\u00c1LEZ SL<\/p>\n<p><span style=\"color: #003300\"><strong>3. Consulta men\u00fa y comunicaci\u00f3n de ausencias:<\/strong> <\/span><\/p>\n<ul>\n<li><strong>Plataforma telem\u00e1tica: App m\u00f3vil<\/strong> \u201cComedor escolar Como en Casa\u00bb (disponible en Android e iOS) o <strong>web:<\/strong> <a href=\"https:\/\/comedores.cateringhgonzalez.com\/#\/\" target=\"_blank\" rel=\"noopener\">https:\/\/comedores.cateringhgonzalez.com\/#\/<\/a><\/li>\n<li><em><strong>Durante el mes de septiembre y cuando por cualquier causa no est\u00e9 operativa la app<\/strong><\/em>, las comunicaciones ser\u00e1n gestiona<span style=\"color: #000000\">das a trav\u00e9s del <\/span><span style=\"color: #000080\"><span style=\"color: #000000\">correo:<\/span> comedorescolaruno@cateringhgonzalez.com<\/span><\/li>\n<\/ul>\n<p><span style=\"color: #003300\"><strong>4. Atenci\u00f3n al cliente (Gesti\u00f3n de cobros): <\/strong><\/span><\/p>\n<ul>\n<li>Te. 954865193 (centralita) y en el correo, comedorescolaruno@cateringhgonzalez.com<\/li>\n<\/ul>\n<p><span style=\"color: #003300\"><strong>5. Informaci\u00f3n sobre condiciones del servicio:<\/strong><\/span><\/p>\n<ul>\n<li><a href=\"https:\/\/blogsaverroes.juntadeandalucia.es\/ceipconcepcionestevarena\/files\/2025\/09\/SEVILLA-UNO-CENTRO-Circular-a-los-Padres-Ano-2025-2026.pdf\">SEVILLA UNO &#8211; CENTRO Circular a los Padres A\u00f1o 2025-2026<\/a><\/li>\n<\/ul>\n<p><span style=\"color: #003300\"><strong>6. Men\u00fa:<\/strong><\/span><\/p>\n<p><span style=\"color: #003300\"><strong>2025-2026:<\/strong><\/span><\/p>\n<ul>\n<li>Men\u00fa (Noviembre-diciembre, 2025):\n<ul>\n<li><a href=\"https:\/\/blogsaverroes.juntadeandalucia.es\/ceipconcepcionestevarena\/files\/2025\/11\/Planilla-3-Nov-Dic.pdf\" target=\"_blank\" rel=\"noopener\">Planilla 3 Nov-Dic<\/a><\/li>\n<li><a href=\"https:\/\/blogsaverroes.juntadeandalucia.es\/ceipconcepcionestevarena\/files\/2025\/11\/Infograf\ufffdas-Noviembre.pdf\" target=\"_blank\" rel=\"noopener\">Infograf\u00edas Noviembre<\/a><\/li>\n<\/ul>\n<\/li>\n<\/ul>\n<p><strong><span style=\"color: #003300\">2024-2025<\/span><\/strong><\/p>\n<ul>\n<li><a title=\"07.1 Men\u00fa Basal (24-mar a 25-abr)\" href=\"https:\/\/blogsaverroes.juntadeandalucia.es\/ceipconcepcionestevarena\/files\/2025\/03\/Planilla-7-Mar-Abr.pdf\" target=\"_blank\" rel=\"noopener\">07.1 Men\u00fa Basal (24-mar a 25-abr)<\/a><\/li>\n<li><a title=\"06.1 Men\u00fa (24-feb a 21-mar)\" href=\"https:\/\/blogsaverroes.juntadeandalucia.es\/ceipconcepcionestevarena\/comedor-escolar\/planilla-6-feb-mar\/\" target=\"_blank\" rel=\"noopener\">06.1 Men\u00fa (24-feb a 21-mar)<\/a><\/li>\n<li><a title=\"Men\u00fa 27-ene a 21-feb\" href=\"https:\/\/blogsaverroes.juntadeandalucia.es\/ceipconcepcionestevarena\/files\/2025\/01\/Planilla-5-Ene-Feb.pdf\" target=\"_blank\" rel=\"noopener\">05.1. Men\u00fa 27-ene a 21-feb<\/a><\/li>\n<li><a title=\"Men\u00fa 16-dic a 24-ene\" href=\"https:\/\/blogsaverroes.juntadeandalucia.es\/ceipconcepcionestevarena\/files\/2024\/12\/Planilla-4-Dic-Ene.pdf\" target=\"_blank\" rel=\"noopener\">04.1. Men\u00fa 16-dic a 24-ene<\/a><\/li>\n<li><a title=\"Modificaci\u00f3n men\u00fa: 15 al 25 de noviembre.\" href=\"https:\/\/blogsaverroes.juntadeandalucia.es\/ceipconcepcionestevarena\/files\/2024\/11\/COMUNICADO-ISE-14-11-2024-SEVILLA.pdf\" target=\"_blank\" rel=\"noopener\">Modificaci\u00f3n men\u00fa: 15 al 25 de noviembre.<\/a><\/li>\n<li><a title=\"Men\u00fa Basal 18-NOV a 13-DIC\" href=\"https:\/\/blogsaverroes.juntadeandalucia.es\/ceipconcepcionestevarena\/files\/2024\/11\/Planilla-3-Nov-Dic.pdf\" target=\"_blank\" rel=\"noopener\">03.1. Men\u00fa 18-NOV a 13-DIC<\/a><\/li>\n<li><a title=\"Infograf\u00edas Noviembre\" href=\"https:\/\/blogsaverroes.juntadeandalucia.es\/ceipconcepcionestevarena\/files\/2024\/11\/Infografias-Noviembre_144dpi_75_rgb.pdf\" target=\"_blank\" rel=\"noopener\">03.02. Infograf\u00edas Noviembre<\/a><\/li>\n<li><a title=\"01.1. Men\u00fa 1 Sep-Oct (Inf-Prim-ESO)\" href=\"https:\/\/blogsaverroes.juntadeandalucia.es\/ceipconcepcionestevarena\/files\/2024\/09\/Planilla-1-Sep-Oct.pdf\" target=\"_blank\" rel=\"noopener\">01.1. Men\u00fa 1 Sep-Oct (Inf-Prim-ESO)<\/a><\/li>\n<li><a title=\"01.2. Gramajes 1 Sep-Oct\" href=\"https:\/\/blogsaverroes.juntadeandalucia.es\/ceipconcepcionestevarena\/files\/2024\/09\/Gramajes-1-Sep-Oct.pdf\" target=\"_blank\" rel=\"noopener\">01.2. Gramajes 1 Sep-Oct<\/a><\/li>\n<li><a title=\"01.3. Infograf\u00edas + frutas temporada\" href=\"https:\/\/blogsaverroes.juntadeandalucia.es\/ceipconcepcionestevarena\/files\/2024\/09\/Infografias-frutas-temporada.pdf\" target=\"_blank\" rel=\"noopener\">01.3. Infograf\u00edas + frutas temporada<\/a><\/li>\n<\/ul>\n<p><span style=\"color: #003300\"><strong>2023-2024:<\/strong><\/span><\/p>\n<ul>\n<li><a title=\"Men\u00fa Junio, 2024 y recomendaciones cena (mes)\" href=\"https:\/\/blogsaverroes.juntadeandalucia.es\/ceipconcepcionestevarena\/files\/2024\/06\/MENU-JUNIO-2024.pdf\" target=\"_blank\" rel=\"noopener\">13. Junio, 2024 y recomendaciones cena (mes)<\/a><\/li>\n<li><a title=\"Men\u00fa mayo, 24 (mes completo)\" href=\"https:\/\/blogsaverroes.juntadeandalucia.es\/ceipconcepcionestevarena\/files\/2024\/05\/BASAL-CCS-ARAMARK-Mayo-24-completo.pdf\" target=\"_blank\" rel=\"noopener\">12. Mayo, 2024 (mes completo)<\/a><\/li>\n<li><a title=\"11. Mayo, 2024 (Del 1 al 24)\" href=\"https:\/\/blogsaverroes.juntadeandalucia.es\/ceipconcepcionestevarena\/files\/2024\/04\/BASAL-CCS-ARAMARK-MAYO-24w.pdf\" target=\"_blank\" rel=\"noopener\">11. Mayo, 2024 (Del 1 al 24)<\/a><\/li>\n<li><a title=\"10. Abril, 2024\" href=\"https:\/\/blogsaverroes.juntadeandalucia.es\/ceipconcepcionestevarena\/files\/2024\/04\/MENU-COMPLETO-ABRIL-RECOMENDACIONES-CENA.pdf\" target=\"_blank\" rel=\"noopener\">10. Abril, 2024 (mes). Incluye recomendaciones cena.<\/a><\/li>\n<li><a href=\"https:\/\/blogsaverroes.juntadeandalucia.es\/ceipconcepcionestevarena\/files\/2024\/02\/MENU_BASAL_CCS-ARAMARK-marzo-24-mes-w2.pdf\" target=\"_blank\" rel=\"noopener noreferrer\">09. Marzo, 2024 (mes). Incluye recomendaciones cena.<\/a><\/li>\n<li><a title=\"08. Febrero, 2024 (mes)\" href=\"https:\/\/blogsaverroes.juntadeandalucia.es\/ceipconcepcionestevarena\/files\/2024\/02\/BASAL_CCS-ARAMARK-FEBRERO-2024.pdf\" target=\"_blank\" rel=\"noopener noreferrer\">08. Febrero, 2024 (mes)<\/a><\/li>\n<li><a title=\"Men\u00fa febrero (Del 1 al 16)\" href=\"https:\/\/blogsaverroes.juntadeandalucia.es\/ceipconcepcionestevarena\/files\/2024\/01\/BASAL_CCS-ARAMARK-FEB-24-PARCIAL.pdf\" target=\"_blank\" rel=\"noopener noreferrer\">07. Febrero, 2024 (Del 1 al 16)<\/a><\/li>\n<li><a title=\"Men\u00fa: Enero, 2024\" href=\"https:\/\/blogsaverroes.juntadeandalucia.es\/ceipconcepcionestevarena\/files\/2024\/01\/BASAL_CCS-ARAMARK-Enero-24-mes.pdf\" target=\"_blank\" rel=\"noopener noreferrer\">06. Enero, 2024 (mes)<\/a><\/li>\n<li><a title=\"05. Enero, 2024 (Del 8 al 19)\" href=\"https:\/\/blogsaverroes.juntadeandalucia.es\/ceipconcepcionestevarena\/files\/2024\/01\/BASAL_CCS-ARAMARK-ENE-24-PARCIAL.pdf\" target=\"_blank\" rel=\"noopener noreferrer\">05. Enero, 2024 (Del 8 al 19)<\/a><\/li>\n<li><a href=\"https:\/\/blogsaverroes.juntadeandalucia.es\/ceipconcepcionestevarena\/files\/2023\/11\/BASAL_CCS-Diciembre-23-1A.pdf\" target=\"_blank\" rel=\"noopener noreferrer\">04. Diciembre, 2023 (mes)<\/a><\/li>\n<li><a title=\"Men\u00fa. Noviembre, 2023\" href=\"https:\/\/blogsaverroes.juntadeandalucia.es\/ceipconcepcionestevarena\/files\/2023\/11\/MENU_BASAL_CCS-ARAMARK-noviembre23-1.pdf\" target=\"_blank\" rel=\"noopener noreferrer\">03. Noviembre, 2023 (mes)<\/a><\/li>\n<li><a href=\"https:\/\/blogsaverroes.juntadeandalucia.es\/ceipconcepcionestevarena\/files\/2023\/09\/BASAL_CCS-OCTUBRE-23.pdf\" target=\"_blank\" rel=\"noopener noreferrer\">02. Octubre, 2023 (mes)<\/a><\/li>\n<li><a href=\"https:\/\/blogsaverroes.juntadeandalucia.es\/ceipconcepcionestevarena\/files\/2023\/09\/BASAL_CCS-ARAMARK-01-sep-2023.pdf\" target=\"_blank\" rel=\"noopener noreferrer\">01. Septiembre, 2023 (mes)<\/a><\/li>\n<\/ul>\n<p><span style=\"color: #003300\"><strong>Men\u00fas 2022-2023:<\/strong><\/span><\/p>\n<ul>\n<li><a href=\"https:\/\/blogsaverroes.juntadeandalucia.es\/ceipconcepcionestevarena\/files\/2023\/05\/BASAL-CCS-junio-2023w.pdf\" target=\"_blank\" rel=\"noopener noreferrer\">Junio, 2023 (mes completo).<\/a><\/li>\n<li><a href=\"https:\/\/blogsaverroes.juntadeandalucia.es\/ceipconcepcionestevarena\/files\/2023\/05\/BASAL-CCS-ARAMARK-mayo-23.pdf\" target=\"_blank\" rel=\"noopener noreferrer\">Mayo, 2023 (mes completo)<\/a><\/li>\n<li><a href=\"https:\/\/blogsaverroes.juntadeandalucia.es\/ceipconcepcionestevarena\/files\/2023\/05\/BASAL_CCS-ARAMARK-Mayo23.pdf\" target=\"_blank\" rel=\"noopener noreferrer\">Mayo, 2023 (Del 2 al 19)<\/a><\/li>\n<li><a href=\"https:\/\/blogsaverroes.juntadeandalucia.es\/ceipconcepcionestevarena\/files\/2023\/03\/Menu-Abril-2023-De-1-a-21.pdf\" target=\"_blank\" rel=\"noopener noreferrer\">Abril, 2023 (De 1 a 21)<\/a><\/li>\n<li><a href=\"https:\/\/blogsaverroes.juntadeandalucia.es\/ceipconcepcionestevarena\/files\/2023\/03\/BASAL_CCS_SEVILLA_Marzo-2023.pdf\" target=\"_blank\" rel=\"noopener noreferrer\">Marzo, 2023 (Actualizado mes completo)<\/a><\/li>\n<li><a href=\"https:\/\/blogsaverroes.juntadeandalucia.es\/ceipconcepcionestevarena\/files\/2023\/02\/BASAL_CCS-Marzo-23.pdf\" target=\"_blank\" rel=\"noopener noreferrer\">Marzo, 2023 (Del 1 al 17)<\/a><\/li>\n<li><a href=\"https:\/\/blogsaverroes.juntadeandalucia.es\/ceipconcepcionestevarena\/files\/2023\/01\/BASAL_CCS-ARAMARK-FEB-2023.pdf\" target=\"_blank\" rel=\"noopener noreferrer\">Febrero, 2023<\/a><\/li>\n<li><a href=\"https:\/\/blogsaverroes.juntadeandalucia.es\/ceipconcepcionestevarena\/files\/2023\/01\/BASAL_CCS-ENERO-23-2.pdf\" target=\"_blank\" rel=\"noopener noreferrer\">Enero, 2023<\/a><\/li>\n<li><a title=\"Men\u00fa Comedor - diciembre 2022\" href=\"https:\/\/blogsaverroes.juntadeandalucia.es\/ceipconcepcionestevarena\/files\/2022\/12\/BASAL_CCS_SEVILLA-DIC2022.pdf\" target=\"_blank\" rel=\"noopener noreferrer\">Diciembre, 2022<\/a><\/li>\n<li><a href=\"https:\/\/blogsaverroes.juntadeandalucia.es\/ceipconcepcionestevarena\/files\/2022\/11\/BASAL-CCS-ARAMARK-2022-NOV.pdf\" target=\"_blank\" rel=\"noopener noreferrer\">Noviembre, 2022<\/a><\/li>\n<li><a href=\"https:\/\/blogsaverroes.juntadeandalucia.es\/ceipconcepcionestevarena\/files\/2022\/10\/BASAL-CCS-ARAMARK-OCTUBRE22.pdf\" target=\"_blank\" rel=\"noopener noreferrer\">Octubre, 2022<\/a><\/li>\n<li><a href=\"https:\/\/blogsaverroes.juntadeandalucia.es\/ceipconcepcionestevarena\/files\/2022\/10\/BASAL-CCS-ARAMARK-SEPTIEMBRE22.pdf\" target=\"_blank\" rel=\"noopener noreferrer\">Septiembre, 2022<\/a><\/li>\n<\/ul>\n<p><strong><a title=\"Servicios Complementarios\" href=\"https:\/\/blogsaverroes.juntadeandalucia.es\/ceipconcepcionestevarena\/servicios-complementarios\/\" target=\"_blank\" rel=\"noopener noreferrer\">Informaci\u00f3n general sobre Servicios Complementarios<\/a><\/strong><\/p>\n","protected":false},"excerpt":{"rendered":"<p>Los comedores escolares son un servicio complementario que resulta de gran utilidad a padres y madres para ayudarles a&nbsp;conciliar la vida laboral y familiar. Tienen una duraci\u00f3n de hasta dos horas desde que acaba&#46;&#46;&#46;<\/p>\n","protected":false},"author":1,"featured_media":538,"parent":0,"menu_order":0,"comment_status":"closed","ping_status":"open","template":"","meta":{"ngg_post_thumbnail":0,"footnotes":"","_mc_calendar":[]},"aioseo_notices":[],"_links":{"self":[{"href":"https:\/\/blogsaverroes.juntadeandalucia.es\/ceipconcepcionestevarena\/wp-json\/wp\/v2\/pages\/99"}],"collection":[{"href":"https:\/\/blogsaverroes.juntadeandalucia.es\/ceipconcepcionestevarena\/wp-json\/wp\/v2\/pages"}],"about":[{"href":"https:\/\/blogsaverroes.juntadeandalucia.es\/ceipconcepcionestevarena\/wp-json\/wp\/v2\/types\/page"}],"author":[{"embeddable":true,"href":"https:\/\/blogsaverroes.juntadeandalucia.es\/ceipconcepcionestevarena\/wp-json\/wp\/v2\/users\/1"}],"replies":[{"embeddable":true,"href":"https:\/\/blogsaverroes.juntadeandalucia.es\/ceipconcepcionestevarena\/wp-json\/wp\/v2\/comments?post=99"}],"version-history":[{"count":75,"href":"https:\/\/blogsaverroes.juntadeandalucia.es\/ceipconcepcionestevarena\/wp-json\/wp\/v2\/pages\/99\/revisions"}],"predecessor-version":[{"id":6659,"href":"https:\/\/blogsaverroes.juntadeandalucia.es\/ceipconcepcionestevarena\/wp-json\/wp\/v2\/pages\/99\/revisions\/6659"}],"wp:featuredmedia":[{"embeddable":true,"href":"https:\/\/blogsaverroes.juntadeandalucia.es\/ceipconcepcionestevarena\/wp-json\/wp\/v2\/media\/538"}],"wp:attachment":[{"href":"https:\/\/blogsaverroes.juntadeandalucia.es\/ceipconcepcionestevarena\/wp-json\/wp\/v2\/media?parent=99"}],"curies":[{"name":"wp","href":"https:\/\/api.w.org\/{rel}","templated":true}]}}