{"id":3253,"date":"2017-02-14T10:05:53","date_gmt":"2017-02-14T10:05:53","guid":{"rendered":"http:\/\/blogsaverroes.juntadeandalucia.es\/ceipcondedetendilla\/?page_id=3253"},"modified":"2025-09-21T07:14:29","modified_gmt":"2025-09-21T07:14:29","slug":"comedor-escolar","status":"publish","type":"page","link":"https:\/\/blogsaverroes.juntadeandalucia.es\/ceipcondedetendilla\/comedor-escolar\/","title":{"rendered":"Comedor Escolar"},"content":{"rendered":"<p align=\"JUSTIFY\"><a href=\"https:\/\/blogsaverroes.juntadeandalucia.es\/ceipcondedetendilla\/files\/2025\/09\/unnamed.jpg\"><img loading=\"lazy\" decoding=\"async\" class=\"wp-image-7856 alignleft\" src=\"https:\/\/blogsaverroes.juntadeandalucia.es\/ceipcondedetendilla\/files\/2025\/09\/unnamed-300x260.jpg\" alt=\"\" width=\"215\" height=\"186\" srcset=\"https:\/\/blogsaverroes.juntadeandalucia.es\/ceipcondedetendilla\/files\/2025\/09\/unnamed-300x260.jpg 300w, https:\/\/blogsaverroes.juntadeandalucia.es\/ceipcondedetendilla\/files\/2025\/09\/unnamed.jpg 512w\" sizes=\"(max-width: 215px) 100vw, 215px\" \/><\/a>Los centros docentes p\u00fablicos prestan el servicio de <a href=\"https:\/\/www.juntadeandalucia.es\/educacion\/portales\/familias\/servicios-complementarios\/comedor-escolar\" target=\"_blank\" rel=\"noopener\"><strong><span style=\"color: #339966\">comedor escolar<\/span><\/strong><\/a> para el alumnado del segundo ciclo de Educaci\u00f3n Infantil, de Educaci\u00f3n Primaria, de Educaci\u00f3n Secundaria Obligatoria y de Educaci\u00f3n Especial durante un tiempo m\u00e1ximo de dos horas a partir de la finalizaci\u00f3n de la jornada lectiva de ma\u00f1ana, de 14.00 a 16:00 horas. El horario de este servicio proporciona a los padres y a las madres un apoyo que les permite compatibilizar sus obligaciones familiares y profesionales, por tanto, los comedores escolares constituyen un servicio complementario de gran utilidad para conciliar la vida laboral y familiar. Son, adem\u00e1s, una pieza importante en todas las medidas dirigidas a mejorar los h\u00e1bitos alimenticios de los ni\u00f1os y ni\u00f1as y prevenir problemas de salud<\/p>\n<p align=\"JUSTIFY\"><span style=\"color: #339966\"><span style=\"color: #333333\">As\u00ed, el <\/span><\/span><span style=\"color: #333333\">comedor escolar,<\/span> gestionado por la empresa&nbsp;<span style=\"color: #339966\">Grupo Mediterr\u00e1nea<span style=\"color: #333333\">, contando con <span style=\"color: #339966\">3 monitoras<\/span> (M\u00aa Jos\u00e9, Filo y Silvia) y teniendo un l\u00edmite de <span style=\"color: #339966\">38 plazas<\/span>, funciona en horario de <span style=\"color: #339966\">14:00 a 16:00<\/span> organizado en <span style=\"color: #339966\">dos turnos<\/span> que se agrupan en funci\u00f3n de la edad de los usuarios o prioridad familiar.&nbsp;<\/span><\/span><\/p>\n<p align=\"JUSTIFY\">La&nbsp;<span style=\"color: #339966\">cuant\u00eda del servicio<\/span>, atendiendo al<em>&nbsp;Acuerdo de 30 de julio de 2024 por el que se revisan las cuant\u00edas de los precios p\u00fablicos<\/em>, asciende a <span style=\"color: #339966\">5,54 euros por d\u00eda.<\/span> A su vez, la <span style=\"color: #339966\">utilizaci\u00f3n del servicio<\/span> podr\u00e1 solicitarse por meses completos o para d\u00edas concretos de la semana, existiendo \u00fanicamente los siguientes <span style=\"color: #339966\">tipos de usuarios:<\/span><\/p>\n<ul>\n<li><span style=\"color: #339966\">Usuario habitual:<\/span> come de lunes a viernes.<\/li>\n<li><span style=\"color: #339966\">Usuario habitual fijo-discontinuo:<\/span> no come todos los d\u00edas de la semana, pero come d\u00edas fijos (ejemplo: lunes y mi\u00e9rcoles). Si solicita el fijo discontinuo debe informar a la empresa de los d\u00edas de la semana que no asiste.<\/li>\n<li>Para el <span style=\"color: #339966\">resto de los usuarios<\/span> que no cumplan ninguno de estos dos tipos deber\u00e1n de notificar con el tiempo impuesto en los pliegos de prescripciones (3 d\u00edas de preaviso) la no asistencia al comedor.<\/li>\n<li>Los casos de <span style=\"color: #339966\">usuarios que necesiten el servicio solo alg\u00fan d\u00eda del mes<\/span> tendr\u00e1n que notificar la ausencia de todos los d\u00edas que no utilicen el servicio. (ejemplo: si mi hijo\/a solo va a asistir 3 d\u00edas en el mes de octubre o asiste semanas alternas, tendr\u00e1 que marcar en la web o avisar por correo electr\u00f3nico los d\u00edas que no va asistir, siempre cumpliendo con el preaviso de tres d\u00edas).<\/li>\n<\/ul>\n<p><strong><span style=\"color: #339966\">HORARIO GENERAL DEL COMEDOR Y ATENCI\u00d3N EDUCATIVA:<\/span><\/strong><\/p>\n<ul>\n<li><span style=\"color: #339966\"><em>Primer turno:&nbsp;<\/em><\/span><span style=\"color: #333333\">alumnado de Educaci\u00f3n Infantil (3, 4 y 5 a\u00f1os) y 1\u00ba de Educaci\u00f3n Primaria.<\/span><\/li>\n<\/ul>\n<p>&#8211; Horario de inicio de comida: 13:55 horas.<\/p>\n<p>&#8211; Horario estimado de finalizaci\u00f3n: 14:45 horas.<\/p>\n<p>&#8211; <span style=\"color: #339966\">En caso de recogida del alumno\/a, ser\u00e1 a las 15:00 horas<\/span>. En caso contrario, quedar\u00e1 atendido por las monitoras en el espacio exterior del centro o el sal\u00f3n de actos.<\/p>\n<p>&#8211; De 14:45 a 15:00 horas: trabajo de limpieza y ventilaci\u00f3n.<\/p>\n<ul>\n<li><span style=\"color: #339966\"><em>Segundo turno:&nbsp;<\/em><\/span><span style=\"color: #333333\">alumnado de 2\u00ba a 6\u00ba de Educaci\u00f3n Primaria.<\/span><\/li>\n<\/ul>\n<p>&#8211; Horario de inicio de comida: 15:00 horas.<\/p>\n<p>&#8211; Horario estimado de finalizaci\u00f3n: 15:50 horas.<\/p>\n<p>Hasta el inicio de las actividades extraescolares (1 de octubre), <span style=\"color: #339966\">el alumnado del segundo turno y el que haya quedado del primero, ser\u00e1 recogido a las 16:00 horas.<\/span><\/p>\n<p>Desc\u00e1rgate y visita aqu\u00ed el formulario y proceso de admisi\u00f3n, y contacta con el centro por <span style=\"color: #339966\">email<\/span> a <span style=\"color: #339966\">18000362.edu@juntadeandalucia.es<\/span> o <span style=\"color: #339966\">entr\u00e9galo en secretar\u00eda.<\/span><\/p>\n<ul>\n<li><em style=\"color: #339966;font-family: 'book antiqua', palatino, serif;font-size: 12pt\"><a style=\"color: #339966\" href=\"https:\/\/www.juntadeandalucia.es\/servicios\/sede\/tramites\/procedimientos\/detalle\/10459.html\" target=\"_blank\" rel=\"noopener\">Proceso de admisi\u00f3n en servicios complementarios<\/a><\/em><\/li>\n<li><span style=\"color: #339966;font-family: 'book antiqua', palatino, serif\"><em><span style=\"font-size: medium\"><a style=\"color: #339966\" title=\"Enlace para solicitud del servicio de Comedor Escolar\" href=\"https:\/\/blogsaverroes.juntadeandalucia.es\/ceipcondedetendilla\/files\/2023\/09\/002563-A00-V02-00-1.pdf\" target=\"_blank\" rel=\"noopener\">Solicitud del s<span style=\"font-size: 12pt\">ervicio de Comedor Escola<\/span>r<\/a><\/span><\/em><\/span><\/li>\n<\/ul>\n","protected":false},"excerpt":{"rendered":"<p>Los centros docentes p\u00fablicos prestan el servicio de comedor escolar para el alumnado del segundo ciclo de Educaci\u00f3n Infantil, de Educaci\u00f3n Primaria, de Educaci\u00f3n Secundaria Obligatoria y de Educaci\u00f3n Especial durante un tiempo m\u00e1ximo de dos horas a partir de la finalizaci\u00f3n de la jornada lectiva de ma\u00f1ana, de 14.00 a 16:00 horas. El horario &hellip; <\/p>\n<p class=\"link-more\"><a href=\"https:\/\/blogsaverroes.juntadeandalucia.es\/ceipcondedetendilla\/comedor-escolar\/\" class=\"more-link\">Continuar leyendo<span class=\"screen-reader-text\"> \u00abComedor Escolar\u00bb<\/span><\/a><\/p>\n","protected":false},"author":1887,"featured_media":0,"parent":0,"menu_order":0,"comment_status":"open","ping_status":"open","template":"","meta":{"ngg_post_thumbnail":0,"footnotes":""},"aioseo_notices":[],"_links":{"self":[{"href":"https:\/\/blogsaverroes.juntadeandalucia.es\/ceipcondedetendilla\/wp-json\/wp\/v2\/pages\/3253"}],"collection":[{"href":"https:\/\/blogsaverroes.juntadeandalucia.es\/ceipcondedetendilla\/wp-json\/wp\/v2\/pages"}],"about":[{"href":"https:\/\/blogsaverroes.juntadeandalucia.es\/ceipcondedetendilla\/wp-json\/wp\/v2\/types\/page"}],"author":[{"embeddable":true,"href":"https:\/\/blogsaverroes.juntadeandalucia.es\/ceipcondedetendilla\/wp-json\/wp\/v2\/users\/1887"}],"replies":[{"embeddable":true,"href":"https:\/\/blogsaverroes.juntadeandalucia.es\/ceipcondedetendilla\/wp-json\/wp\/v2\/comments?post=3253"}],"version-history":[{"count":16,"href":"https:\/\/blogsaverroes.juntadeandalucia.es\/ceipcondedetendilla\/wp-json\/wp\/v2\/pages\/3253\/revisions"}],"predecessor-version":[{"id":7861,"href":"https:\/\/blogsaverroes.juntadeandalucia.es\/ceipcondedetendilla\/wp-json\/wp\/v2\/pages\/3253\/revisions\/7861"}],"wp:attachment":[{"href":"https:\/\/blogsaverroes.juntadeandalucia.es\/ceipcondedetendilla\/wp-json\/wp\/v2\/media?parent=3253"}],"curies":[{"name":"wp","href":"https:\/\/api.w.org\/{rel}","templated":true}]}}