{"id":6540,"date":"2023-09-19T08:56:18","date_gmt":"2023-09-19T08:56:18","guid":{"rendered":"http:\/\/blogsaverroes.juntadeandalucia.es\/ceipcondedetendilla\/?page_id=6540"},"modified":"2025-09-21T08:19:52","modified_gmt":"2025-09-21T08:19:52","slug":"ipasen","status":"publish","type":"page","link":"https:\/\/blogsaverroes.juntadeandalucia.es\/ceipcondedetendilla\/ipasen\/","title":{"rendered":"iPasen"},"content":{"rendered":"<p><span style=\"color: #333333\">Facilitamos el siguiente enlace<\/span> <span style=\"color: #339966\">destinado a las familias<\/span>&nbsp;<span style=\"color: #000000\"><span style=\"color: #333333\">para conocer las posibilidades de uso de la<\/span>&nbsp;<span style=\"color: #339966\">app `iPasen\u00b4.&nbsp;<\/span><\/span><\/p>\n<p><span style=\"color: #000000\"><span style=\"color: #333333\">\u00a1Click aqu\u00ed para verlo! &gt;<\/span>&nbsp;<\/span><em><span style=\"color: #339966\"><a style=\"color: #339966\" title=\"Un paseo por `iPasen\u00b4\" href=\"https:\/\/www.youtube.com\/watch?v=aLkjYLycTys&amp;t=3s\" target=\"_blank\" rel=\"noopener noreferrer\">Un paseo por `iPasen\u00b4<\/a><\/span><\/em><\/p>\n<p><span style=\"color: #000000\"><span style=\"color: #333333\">Si tienes m\u00e1s dudas, visita los siguientes<\/span> <span style=\"color: #008000\"><span style=\"color: #339966\">Genially <\/span><\/span><span style=\"color: #333333\">desde los que tendr\u00e1s acceso a una serie de videotutoriales que, paso a paso, nos muestran y explican cuestiones como:<\/span><\/span><\/p>\n<ul style=\"list-style-type: disc\">\n<li><span style=\"color: #333333\">Autologin, instalaci\u00f3n y configuraci\u00f3n iPasen.<\/span><\/li>\n<li><span style=\"color: #333333\">Autorizaci\u00f3n para la recogida del alumno\/a.<\/span><\/li>\n<li><span style=\"color: #333333\">Compartir calificaciones trimestrales.<\/span><\/li>\n<li><span style=\"color: #333333\">Consultar observaciones compartidas.<\/span><\/li>\n<li><span style=\"color: #333333\">Consulta de actividades evaluables.<\/span><\/li>\n<li><span style=\"color: #333333\">Autorizaci\u00f3n de actividades.<\/span><\/li>\n<li><span style=\"color: #333333\">Descargar documentaci\u00f3n desde el punto de recogida.<\/span><\/li>\n<li><span style=\"color: #333333\">Comunicaci\u00f3n con el profesorado.<\/span><\/li>\n<li><span style=\"color: #333333\">Comunicaci\u00f3n y justificaci\u00f3n de faltas de asistencia.<\/span><\/li>\n<li><span style=\"color: #333333\">Firma de documentos oficiales del Centro.<\/span><\/li>\n<li><span style=\"color: #333333\">Consulta del tabl\u00f3n de anuncios.<\/span><\/li>\n<\/ul>\n<p><span style=\"color: #333333\">\u00a1Click aqu\u00ed para verlos!&nbsp; <\/span><\/p>\n<ul style=\"list-style-type: disc\">\n<li><em><span style=\"color: #339966\"><a style=\"color: #339966\" title=\"Genially `iPasen\u00b4\" href=\"https:\/\/view.genial.ly\/60eff958e4fdeb0de2ea8415\/presentation-ipasen-familias\">Genially `iPasen\u00b4<\/a><\/span><\/em><\/li>\n<li><em><span style=\"color: #339966\"><a style=\"color: #339966\" title=\"Genially iPasen 2\" href=\"https:\/\/view.genial.ly\/5ff0687f485b460cf9c75686\/presentation-ipasen-para-familias\">Genially 2 `iPasen\u00b4<\/a><\/span><\/em><\/li>\n<\/ul>\n<p><a href=\"https:\/\/blogsaverroes.juntadeandalucia.es\/ceipcondedetendilla\/files\/2023\/09\/descarga.jpg\"><img loading=\"lazy\" decoding=\"async\" class=\"alignnone size-full wp-image-6559\" src=\"https:\/\/blogsaverroes.juntadeandalucia.es\/ceipcondedetendilla\/files\/2023\/09\/descarga.jpg\" alt=\"\" width=\"197\" height=\"136\"><\/a><\/p>\n","protected":false},"excerpt":{"rendered":"<p>Facilitamos el siguiente enlace destinado a las familias&nbsp;para conocer las posibilidades de uso de la&nbsp;app `iPasen\u00b4.&nbsp; \u00a1Click aqu\u00ed para verlo! &gt;&nbsp;Un paseo por `iPasen\u00b4 Si tienes m\u00e1s dudas, visita los siguientes Genially desde los que tendr\u00e1s acceso a una serie de videotutoriales que, paso a paso, nos muestran y explican cuestiones como: Autologin, instalaci\u00f3n y &hellip; <\/p>\n<p class=\"link-more\"><a href=\"https:\/\/blogsaverroes.juntadeandalucia.es\/ceipcondedetendilla\/ipasen\/\" class=\"more-link\">Continuar leyendo<span class=\"screen-reader-text\"> \u00abiPasen\u00bb<\/span><\/a><\/p>\n","protected":false},"author":1887,"featured_media":0,"parent":0,"menu_order":0,"comment_status":"closed","ping_status":"closed","template":"","meta":{"ngg_post_thumbnail":0,"footnotes":""},"aioseo_notices":[],"_links":{"self":[{"href":"https:\/\/blogsaverroes.juntadeandalucia.es\/ceipcondedetendilla\/wp-json\/wp\/v2\/pages\/6540"}],"collection":[{"href":"https:\/\/blogsaverroes.juntadeandalucia.es\/ceipcondedetendilla\/wp-json\/wp\/v2\/pages"}],"about":[{"href":"https:\/\/blogsaverroes.juntadeandalucia.es\/ceipcondedetendilla\/wp-json\/wp\/v2\/types\/page"}],"author":[{"embeddable":true,"href":"https:\/\/blogsaverroes.juntadeandalucia.es\/ceipcondedetendilla\/wp-json\/wp\/v2\/users\/1887"}],"replies":[{"embeddable":true,"href":"https:\/\/blogsaverroes.juntadeandalucia.es\/ceipcondedetendilla\/wp-json\/wp\/v2\/comments?post=6540"}],"version-history":[{"count":7,"href":"https:\/\/blogsaverroes.juntadeandalucia.es\/ceipcondedetendilla\/wp-json\/wp\/v2\/pages\/6540\/revisions"}],"predecessor-version":[{"id":7885,"href":"https:\/\/blogsaverroes.juntadeandalucia.es\/ceipcondedetendilla\/wp-json\/wp\/v2\/pages\/6540\/revisions\/7885"}],"wp:attachment":[{"href":"https:\/\/blogsaverroes.juntadeandalucia.es\/ceipcondedetendilla\/wp-json\/wp\/v2\/media?parent=6540"}],"curies":[{"name":"wp","href":"https:\/\/api.w.org\/{rel}","templated":true}]}}