{"id":7703,"date":"2025-09-13T09:48:01","date_gmt":"2025-09-13T09:48:01","guid":{"rendered":"https:\/\/blogsaverroes.juntadeandalucia.es\/ceipcondedetendilla\/?page_id=7703"},"modified":"2025-09-13T12:22:30","modified_gmt":"2025-09-13T12:22:30","slug":"plan-de-centro","status":"publish","type":"page","link":"https:\/\/blogsaverroes.juntadeandalucia.es\/ceipcondedetendilla\/plan-de-centro\/","title":{"rendered":"Plan de Centro"},"content":{"rendered":"<p><img decoding=\"async\" src=\"https:\/\/blogger.googleusercontent.com\/img\/b\/R29vZ2xl\/AVvXsEjhGNVShjRTESb0w02NgzN2X1UbOFhoWUCkcJ7EayduHGjSqmH9nALl7EJceYcTrp2z7ky5lL7bSkgesR4AG-jS6amVq5Lzsqjwr875FkXeu6zjZk9E6BgYKwOqiTXQGC_WSfiXduz1J6E\/s1600\/libros-1435254404854.jpg\" alt=\"Instituto Alcaria: PLAN DE CENTRO\"><\/p>\n<p>El <span style=\"color: #339966\"><strong>Plan de Centro<\/strong><\/span> es el documento institucional que recoge los acuerdos que nuestra organizaci\u00f3n educativa construye y sirve para establecer la hoja de ruta que guiar\u00e1 nuestras actuaciones y, a su vez, estar\u00e1n en consonancia con los valores, objetivos y las prioridades de actuaci\u00f3n del Centro Educativo. Asimismo, incorporar\u00e1 la concreci\u00f3n de los curr\u00edculos establecidos por la Administraci\u00f3n educativa que corresponde fijar y aprobar al Claustro, as\u00ed como el tratamiento transversal en las \u00e1reas, materias o m\u00f3dulos de la educaci\u00f3n en valores y otras ense\u00f1anzas.<\/p>\n<ul>\n<li><span style=\"color: #339966\"><em><a style=\"color: #339966\" title=\"Plan de Centro\" href=\"https:\/\/drive.google.com\/file\/d\/1IoayTVJltuTEk42ZTZGUS4rbQnhSIkMA\/view\" target=\"_blank\" rel=\"noopener\">Enlace de acceso al Plan de Centro<\/a><\/em><\/span><\/li>\n<\/ul>\n","protected":false},"excerpt":{"rendered":"<p>El Plan de Centro es el documento institucional que recoge los acuerdos que nuestra organizaci\u00f3n educativa construye y sirve para establecer la hoja de ruta que guiar\u00e1 nuestras actuaciones y, a su vez, estar\u00e1n en consonancia con los valores, objetivos y las prioridades de actuaci\u00f3n del Centro Educativo. Asimismo, incorporar\u00e1 la concreci\u00f3n de los curr\u00edculos &hellip; <\/p>\n<p class=\"link-more\"><a href=\"https:\/\/blogsaverroes.juntadeandalucia.es\/ceipcondedetendilla\/plan-de-centro\/\" class=\"more-link\">Continuar leyendo<span class=\"screen-reader-text\"> \u00abPlan de Centro\u00bb<\/span><\/a><\/p>\n","protected":false},"author":1887,"featured_media":0,"parent":0,"menu_order":0,"comment_status":"closed","ping_status":"closed","template":"","meta":{"ngg_post_thumbnail":0,"footnotes":""},"aioseo_notices":[],"_links":{"self":[{"href":"https:\/\/blogsaverroes.juntadeandalucia.es\/ceipcondedetendilla\/wp-json\/wp\/v2\/pages\/7703"}],"collection":[{"href":"https:\/\/blogsaverroes.juntadeandalucia.es\/ceipcondedetendilla\/wp-json\/wp\/v2\/pages"}],"about":[{"href":"https:\/\/blogsaverroes.juntadeandalucia.es\/ceipcondedetendilla\/wp-json\/wp\/v2\/types\/page"}],"author":[{"embeddable":true,"href":"https:\/\/blogsaverroes.juntadeandalucia.es\/ceipcondedetendilla\/wp-json\/wp\/v2\/users\/1887"}],"replies":[{"embeddable":true,"href":"https:\/\/blogsaverroes.juntadeandalucia.es\/ceipcondedetendilla\/wp-json\/wp\/v2\/comments?post=7703"}],"version-history":[{"count":4,"href":"https:\/\/blogsaverroes.juntadeandalucia.es\/ceipcondedetendilla\/wp-json\/wp\/v2\/pages\/7703\/revisions"}],"predecessor-version":[{"id":7756,"href":"https:\/\/blogsaverroes.juntadeandalucia.es\/ceipcondedetendilla\/wp-json\/wp\/v2\/pages\/7703\/revisions\/7756"}],"wp:attachment":[{"href":"https:\/\/blogsaverroes.juntadeandalucia.es\/ceipcondedetendilla\/wp-json\/wp\/v2\/media?parent=7703"}],"curies":[{"name":"wp","href":"https:\/\/api.w.org\/{rel}","templated":true}]}}