{"id":7722,"date":"2025-09-13T11:01:42","date_gmt":"2025-09-13T11:01:42","guid":{"rendered":"https:\/\/blogsaverroes.juntadeandalucia.es\/ceipcondedetendilla\/?page_id=7722"},"modified":"2025-09-21T08:10:34","modified_gmt":"2025-09-21T08:10:34","slug":"actividades-extraescolares","status":"publish","type":"page","link":"https:\/\/blogsaverroes.juntadeandalucia.es\/ceipcondedetendilla\/actividades-extraescolares\/","title":{"rendered":"Actividades extraescolares"},"content":{"rendered":"<p><a href=\"https:\/\/blogsaverroes.juntadeandalucia.es\/ceipcondedetendilla\/files\/2025\/09\/descarga-1-1.jpg\"><img loading=\"lazy\" decoding=\"async\" class=\"size-medium wp-image-7880 alignleft\" src=\"https:\/\/blogsaverroes.juntadeandalucia.es\/ceipcondedetendilla\/files\/2025\/09\/descarga-1-1-300x149.jpg\" alt=\"\" width=\"300\" height=\"149\" srcset=\"https:\/\/blogsaverroes.juntadeandalucia.es\/ceipcondedetendilla\/files\/2025\/09\/descarga-1-1-300x149.jpg 300w, https:\/\/blogsaverroes.juntadeandalucia.es\/ceipcondedetendilla\/files\/2025\/09\/descarga-1-1.jpg 318w\" sizes=\"(max-width: 300px) 100vw, 300px\" \/><\/a>Los centros docentes p\u00fablicos que impartan segundo Ciclo de Educaci\u00f3n Infantil, Educaci\u00f3n Primaria y Educaci\u00f3n Secundaria podr\u00e1n <span style=\"color: #339966\">mantener abiertas sus instalaciones hasta las 18:00 horas<\/span> con la finalidad de ofrecer <strong><span style=\"color: #339966\"><a style=\"color: #339966\" href=\"https:\/\/www.juntadeandalucia.es\/educacion\/portales\/familias\/servicios-complementarios\/actividades-extraescolares\" target=\"_blank\" rel=\"noopener\">actividades extraescolares<\/a><\/span><\/strong> que aborden aspectos formativos de inter\u00e9s para el alumnado: idiomas, tecnolog\u00edas de la informaci\u00f3n y comunicaci\u00f3n, talleres de lectura y escritura, actividades de estudio dirigido, actividades formativas y de ocio, deportivas, art\u00edsticas, etc.<\/p>\n<p>Las actividades extraescolares tienen un car\u00e1cter voluntario para el alumnado y en ning\u00fan caso forman parte de su proceso de evaluaci\u00f3n. La atenci\u00f3n a este tipo de alumnado se realiza con personal que cuenta con la formaci\u00f3n y cualificaci\u00f3n adecuada a las actividades a desarrollar.<\/p>\n<p>La&nbsp;<span style=\"color: #339966\">cuant\u00eda del servicio<\/span>,&nbsp;atendiendo al<em>&nbsp;Acuerdo de 30 de julio de 2024 por el que se revisan las cuant\u00edas de los precios p\u00fablicos<\/em>, asciende a&nbsp;<span style=\"color: #339966\">17,51 euros mensuales<\/span> <span style=\"color: #339966\">por cada actividad&nbsp;<span style=\"color: #333333\">(independientemente del n\u00famero de veces que se asista al mes).<\/span><\/span><\/p>\n<p>As\u00ed, en nuestro centro se ofertan y desarrollar\u00e1n <span style=\"color: #339966\">a partir del 1 de octubre (plazo de inscripci\u00f3n abierto hasta el 30 de septiembre) y siempre de acuerdo con ciertos prerrequisitos (m\u00ednimo 10 alumnos\/as)<span style=\"color: #333333\">, las siguientes <span style=\"color: #339966\">actividades:&nbsp;<\/span><\/span><\/span><\/p>\n<ul>\n<li><em><span style=\"color: #339966\">Ingl\u00e9s:&nbsp;<\/span><\/em><span style=\"color: #333333\">lunes y mi\u00e9rcoles, de 16:00 a 17:00, en el Sal\u00f3n de Actos. Comienzo el mi\u00e9rcoles 1 de octubre.<\/span><\/li>\n<li><span style=\"color: #339966\"><em>Taller art\u00edstico:&nbsp;<\/em><\/span><span style=\"color: #333333\">martes y jueves, de 16:00 a 17:00, en el Sal\u00f3n de Actos. Comienzo el jueves 2 de octubre.<\/span><\/li>\n<\/ul>\n<p>Desc\u00e1rgate y visita aqu\u00ed el formulario y proceso de admisi\u00f3n, y contacta con el centro por<span style=\"color: #339966\">&nbsp;email<\/span>&nbsp;a&nbsp;18000362.edu@juntadeandalucia.es&nbsp;o&nbsp;<span style=\"color: #339966\">entr\u00e9galo en secretar\u00eda.<\/span><\/p>\n<ul>\n<li><span style=\"color: #339966\"><em><a style=\"color: #339966\" href=\"https:\/\/www.juntadeandalucia.es\/servicios\/sede\/tramites\/procedimientos\/detalle\/10459.html\" target=\"_blank\" rel=\"noopener\">Proceso de admisi\u00f3n en servicios complementarios<\/a><\/em><\/span><\/li>\n<li><span style=\"color: #339966\"><em><a style=\"color: #339966\" title=\"Enlace para solicitud del servicio de Comedor Escolar\" href=\"https:\/\/blogsaverroes.juntadeandalucia.es\/ceipcondedetendilla\/files\/2023\/09\/002563-A00-V02-00-1.pdf\" target=\"_blank\" rel=\"noopener\">Solicitud del servicio de Actividades Extraescolares<\/a><\/em><\/span><\/li>\n<\/ul>\n","protected":false},"excerpt":{"rendered":"<p>Los centros docentes p\u00fablicos que impartan segundo Ciclo de Educaci\u00f3n Infantil, Educaci\u00f3n Primaria y Educaci\u00f3n Secundaria podr\u00e1n mantener abiertas sus instalaciones hasta las 18:00 horas con la finalidad de ofrecer actividades extraescolares que aborden aspectos formativos de inter\u00e9s para el alumnado: idiomas, tecnolog\u00edas de la informaci\u00f3n y comunicaci\u00f3n, talleres de lectura y escritura, actividades de &hellip; <\/p>\n<p class=\"link-more\"><a href=\"https:\/\/blogsaverroes.juntadeandalucia.es\/ceipcondedetendilla\/actividades-extraescolares\/\" class=\"more-link\">Continuar leyendo<span class=\"screen-reader-text\"> \u00abActividades extraescolares\u00bb<\/span><\/a><\/p>\n","protected":false},"author":1887,"featured_media":0,"parent":0,"menu_order":0,"comment_status":"closed","ping_status":"closed","template":"","meta":{"ngg_post_thumbnail":0,"footnotes":""},"aioseo_notices":[],"_links":{"self":[{"href":"https:\/\/blogsaverroes.juntadeandalucia.es\/ceipcondedetendilla\/wp-json\/wp\/v2\/pages\/7722"}],"collection":[{"href":"https:\/\/blogsaverroes.juntadeandalucia.es\/ceipcondedetendilla\/wp-json\/wp\/v2\/pages"}],"about":[{"href":"https:\/\/blogsaverroes.juntadeandalucia.es\/ceipcondedetendilla\/wp-json\/wp\/v2\/types\/page"}],"author":[{"embeddable":true,"href":"https:\/\/blogsaverroes.juntadeandalucia.es\/ceipcondedetendilla\/wp-json\/wp\/v2\/users\/1887"}],"replies":[{"embeddable":true,"href":"https:\/\/blogsaverroes.juntadeandalucia.es\/ceipcondedetendilla\/wp-json\/wp\/v2\/comments?post=7722"}],"version-history":[{"count":5,"href":"https:\/\/blogsaverroes.juntadeandalucia.es\/ceipcondedetendilla\/wp-json\/wp\/v2\/pages\/7722\/revisions"}],"predecessor-version":[{"id":7881,"href":"https:\/\/blogsaverroes.juntadeandalucia.es\/ceipcondedetendilla\/wp-json\/wp\/v2\/pages\/7722\/revisions\/7881"}],"wp:attachment":[{"href":"https:\/\/blogsaverroes.juntadeandalucia.es\/ceipcondedetendilla\/wp-json\/wp\/v2\/media?parent=7722"}],"curies":[{"name":"wp","href":"https:\/\/api.w.org\/{rel}","templated":true}]}}

<p><a href="https://blogsaverroes.juntadeandalucia.es/ceipcondedetendilla/files/2025/09/descarga-1-1.jpg"><img loading="lazy" decoding="async" class="size-medium wp-image-7880 alignleft" src="https://blogsaverroes.juntadeandalucia.es/ceipcondedetendilla/files/2025/09/descarga-1-1-300x149.jpg" alt="" width="300" height="149" srcset="https://blogsaverroes.juntadeandalucia.es/ceipcondedetendilla/files/2025/09/descarga-1-1-300x149.jpg 300w, https://blogsaverroes.juntadeandalucia.es/ceipcondedetendilla/files/2025/09/descarga-1-1.jpg 318w" sizes="(max-width: 300px) 100vw, 300px" /></a>Los centros docentes públicos que impartan segundo Ciclo de Educación Infantil, Educación Primaria y Educación Secundaria podrán <span style="color: #339966">mantener abiertas sus instalaciones hasta las 18:00 horas</span> con la finalidad de ofrecer <strong><span style="color: #339966"><a style="color: #339966" href="https://www.juntadeandalucia.es/educacion/portales/familias/servicios-complementarios/actividades-extraescolares" target="_blank" rel="noopener">actividades extraescolares</a></span></strong> que aborden aspectos formativos de interés para el alumnado: idiomas, tecnologías de la información y comunicación, talleres de lectura y escritura, actividades de estudio dirigido, actividades formativas y de ocio, deportivas, artísticas, etc.</p>
<p>Las actividades extraescolares tienen un carácter voluntario para el alumnado y en ningún caso forman parte de su proceso de evaluación. La atención a este tipo de alumnado se realiza con personal que cuenta con la formación y cualificación adecuada a las actividades a desarrollar.</p>
<p>La&nbsp;<span style="color: #339966">cuantía del servicio</span>,&nbsp;atendiendo al<em>&nbsp;Acuerdo de 30 de julio de 2024 por el que se revisan las cuantías de los precios públicos</em>, asciende a&nbsp;<span style="color: #339966">17,51 euros mensuales</span> <span style="color: #339966">por cada actividad&nbsp;<span style="color: #333333">(independientemente del número de veces que se asista al mes).</span></span></p>
<p>Así, en nuestro centro se ofertan y desarrollarán <span style="color: #339966">a partir del 1 de octubre (plazo de inscripción abierto hasta el 30 de septiembre) y siempre de acuerdo con ciertos prerrequisitos (mínimo 10 alumnos/as)<span style="color: #333333">, las siguientes <span style="color: #339966">actividades:&nbsp;</span></span></span></p>
<ul>
<li><em><span style="color: #339966">Inglés:&nbsp;</span></em><span style="color: #333333">lunes y miércoles, de 16:00 a 17:00, en el Salón de Actos. Comienzo el miércoles 1 de octubre.</span></li>
<li><span style="color: #339966"><em>Taller artístico:&nbsp;</em></span><span style="color: #333333">martes y jueves, de 16:00 a 17:00, en el Salón de Actos. Comienzo el jueves 2 de octubre.</span></li>
</ul>
<p>Descárgate y visita aquí el formulario y proceso de admisión, y contacta con el centro por<span style="color: #339966">&nbsp;email</span>&nbsp;a&nbsp;18000362.edu@juntadeandalucia.es&nbsp;o&nbsp;<span style="color: #339966">entrégalo en secretaría.</span></p>
<ul>
<li><span style="color: #339966"><em><a style="color: #339966" href="https://www.juntadeandalucia.es/servicios/sede/tramites/procedimientos/detalle/10459.html" target="_blank" rel="noopener">Proceso de admisión en servicios complementarios</a></em></span></li>
<li><span style="color: #339966"><em><a style="color: #339966" title="Enlace para solicitud del servicio de Comedor Escolar" href="https://blogsaverroes.juntadeandalucia.es/ceipcondedetendilla/files/2023/09/002563-A00-V02-00-1.pdf" target="_blank" rel="noopener">Solicitud del servicio de Actividades Extraescolares</a></em></span></li>
</ul>

<p>Los centros docentes públicos que impartan segundo Ciclo de Educación Infantil, Educación Primaria y Educación Secundaria podrán mantener abiertas sus instalaciones hasta las 18:00 horas con la finalidad de ofrecer actividades extraescolares que aborden aspectos formativos de interés para el alumnado: idiomas, tecnologías de la información y comunicación, talleres de lectura y escritura, actividades de &hellip; </p>
<p class="link-more"><a href="https://blogsaverroes.juntadeandalucia.es/ceipcondedetendilla/actividades-extraescolares/" class="more-link">Continuar leyendo<span class="screen-reader-text"> «Actividades extraescolares»</span></a></p>
