{"id":436,"date":"2015-03-20T07:08:17","date_gmt":"2015-03-20T07:08:17","guid":{"rendered":"http:\/\/blogsaverroes.juntadeandalucia.es\/pre\/ceip\/?page_id=436"},"modified":"2024-10-02T10:24:51","modified_gmt":"2024-10-02T10:24:51","slug":"ed-primaria-3o-ciclo","status":"publish","type":"page","link":"https:\/\/blogsaverroes.juntadeandalucia.es\/ceipcostaoeste\/ed-primaria-3o-ciclo\/","title":{"rendered":"Ed. Primaria. 3\u00ba ciclo"},"content":{"rendered":"<table style=\"background-color: #56a7d6\">\n<tbody>\n<tr>\n<td style=\"text-align: center\"><strong>AULA DE A.L.<\/strong><br \/>\n<strong><a href=\"http:\/\/blogsaverroes.juntadeandalucia.es\/ceipcostaoeste\/files\/2015\/03\/AULA-A.L-1.jpg\"><img loading=\"lazy\" decoding=\"async\" class=\" wp-image-2355 aligncenter\" src=\"http:\/\/blogsaverroes.juntadeandalucia.es\/ceipcostaoeste\/files\/2015\/03\/AULA-A.L-1-300x225.jpg\" alt=\"AULA A.L (1)\" width=\"195\" height=\"146\" srcset=\"https:\/\/blogsaverroes.juntadeandalucia.es\/ceipcostaoeste\/files\/2015\/03\/AULA-A.L-1-300x225.jpg 300w, https:\/\/blogsaverroes.juntadeandalucia.es\/ceipcostaoeste\/files\/2015\/03\/AULA-A.L-1-24x18.jpg 24w, https:\/\/blogsaverroes.juntadeandalucia.es\/ceipcostaoeste\/files\/2015\/03\/AULA-A.L-1-36x27.jpg 36w, https:\/\/blogsaverroes.juntadeandalucia.es\/ceipcostaoeste\/files\/2015\/03\/AULA-A.L-1-48x36.jpg 48w, https:\/\/blogsaverroes.juntadeandalucia.es\/ceipcostaoeste\/files\/2015\/03\/AULA-A.L-1.jpg 640w\" sizes=\"(max-width: 195px) 100vw, 195px\" \/><\/a><\/strong><\/td>\n<td style=\"text-align: center\"><strong>AULA INGL\u00c9S&nbsp;<\/strong><br \/>\n<strong><a href=\"http:\/\/blogsaverroes.juntadeandalucia.es\/ceipcostaoeste\/files\/2015\/03\/AULA-INFORM\u00c1TICA.jpg\"><img loading=\"lazy\" decoding=\"async\" class=\" wp-image-2357 aligncenter\" src=\"http:\/\/blogsaverroes.juntadeandalucia.es\/ceipcostaoeste\/files\/2015\/03\/AULA-INFORM\u00c1TICA-300x225.jpg\" alt=\"AULA INFORM\u00c1TICA\" width=\"201\" height=\"151\" srcset=\"https:\/\/blogsaverroes.juntadeandalucia.es\/ceipcostaoeste\/files\/2015\/03\/AULA-INFORM\u00c1TICA-300x225.jpg 300w, https:\/\/blogsaverroes.juntadeandalucia.es\/ceipcostaoeste\/files\/2015\/03\/AULA-INFORM\u00c1TICA-24x18.jpg 24w, https:\/\/blogsaverroes.juntadeandalucia.es\/ceipcostaoeste\/files\/2015\/03\/AULA-INFORM\u00c1TICA-36x27.jpg 36w, https:\/\/blogsaverroes.juntadeandalucia.es\/ceipcostaoeste\/files\/2015\/03\/AULA-INFORM\u00c1TICA-48x36.jpg 48w, https:\/\/blogsaverroes.juntadeandalucia.es\/ceipcostaoeste\/files\/2015\/03\/AULA-INFORM\u00c1TICA.jpg 640w\" sizes=\"(max-width: 201px) 100vw, 201px\" \/><\/a><\/strong><\/td>\n<td style=\"text-align: center\"><strong>AULA DE P.T.<\/strong><br \/>\n<strong><a href=\"http:\/\/blogsaverroes.juntadeandalucia.es\/ceipcostaoeste\/files\/2015\/03\/AULA-PEDAGOG\u00cdA-TERAPE\u00daTICA1.jpg\"><img loading=\"lazy\" decoding=\"async\" class=\" wp-image-2358 aligncenter\" src=\"http:\/\/blogsaverroes.juntadeandalucia.es\/ceipcostaoeste\/files\/2015\/03\/AULA-PEDAGOG\u00cdA-TERAPE\u00daTICA1-300x225.jpg\" alt=\"AULA PEDAGOG\u00cdA TERAPE\u00daTICA\" width=\"211\" height=\"158\" srcset=\"https:\/\/blogsaverroes.juntadeandalucia.es\/ceipcostaoeste\/files\/2015\/03\/AULA-PEDAGOG\u00cdA-TERAPE\u00daTICA1-300x225.jpg 300w, https:\/\/blogsaverroes.juntadeandalucia.es\/ceipcostaoeste\/files\/2015\/03\/AULA-PEDAGOG\u00cdA-TERAPE\u00daTICA1-1024x768.jpg 1024w, https:\/\/blogsaverroes.juntadeandalucia.es\/ceipcostaoeste\/files\/2015\/03\/AULA-PEDAGOG\u00cdA-TERAPE\u00daTICA1-24x18.jpg 24w, https:\/\/blogsaverroes.juntadeandalucia.es\/ceipcostaoeste\/files\/2015\/03\/AULA-PEDAGOG\u00cdA-TERAPE\u00daTICA1-36x27.jpg 36w, https:\/\/blogsaverroes.juntadeandalucia.es\/ceipcostaoeste\/files\/2015\/03\/AULA-PEDAGOG\u00cdA-TERAPE\u00daTICA1-48x36.jpg 48w, https:\/\/blogsaverroes.juntadeandalucia.es\/ceipcostaoeste\/files\/2015\/03\/AULA-PEDAGOG\u00cdA-TERAPE\u00daTICA1.jpg 1280w\" sizes=\"(max-width: 211px) 100vw, 211px\" \/><\/a><\/strong><\/td>\n<\/tr>\n<tr>\n<td style=\"text-align: center\"><strong>AULA DE M\u00daSICA<\/strong><strong><a href=\"http:\/\/blogsaverroes.juntadeandalucia.es\/ceipcostaoeste\/files\/2015\/03\/AULA-DE-M\u00daSICA.jpg\"><img loading=\"lazy\" decoding=\"async\" class=\" wp-image-2356 aligncenter\" src=\"http:\/\/blogsaverroes.juntadeandalucia.es\/ceipcostaoeste\/files\/2015\/03\/AULA-DE-M\u00daSICA-300x225.jpg\" alt=\"AULA DE M\u00daSICA\" width=\"199\" height=\"149\" srcset=\"https:\/\/blogsaverroes.juntadeandalucia.es\/ceipcostaoeste\/files\/2015\/03\/AULA-DE-M\u00daSICA-300x225.jpg 300w, https:\/\/blogsaverroes.juntadeandalucia.es\/ceipcostaoeste\/files\/2015\/03\/AULA-DE-M\u00daSICA-1024x768.jpg 1024w, https:\/\/blogsaverroes.juntadeandalucia.es\/ceipcostaoeste\/files\/2015\/03\/AULA-DE-M\u00daSICA-24x18.jpg 24w, https:\/\/blogsaverroes.juntadeandalucia.es\/ceipcostaoeste\/files\/2015\/03\/AULA-DE-M\u00daSICA-36x27.jpg 36w, https:\/\/blogsaverroes.juntadeandalucia.es\/ceipcostaoeste\/files\/2015\/03\/AULA-DE-M\u00daSICA-48x36.jpg 48w, https:\/\/blogsaverroes.juntadeandalucia.es\/ceipcostaoeste\/files\/2015\/03\/AULA-DE-M\u00daSICA.jpg 1600w\" sizes=\"(max-width: 199px) 100vw, 199px\" \/><\/a><\/strong><\/td>\n<td style=\"text-align: center\"><strong>GIMNASIO<\/strong><strong><a href=\"http:\/\/blogsaverroes.juntadeandalucia.es\/ceipcostaoeste\/files\/2015\/03\/GIMNASIO-2.jpg\"><img loading=\"lazy\" decoding=\"async\" class=\" wp-image-2359 aligncenter\" src=\"http:\/\/blogsaverroes.juntadeandalucia.es\/ceipcostaoeste\/files\/2015\/03\/GIMNASIO-2-300x225.jpg\" alt=\"GIMNASIO 2\" width=\"198\" height=\"148\" srcset=\"https:\/\/blogsaverroes.juntadeandalucia.es\/ceipcostaoeste\/files\/2015\/03\/GIMNASIO-2-300x225.jpg 300w, https:\/\/blogsaverroes.juntadeandalucia.es\/ceipcostaoeste\/files\/2015\/03\/GIMNASIO-2-1024x768.jpg 1024w, https:\/\/blogsaverroes.juntadeandalucia.es\/ceipcostaoeste\/files\/2015\/03\/GIMNASIO-2-24x18.jpg 24w, https:\/\/blogsaverroes.juntadeandalucia.es\/ceipcostaoeste\/files\/2015\/03\/GIMNASIO-2-36x27.jpg 36w, https:\/\/blogsaverroes.juntadeandalucia.es\/ceipcostaoeste\/files\/2015\/03\/GIMNASIO-2-48x36.jpg 48w, https:\/\/blogsaverroes.juntadeandalucia.es\/ceipcostaoeste\/files\/2015\/03\/GIMNASIO-2.jpg 1600w\" sizes=\"(max-width: 198px) 100vw, 198px\" \/><\/a><\/strong><\/td>\n<td style=\"text-align: center\"><strong>PISTAS DEPORTIVAS<\/strong><a href=\"http:\/\/blogsaverroes.juntadeandalucia.es\/ceipcostaoeste\/files\/2015\/03\/PISTA-DEPPORTIVA-2.jpg\"><img loading=\"lazy\" decoding=\"async\" class=\"alignleft wp-image-2360\" src=\"http:\/\/blogsaverroes.juntadeandalucia.es\/ceipcostaoeste\/files\/2015\/03\/PISTA-DEPPORTIVA-2-300x225.jpg\" alt=\"PISTA DEPPORTIVA 2\" width=\"202\" height=\"151\" srcset=\"https:\/\/blogsaverroes.juntadeandalucia.es\/ceipcostaoeste\/files\/2015\/03\/PISTA-DEPPORTIVA-2-300x225.jpg 300w, https:\/\/blogsaverroes.juntadeandalucia.es\/ceipcostaoeste\/files\/2015\/03\/PISTA-DEPPORTIVA-2-1024x768.jpg 1024w, https:\/\/blogsaverroes.juntadeandalucia.es\/ceipcostaoeste\/files\/2015\/03\/PISTA-DEPPORTIVA-2-24x18.jpg 24w, https:\/\/blogsaverroes.juntadeandalucia.es\/ceipcostaoeste\/files\/2015\/03\/PISTA-DEPPORTIVA-2-36x27.jpg 36w, https:\/\/blogsaverroes.juntadeandalucia.es\/ceipcostaoeste\/files\/2015\/03\/PISTA-DEPPORTIVA-2-48x36.jpg 48w, https:\/\/blogsaverroes.juntadeandalucia.es\/ceipcostaoeste\/files\/2015\/03\/PISTA-DEPPORTIVA-2.jpg 1600w\" sizes=\"(max-width: 202px) 100vw, 202px\" \/><\/a><\/td>\n<\/tr>\n<\/tbody>\n<\/table>\n<p style=\"text-align: center\"><strong>PROFESORADO DEL CENTRO&nbsp; CURSO 2024-2025<\/strong><\/p>\n<p style=\"text-align: center\"><em><span style=\"color: #0000ff\"><strong>3\u00ba CICLO<\/strong><\/span><\/em><\/p>\n<table style=\"width: 77.2727%;height: 349px\" width=\"600\">\n<tbody>\n<tr style=\"height: 48px\">\n<td style=\"background-color: #29a2d6;width: 286px;height: 10px\" width=\"286\"><span style=\"color: #ff9900\"><b>Guerrero Espinosa, Jos\u00e9 Mar\u00eda<\/b><\/span><\/td>\n<td style=\"background-color: #29a2d6;width: 286px;height: 10px\" width=\"303\"><strong>Educaci\u00f3n Primaria &nbsp; 5\u00baA&nbsp; &nbsp; &nbsp; &nbsp; &nbsp; &nbsp; &nbsp; &nbsp; &nbsp; &nbsp; &nbsp; &nbsp; &nbsp; &nbsp; &nbsp; &nbsp; &nbsp; &nbsp; &nbsp; &nbsp; &nbsp; &nbsp;&nbsp;<\/strong><\/td>\n<\/tr>\n<tr style=\"height: 48px\">\n<td style=\"background-color: #29a2d6;width: 286px;height: 48px\" width=\"286\"><span style=\"color: #ff9900\"><strong>Luna Romano, Cristina<\/strong><\/span><\/td>\n<td style=\"background-color: #29a2d6;width: 286px;height: 48px\" width=\"303\"><strong>Educaci\u00f3n Primaria 5\u00baB &nbsp; &nbsp; &nbsp; &nbsp; &nbsp; &nbsp; &nbsp; &nbsp; &nbsp; &nbsp; &nbsp; &nbsp; &nbsp; &nbsp; &nbsp;&nbsp;<\/strong><\/td>\n<\/tr>\n<tr style=\"height: 48px\">\n<td style=\"background-color: #29a2d6;width: 286px;height: 48px\" width=\"286\"><span style=\"color: #ffff00\"><strong>&nbsp; <span style=\"color: #ff9900\">Lobo Garc\u00eda, Caridad<\/span><\/strong><\/span><\/td>\n<td style=\"background-color: #29a2d6;width: 286px;height: 48px\" width=\"303\"><strong> Educaci\u00f3n&nbsp; Primaria&nbsp; <\/strong><strong>6\u00baA<\/strong><strong>&nbsp; &nbsp; &nbsp; &nbsp; &nbsp; &nbsp; &nbsp; &nbsp; &nbsp; &nbsp; &nbsp; &nbsp; &nbsp; &nbsp; &nbsp;&nbsp;<\/strong><\/td>\n<\/tr>\n<tr style=\"height: 48px\">\n<td style=\"background-color: #29a2d6;width: 286px;height: 48px\" width=\"286\"><strong><span style=\"color: #ff9900\">Tejada Rivera, Mamen<\/span><\/strong>&nbsp; <span style=\"color: #ffff00\"><strong>(Coordinadora)<\/strong><\/span><\/td>\n<td style=\"background-color: #29a2d6;width: 286px;height: 48px\" width=\"303\"><strong>Educaci\u00f3n Primaria 6\u00baB &nbsp; &nbsp; &nbsp; &nbsp; &nbsp; &nbsp; &nbsp; &nbsp; &nbsp; &nbsp; &nbsp; &nbsp; &nbsp; &nbsp; &nbsp; &nbsp; &nbsp; &nbsp; &nbsp; &nbsp; &nbsp; &nbsp; &nbsp;&nbsp;<\/strong><\/td>\n<\/tr>\n<tr style=\"height: 24px\">\n<td style=\"background-color: #2dd66b;width: 286px;height: 24px\" width=\"286\"><span style=\"color: #3366ff\"><strong>Beato Fern\u00e1ndez , La<\/strong><\/span><span style=\"color: #3366ff\"><strong>ura&nbsp;<\/strong><\/span><\/td>\n<td style=\"background-color: #2dd66b;width: 286px;height: 24px\" width=\"303\"><strong>Franc\u00e9s<\/strong><\/td>\n<\/tr>\n<tr style=\"height: 95px\">\n<td style=\"background-color: #2dd66b;width: 286px;height: 55px\" width=\"286\"><span style=\"color: #3366ff\"><strong>Platero Caraballo, Emilio <\/strong><\/span><\/p>\n<p><span style=\"color: #3366ff\"><strong>Ruiz Travieso, Jes\u00fas&nbsp;<\/strong><\/span><\/td>\n<td style=\"background-color: #2dd66b;width: 286px;height: 55px\" width=\"303\"><strong>Educaci\u00f3n F\u00edsica<\/strong><\/td>\n<\/tr>\n<tr style=\"height: 24px\">\n<td style=\"background-color: #2dd66b;width: 286px;height: 24px\" width=\"286\"><span style=\"color: #3366ff\"><strong>Fern\u00e1ndez S\u00e1nchez ,Rosa<\/strong><\/span><\/td>\n<td style=\"background-color: #2dd66b;width: 286px;height: 24px\" width=\"303\"><strong>M\u00fasica<\/strong><\/td>\n<\/tr>\n<tr style=\"height: 10px\">\n<td style=\"background-color: #2dd66b;width: 286px;height: 10px\" width=\"286\"><span style=\"color: #3366ff\"><strong>Guerrero Casta\u00f1o, Francisca<\/strong><\/span><\/td>\n<td style=\"background-color: #2dd66b;width: 286px;height: 10px\" width=\"303\"><strong>Audici\u00f3n y Lenguaje<\/strong><\/td>\n<\/tr>\n<tr style=\"height: 24px\">\n<td style=\"background-color: #2dd66b;width: 286px;height: 24px\" width=\"286\"><span style=\"color: #3366ff\"><strong>Berm\u00fadez Rodr\u00edguez, Pedro&nbsp;<\/strong><\/span><\/td>\n<td style=\"background-color: #2dd66b;width: 286px;height: 24px\" width=\"303\"><strong>Pedagog\u00eda Terap\u00e9utica<\/strong><\/td>\n<\/tr>\n<tr style=\"height: 48px\">\n<td style=\"background-color: #2dd66b;width: 286px;height: 48px\" width=\"286\"><span style=\"color: #3366ff\"><strong>Torrej\u00f3n Manzorro, Mar\u00eda de Jes\u00fas<\/strong><\/span><\/td>\n<td style=\"background-color: #2dd66b;width: 286px;height: 48px\" width=\"303\"><strong>Religi\u00f3n<\/strong><\/td>\n<\/tr>\n<\/tbody>\n<\/table>\n","protected":false},"excerpt":{"rendered":"<p>AULA DE A.L. AULA INGL\u00c9S&nbsp; AULA DE P.T. AULA DE M\u00daSICA GIMNASIO PISTAS DEPORTIVAS PROFESORADO DEL CENTRO&nbsp; CURSO 2024-2025 3\u00ba CICLO Guerrero Espinosa, Jos\u00e9 Mar\u00eda Educaci\u00f3n Primaria &nbsp; 5\u00baA&nbsp; &nbsp; &nbsp; &nbsp; &nbsp; &nbsp;&#46;&#46;&#46;<\/p>\n","protected":false},"author":1,"featured_media":0,"parent":0,"menu_order":0,"comment_status":"closed","ping_status":"open","template":"page-sc.php","meta":{"ngg_post_thumbnail":0,"footnotes":"","_mc_calendar":[]},"aioseo_notices":[],"_links":{"self":[{"href":"https:\/\/blogsaverroes.juntadeandalucia.es\/ceipcostaoeste\/wp-json\/wp\/v2\/pages\/436"}],"collection":[{"href":"https:\/\/blogsaverroes.juntadeandalucia.es\/ceipcostaoeste\/wp-json\/wp\/v2\/pages"}],"about":[{"href":"https:\/\/blogsaverroes.juntadeandalucia.es\/ceipcostaoeste\/wp-json\/wp\/v2\/types\/page"}],"author":[{"embeddable":true,"href":"https:\/\/blogsaverroes.juntadeandalucia.es\/ceipcostaoeste\/wp-json\/wp\/v2\/users\/1"}],"replies":[{"embeddable":true,"href":"https:\/\/blogsaverroes.juntadeandalucia.es\/ceipcostaoeste\/wp-json\/wp\/v2\/comments?post=436"}],"version-history":[{"count":24,"href":"https:\/\/blogsaverroes.juntadeandalucia.es\/ceipcostaoeste\/wp-json\/wp\/v2\/pages\/436\/revisions"}],"predecessor-version":[{"id":3470,"href":"https:\/\/blogsaverroes.juntadeandalucia.es\/ceipcostaoeste\/wp-json\/wp\/v2\/pages\/436\/revisions\/3470"}],"wp:attachment":[{"href":"https:\/\/blogsaverroes.juntadeandalucia.es\/ceipcostaoeste\/wp-json\/wp\/v2\/media?parent=436"}],"curies":[{"name":"wp","href":"https:\/\/api.w.org\/{rel}","templated":true}]}}