{"id":870,"date":"2015-03-16T07:24:27","date_gmt":"2015-03-16T07:24:27","guid":{"rendered":"http:\/\/blogsaverroes.juntadeandalucia.es\/pre\/ceip\/?page_id=103"},"modified":"2024-10-02T09:53:02","modified_gmt":"2024-10-02T09:53:02","slug":"aula-matinal","status":"publish","type":"page","link":"https:\/\/blogsaverroes.juntadeandalucia.es\/ceipcostaoeste\/aula-matinal\/","title":{"rendered":"Aula Matinal"},"content":{"rendered":"<p>&nbsp;<\/p>\n<p><a href=\"https:\/\/blogsaverroes.juntadeandalucia.es\/ceipcostaoeste\/files\/2024\/10\/INFORMACION-PARA-PADRES-Y-MADRES-SOBRE-EL-SERVICIO-DE-AULA-MATINAL_page-0001.jpg\"><img loading=\"lazy\" decoding=\"async\" class=\"aligncenter wp-image-3461 size-full\" src=\"https:\/\/blogsaverroes.juntadeandalucia.es\/ceipcostaoeste\/files\/2024\/10\/INFORMACION-PARA-PADRES-Y-MADRES-SOBRE-EL-SERVICIO-DE-AULA-MATINAL_page-0001.jpg\" alt=\"\" width=\"1131\" height=\"1600\" srcset=\"https:\/\/blogsaverroes.juntadeandalucia.es\/ceipcostaoeste\/files\/2024\/10\/INFORMACION-PARA-PADRES-Y-MADRES-SOBRE-EL-SERVICIO-DE-AULA-MATINAL_page-0001.jpg 1131w, https:\/\/blogsaverroes.juntadeandalucia.es\/ceipcostaoeste\/files\/2024\/10\/INFORMACION-PARA-PADRES-Y-MADRES-SOBRE-EL-SERVICIO-DE-AULA-MATINAL_page-0001-212x300.jpg 212w, https:\/\/blogsaverroes.juntadeandalucia.es\/ceipcostaoeste\/files\/2024\/10\/INFORMACION-PARA-PADRES-Y-MADRES-SOBRE-EL-SERVICIO-DE-AULA-MATINAL_page-0001-724x1024.jpg 724w, https:\/\/blogsaverroes.juntadeandalucia.es\/ceipcostaoeste\/files\/2024\/10\/INFORMACION-PARA-PADRES-Y-MADRES-SOBRE-EL-SERVICIO-DE-AULA-MATINAL_page-0001-768x1086.jpg 768w, https:\/\/blogsaverroes.juntadeandalucia.es\/ceipcostaoeste\/files\/2024\/10\/INFORMACION-PARA-PADRES-Y-MADRES-SOBRE-EL-SERVICIO-DE-AULA-MATINAL_page-0001-1086x1536.jpg 1086w\" sizes=\"(max-width: 1131px) 100vw, 1131px\" \/><\/a><\/p>\n<p><a href=\"https:\/\/blogsaverroes.juntadeandalucia.es\/ceipcostaoeste\/files\/2024\/10\/INFORMACION-PARA-PADRES-Y-MADRES-SOBRE-EL-SERVICIO-DE-AULA-MATINAL_page-0002.jpg\"><img loading=\"lazy\" decoding=\"async\" class=\"aligncenter wp-image-3458 size-full\" src=\"https:\/\/blogsaverroes.juntadeandalucia.es\/ceipcostaoeste\/files\/2024\/10\/INFORMACION-PARA-PADRES-Y-MADRES-SOBRE-EL-SERVICIO-DE-AULA-MATINAL_page-0002.jpg\" alt=\"\" width=\"1131\" height=\"1600\" srcset=\"https:\/\/blogsaverroes.juntadeandalucia.es\/ceipcostaoeste\/files\/2024\/10\/INFORMACION-PARA-PADRES-Y-MADRES-SOBRE-EL-SERVICIO-DE-AULA-MATINAL_page-0002.jpg 1131w, https:\/\/blogsaverroes.juntadeandalucia.es\/ceipcostaoeste\/files\/2024\/10\/INFORMACION-PARA-PADRES-Y-MADRES-SOBRE-EL-SERVICIO-DE-AULA-MATINAL_page-0002-212x300.jpg 212w, https:\/\/blogsaverroes.juntadeandalucia.es\/ceipcostaoeste\/files\/2024\/10\/INFORMACION-PARA-PADRES-Y-MADRES-SOBRE-EL-SERVICIO-DE-AULA-MATINAL_page-0002-724x1024.jpg 724w, https:\/\/blogsaverroes.juntadeandalucia.es\/ceipcostaoeste\/files\/2024\/10\/INFORMACION-PARA-PADRES-Y-MADRES-SOBRE-EL-SERVICIO-DE-AULA-MATINAL_page-0002-768x1086.jpg 768w, https:\/\/blogsaverroes.juntadeandalucia.es\/ceipcostaoeste\/files\/2024\/10\/INFORMACION-PARA-PADRES-Y-MADRES-SOBRE-EL-SERVICIO-DE-AULA-MATINAL_page-0002-1086x1536.jpg 1086w\" sizes=\"(max-width: 1131px) 100vw, 1131px\" \/><\/a><\/p>\n<p><a href=\"https:\/\/blogsaverroes.juntadeandalucia.es\/ceipcostaoeste\/files\/2024\/10\/INFORMACION-PARA-PADRES-Y-MADRES-SOBRE-EL-SERVICIO-DE-AULA-MATINAL_page-0003.jpg\"><img loading=\"lazy\" decoding=\"async\" class=\"aligncenter wp-image-3459 size-full\" src=\"https:\/\/blogsaverroes.juntadeandalucia.es\/ceipcostaoeste\/files\/2024\/10\/INFORMACION-PARA-PADRES-Y-MADRES-SOBRE-EL-SERVICIO-DE-AULA-MATINAL_page-0003.jpg\" alt=\"\" width=\"1131\" height=\"1600\" srcset=\"https:\/\/blogsaverroes.juntadeandalucia.es\/ceipcostaoeste\/files\/2024\/10\/INFORMACION-PARA-PADRES-Y-MADRES-SOBRE-EL-SERVICIO-DE-AULA-MATINAL_page-0003.jpg 1131w, https:\/\/blogsaverroes.juntadeandalucia.es\/ceipcostaoeste\/files\/2024\/10\/INFORMACION-PARA-PADRES-Y-MADRES-SOBRE-EL-SERVICIO-DE-AULA-MATINAL_page-0003-212x300.jpg 212w, https:\/\/blogsaverroes.juntadeandalucia.es\/ceipcostaoeste\/files\/2024\/10\/INFORMACION-PARA-PADRES-Y-MADRES-SOBRE-EL-SERVICIO-DE-AULA-MATINAL_page-0003-724x1024.jpg 724w, https:\/\/blogsaverroes.juntadeandalucia.es\/ceipcostaoeste\/files\/2024\/10\/INFORMACION-PARA-PADRES-Y-MADRES-SOBRE-EL-SERVICIO-DE-AULA-MATINAL_page-0003-768x1086.jpg 768w, https:\/\/blogsaverroes.juntadeandalucia.es\/ceipcostaoeste\/files\/2024\/10\/INFORMACION-PARA-PADRES-Y-MADRES-SOBRE-EL-SERVICIO-DE-AULA-MATINAL_page-0003-1086x1536.jpg 1086w\" sizes=\"(max-width: 1131px) 100vw, 1131px\" \/><\/a><\/p>\n<p><a href=\"https:\/\/blogsaverroes.juntadeandalucia.es\/ceipcostaoeste\/files\/2024\/10\/INFORMACION-PARA-PADRES-Y-MADRES-SOBRE-EL-SERVICIO-DE-AULA-MATINAL_page-0004.jpg\"><img loading=\"lazy\" decoding=\"async\" class=\"aligncenter wp-image-3460 size-full\" src=\"https:\/\/blogsaverroes.juntadeandalucia.es\/ceipcostaoeste\/files\/2024\/10\/INFORMACION-PARA-PADRES-Y-MADRES-SOBRE-EL-SERVICIO-DE-AULA-MATINAL_page-0004.jpg\" alt=\"\" width=\"1131\" height=\"1600\" srcset=\"https:\/\/blogsaverroes.juntadeandalucia.es\/ceipcostaoeste\/files\/2024\/10\/INFORMACION-PARA-PADRES-Y-MADRES-SOBRE-EL-SERVICIO-DE-AULA-MATINAL_page-0004.jpg 1131w, https:\/\/blogsaverroes.juntadeandalucia.es\/ceipcostaoeste\/files\/2024\/10\/INFORMACION-PARA-PADRES-Y-MADRES-SOBRE-EL-SERVICIO-DE-AULA-MATINAL_page-0004-212x300.jpg 212w, https:\/\/blogsaverroes.juntadeandalucia.es\/ceipcostaoeste\/files\/2024\/10\/INFORMACION-PARA-PADRES-Y-MADRES-SOBRE-EL-SERVICIO-DE-AULA-MATINAL_page-0004-724x1024.jpg 724w, https:\/\/blogsaverroes.juntadeandalucia.es\/ceipcostaoeste\/files\/2024\/10\/INFORMACION-PARA-PADRES-Y-MADRES-SOBRE-EL-SERVICIO-DE-AULA-MATINAL_page-0004-768x1086.jpg 768w, https:\/\/blogsaverroes.juntadeandalucia.es\/ceipcostaoeste\/files\/2024\/10\/INFORMACION-PARA-PADRES-Y-MADRES-SOBRE-EL-SERVICIO-DE-AULA-MATINAL_page-0004-1086x1536.jpg 1086w\" sizes=\"(max-width: 1131px) 100vw, 1131px\" \/><\/a><\/p>\n<p style=\"text-align: justify\"><strong>Descarga la <a href=\"https:\/\/blogsaverroes.juntadeandalucia.es\/ceipcostaoeste\/files\/2015\/03\/ANEXO-II-solicitud-Plan-Familia.pdf\">solicitud de inscripci\u00f3n al servicio<\/a> (se tramitar\u00e1 preferentemente v\u00eda online en la <a href=\"https:\/\/www.juntadeandalucia.es\/educacion\/secretariavirtual\/\">Secretar\u00eda Virtual<\/a> de la Junta de Andaluc\u00eda en junio junto con la matr\u00edcula y la documentaci\u00f3n pertinente)y la <span style=\"color: #ff0000\">solicitud de bonificaci\u00f3n del servicio<\/span> (se entregar\u00e1 del 1 al 8 septiembre una vez se compruebe a finales de junio su admisi\u00f3n en el servicio).<\/strong><\/p>\n<p><a href=\"http:\/\/blogsaverroes.juntadeandalucia.es\/ceipcostaoeste\/files\/2015\/03\/IMG_4358.jpg\"><img loading=\"lazy\" decoding=\"async\" class=\"alignnone wp-image-2435 size-large\" src=\"http:\/\/blogsaverroes.juntadeandalucia.es\/ceipcostaoeste\/files\/2015\/03\/IMG_4358-1024x768.jpg\" width=\"782\" height=\"587\" srcset=\"https:\/\/blogsaverroes.juntadeandalucia.es\/ceipcostaoeste\/files\/2015\/03\/IMG_4358-1024x768.jpg 1024w, https:\/\/blogsaverroes.juntadeandalucia.es\/ceipcostaoeste\/files\/2015\/03\/IMG_4358-300x225.jpg 300w, https:\/\/blogsaverroes.juntadeandalucia.es\/ceipcostaoeste\/files\/2015\/03\/IMG_4358-768x576.jpg 768w, https:\/\/blogsaverroes.juntadeandalucia.es\/ceipcostaoeste\/files\/2015\/03\/IMG_4358-24x18.jpg 24w, https:\/\/blogsaverroes.juntadeandalucia.es\/ceipcostaoeste\/files\/2015\/03\/IMG_4358-36x27.jpg 36w, https:\/\/blogsaverroes.juntadeandalucia.es\/ceipcostaoeste\/files\/2015\/03\/IMG_4358-48x36.jpg 48w, https:\/\/blogsaverroes.juntadeandalucia.es\/ceipcostaoeste\/files\/2015\/03\/IMG_4358.jpg 1600w\" sizes=\"(max-width: 782px) 100vw, 782px\" \/><\/a><\/p>\n","protected":false},"excerpt":{"rendered":"<p>&nbsp; Descarga la solicitud de inscripci\u00f3n al servicio (se tramitar\u00e1 preferentemente v\u00eda online en la Secretar\u00eda Virtual de la Junta de Andaluc\u00eda en junio junto con la matr\u00edcula y la documentaci\u00f3n pertinente)y la solicitud&#46;&#46;&#46;<\/p>\n","protected":false},"author":1,"featured_media":0,"parent":0,"menu_order":0,"comment_status":"closed","ping_status":"open","template":"page-cs.php","meta":{"ngg_post_thumbnail":0,"footnotes":"","_mc_calendar":[]},"aioseo_notices":[],"_links":{"self":[{"href":"https:\/\/blogsaverroes.juntadeandalucia.es\/ceipcostaoeste\/wp-json\/wp\/v2\/pages\/870"}],"collection":[{"href":"https:\/\/blogsaverroes.juntadeandalucia.es\/ceipcostaoeste\/wp-json\/wp\/v2\/pages"}],"about":[{"href":"https:\/\/blogsaverroes.juntadeandalucia.es\/ceipcostaoeste\/wp-json\/wp\/v2\/types\/page"}],"author":[{"embeddable":true,"href":"https:\/\/blogsaverroes.juntadeandalucia.es\/ceipcostaoeste\/wp-json\/wp\/v2\/users\/1"}],"replies":[{"embeddable":true,"href":"https:\/\/blogsaverroes.juntadeandalucia.es\/ceipcostaoeste\/wp-json\/wp\/v2\/comments?post=870"}],"version-history":[{"count":18,"href":"https:\/\/blogsaverroes.juntadeandalucia.es\/ceipcostaoeste\/wp-json\/wp\/v2\/pages\/870\/revisions"}],"predecessor-version":[{"id":3465,"href":"https:\/\/blogsaverroes.juntadeandalucia.es\/ceipcostaoeste\/wp-json\/wp\/v2\/pages\/870\/revisions\/3465"}],"wp:attachment":[{"href":"https:\/\/blogsaverroes.juntadeandalucia.es\/ceipcostaoeste\/wp-json\/wp\/v2\/media?parent=870"}],"curies":[{"name":"wp","href":"https:\/\/api.w.org\/{rel}","templated":true}]}}