{"id":871,"date":"2020-12-18T08:57:29","date_gmt":"2020-12-18T07:57:29","guid":{"rendered":"https:\/\/blogsaverroes.juntadeandalucia.es\/pre\/plantilla-pencil\/?page_id=871"},"modified":"2026-04-06T15:27:55","modified_gmt":"2026-04-06T14:27:55","slug":"comedor-escolar","status":"publish","type":"page","link":"https:\/\/blogsaverroes.juntadeandalucia.es\/ceipcristobaldearce\/comedor-escolar\/","title":{"rendered":"Comedor escolar"},"content":{"rendered":"<h2 style=\"text-align: center\">COMEDOR ESCOLAR:<\/h2>\n<p>&nbsp;<\/p>\n<table style=\"border-collapse: collapse;width: 100.26%\">\n<tbody>\n<tr>\n<td style=\"width: 100%\">\n<h3 style=\"text-align: center\"><strong><span style=\"text-decoration: underline\">MEN\u00da DEL COMEDOR ESCOLAR<\/span> &#8211; Abril de 2026:<\/strong><\/h3>\n<p><figure id=\"attachment_1725\" aria-describedby=\"caption-attachment-1725\" style=\"width: 989px\" class=\"wp-caption aligncenter\"><img loading=\"lazy\" decoding=\"async\" class=\" wp-image-1725\" src=\"https:\/\/blogsaverroes.juntadeandalucia.es\/ceipcristobaldearce\/files\/2026\/04\/Abril-2026-1024x724.jpg\" alt=\"Abril 2026\" width=\"989\" height=\"699\" srcset=\"https:\/\/blogsaverroes.juntadeandalucia.es\/ceipcristobaldearce\/files\/2026\/04\/Abril-2026-1024x724.jpg 1024w, https:\/\/blogsaverroes.juntadeandalucia.es\/ceipcristobaldearce\/files\/2026\/04\/Abril-2026-300x212.jpg 300w, https:\/\/blogsaverroes.juntadeandalucia.es\/ceipcristobaldearce\/files\/2026\/04\/Abril-2026-768x543.jpg 768w, https:\/\/blogsaverroes.juntadeandalucia.es\/ceipcristobaldearce\/files\/2026\/04\/Abril-2026-1536x1086.jpg 1536w, https:\/\/blogsaverroes.juntadeandalucia.es\/ceipcristobaldearce\/files\/2026\/04\/Abril-2026-2048x1449.jpg 2048w\" sizes=\"(max-width: 989px) 100vw, 989px\" \/><figcaption id=\"caption-attachment-1725\" class=\"wp-caption-text\">Abril 2026<\/figcaption><\/figure><\/td>\n<\/tr>\n<\/tbody>\n<\/table>\n<blockquote>\n<p style=\"text-align: justify\"><strong>NOTA: se recuerda que el comedor es una prolongaci\u00f3n del \u00e1mbito escolar, en el que se presta una especial atenci\u00f3n al cumplimiento de las normas a la par que se aprende a comer bien.<\/strong><\/p>\n<\/blockquote>\n<p style=\"text-align: justify\">El n\u00famero de plazas que tenemos concedidas son 25 plazas. Actualmente disponemos de 28 plazas ocupadas.<\/p>\n<p style=\"text-align: justify\">Se podr\u00e1 solicitar ampliaci\u00f3n de plazas en los supuestos del articulo 11.2 y 15.2 del Decreto 6 \/2017, y para el alumnado del Plan SYGA, siempre que sea necesario, como en cursos anteriores.<\/p>\n<p style=\"text-align: justify\">La asignaci\u00f3n del servicio por parte del Agencia P\u00fablica Andaluza de Educaci\u00f3n ha sido al Catering \u201c<a href=\"https:\/\/comertel.es\/\" target=\"_blank\" rel=\"noopener\">COMERTEL<\/a>\u201d. El catering tiene contratadas a 2 monitoras, 1 para servir la comida y 1 para la atenci\u00f3n del alumnado.<\/p>\n<p style=\"text-align: justify\">El horario de atenci\u00f3n al alumnado en el comedor escolar ser\u00e1 <span style=\"text-decoration: underline\"><strong>desde las 14h. hasta las 16h<\/strong><\/span>.<\/p>\n<p style=\"text-align: justify\">El alumnado usuario del comedor es recogido por las monitoras del catering <span style=\"text-decoration: underline\"><strong>a las 14h. en el edificio de Primaria<\/strong><\/span>.<\/p>\n<p style=\"text-align: justify\">La recogida del alumnado por las familias se realiza <span style=\"text-decoration: underline\"><strong>en el edificio de Secundaria, donde est\u00e1 el comedor<\/strong><\/span>. Hay familias que recogen a sus hij@s a las 15 h., otros ni\u00f1@s se van solos porque est\u00e1n autorizados por los padres. <span style=\"text-decoration: underline\"><strong>Al alumnado de transporte escolar se le recoge a las 15,20h. aproximadamente<\/strong><\/span>.<\/p>\n<p style=\"text-align: justify\">El precio por d\u00eda y por cubierto ser\u00e1 de <strong>5,54 \u20ac. <\/strong>A este precio hay que aplicarle la bonificaci\u00f3n que corresponda a cada usuario del servicio.<\/p>\n<p style=\"text-align: justify\"><strong>Plan SYGA <\/strong>\u201c<strong>plan extraordinario de seguridad y garant\u00eda alimentaria<\/strong>\u201d mediante el cual se establecen acciones de refuerzo de alimentaci\u00f3n infantil en los centros docentes p\u00fablicos de Andaluc\u00eda, con el objeto de atender las necesidades de alimentaci\u00f3n b\u00e1sica de los menores que se encuentren en una situaci\u00f3n de exclusi\u00f3n social o en riesgo de padecerla. Los servicios sociales comunitarios valoran y emiten un informe del alumnado beneficiario del plan. A los alumnos incluidos en el plan se les garantiza la plaza en el comedor escolar. Actualmente hay 17 alumnos beneficiarios del Plan.<\/p>\n<h3 style=\"text-align: center\"><span style=\"font-size: 14px\"><em>(Fuente: Plan Anual 2025-2026 \/ CEIP Crist\u00f3bal de Arce)<\/em><\/span><\/h3>\n<table style=\"border-collapse: collapse;width: 100.789%;height: 24px\">\n<tbody>\n<tr style=\"height: 24px\">\n<td style=\"width: 100%;height: 24px\">\n<h4 style=\"text-align: center\"><strong><a href=\"https:\/\/blogsaverroes.juntadeandalucia.es\/ceipcristobaldearce\/category\/comedor\/\">Pincha aqu\u00ed si quieres ver las noticias relacionadas con el comedor escolar.<\/a><\/strong><\/h4>\n<\/td>\n<\/tr>\n<\/tbody>\n<\/table>\n<p style=\"text-align: left\">&nbsp;<\/p>\n","protected":false},"excerpt":{"rendered":"<p>COMEDOR ESCOLAR: &nbsp; MEN\u00da DEL COMEDOR ESCOLAR &#8211; Abril de 2026: NOTA: se recuerda que el comedor es una prolongaci\u00f3n del \u00e1mbito escolar, en el&hellip;<\/p>\n","protected":false},"author":7051,"featured_media":0,"parent":0,"menu_order":0,"comment_status":"closed","ping_status":"closed","template":"","meta":{"ngg_post_thumbnail":0,"footnotes":"","_mc_calendar":[]},"aioseo_notices":[],"_links":{"self":[{"href":"https:\/\/blogsaverroes.juntadeandalucia.es\/ceipcristobaldearce\/wp-json\/wp\/v2\/pages\/871"}],"collection":[{"href":"https:\/\/blogsaverroes.juntadeandalucia.es\/ceipcristobaldearce\/wp-json\/wp\/v2\/pages"}],"about":[{"href":"https:\/\/blogsaverroes.juntadeandalucia.es\/ceipcristobaldearce\/wp-json\/wp\/v2\/types\/page"}],"author":[{"embeddable":true,"href":"https:\/\/blogsaverroes.juntadeandalucia.es\/ceipcristobaldearce\/wp-json\/wp\/v2\/users\/7051"}],"replies":[{"embeddable":true,"href":"https:\/\/blogsaverroes.juntadeandalucia.es\/ceipcristobaldearce\/wp-json\/wp\/v2\/comments?post=871"}],"version-history":[{"count":22,"href":"https:\/\/blogsaverroes.juntadeandalucia.es\/ceipcristobaldearce\/wp-json\/wp\/v2\/pages\/871\/revisions"}],"predecessor-version":[{"id":1727,"href":"https:\/\/blogsaverroes.juntadeandalucia.es\/ceipcristobaldearce\/wp-json\/wp\/v2\/pages\/871\/revisions\/1727"}],"wp:attachment":[{"href":"https:\/\/blogsaverroes.juntadeandalucia.es\/ceipcristobaldearce\/wp-json\/wp\/v2\/media?parent=871"}],"curies":[{"name":"wp","href":"https:\/\/api.w.org\/{rel}","templated":true}]}}

<h2 style="text-align: center">COMEDOR ESCOLAR:</h2>
<p>&nbsp;</p>
<table style="border-collapse: collapse;width: 100.26%">
<tbody>
<tr>
<td style="width: 100%">
<h3 style="text-align: center"><strong><span style="text-decoration: underline">MENÚ DEL COMEDOR ESCOLAR</span> &#8211; Abril de 2026:</strong></h3>
<p><figure id="attachment_1725" aria-describedby="caption-attachment-1725" style="width: 989px" class="wp-caption aligncenter"><img loading="lazy" decoding="async" class=" wp-image-1725" src="https://blogsaverroes.juntadeandalucia.es/ceipcristobaldearce/files/2026/04/Abril-2026-1024x724.jpg" alt="Abril 2026" width="989" height="699" srcset="https://blogsaverroes.juntadeandalucia.es/ceipcristobaldearce/files/2026/04/Abril-2026-1024x724.jpg 1024w, https://blogsaverroes.juntadeandalucia.es/ceipcristobaldearce/files/2026/04/Abril-2026-300x212.jpg 300w, https://blogsaverroes.juntadeandalucia.es/ceipcristobaldearce/files/2026/04/Abril-2026-768x543.jpg 768w, https://blogsaverroes.juntadeandalucia.es/ceipcristobaldearce/files/2026/04/Abril-2026-1536x1086.jpg 1536w, https://blogsaverroes.juntadeandalucia.es/ceipcristobaldearce/files/2026/04/Abril-2026-2048x1449.jpg 2048w" sizes="(max-width: 989px) 100vw, 989px" /><figcaption id="caption-attachment-1725" class="wp-caption-text">Abril 2026</figcaption></figure></td>
</tr>
</tbody>
</table>
<blockquote>
<p style="text-align: justify"><strong>NOTA: se recuerda que el comedor es una prolongación del ámbito escolar, en el que se presta una especial atención al cumplimiento de las normas a la par que se aprende a comer bien.</strong></p>
</blockquote>
<p style="text-align: justify">El número de plazas que tenemos concedidas son 25 plazas. Actualmente disponemos de 28 plazas ocupadas.</p>
<p style="text-align: justify">Se podrá solicitar ampliación de plazas en los supuestos del articulo 11.2 y 15.2 del Decreto 6 /2017, y para el alumnado del Plan SYGA, siempre que sea necesario, como en cursos anteriores.</p>
<p style="text-align: justify">La asignación del servicio por parte del Agencia Pública Andaluza de Educación ha sido al Catering “<a href="https://comertel.es/" target="_blank" rel="noopener">COMERTEL</a>”. El catering tiene contratadas a 2 monitoras, 1 para servir la comida y 1 para la atención del alumnado.</p>
<p style="text-align: justify">El horario de atención al alumnado en el comedor escolar será <span style="text-decoration: underline"><strong>desde las 14h. hasta las 16h</strong></span>.</p>
<p style="text-align: justify">El alumnado usuario del comedor es recogido por las monitoras del catering <span style="text-decoration: underline"><strong>a las 14h. en el edificio de Primaria</strong></span>.</p>
<p style="text-align: justify">La recogida del alumnado por las familias se realiza <span style="text-decoration: underline"><strong>en el edificio de Secundaria, donde está el comedor</strong></span>. Hay familias que recogen a sus hij@s a las 15 h., otros niñ@s se van solos porque están autorizados por los padres. <span style="text-decoration: underline"><strong>Al alumnado de transporte escolar se le recoge a las 15,20h. aproximadamente</strong></span>.</p>
<p style="text-align: justify">El precio por día y por cubierto será de <strong>5,54 €. </strong>A este precio hay que aplicarle la bonificación que corresponda a cada usuario del servicio.</p>
<p style="text-align: justify"><strong>Plan SYGA </strong>“<strong>plan extraordinario de seguridad y garantía alimentaria</strong>” mediante el cual se establecen acciones de refuerzo de alimentación infantil en los centros docentes públicos de Andalucía, con el objeto de atender las necesidades de alimentación básica de los menores que se encuentren en una situación de exclusión social o en riesgo de padecerla. Los servicios sociales comunitarios valoran y emiten un informe del alumnado beneficiario del plan. A los alumnos incluidos en el plan se les garantiza la plaza en el comedor escolar. Actualmente hay 17 alumnos beneficiarios del Plan.</p>
<h3 style="text-align: center"><span style="font-size: 14px"><em>(Fuente: Plan Anual 2025-2026 / CEIP Cristóbal de Arce)</em></span></h3>
<table style="border-collapse: collapse;width: 100.789%;height: 24px">
<tbody>
<tr style="height: 24px">
<td style="width: 100%;height: 24px">
<h4 style="text-align: center"><strong><a href="https://blogsaverroes.juntadeandalucia.es/ceipcristobaldearce/category/comedor/">Pincha aquí si quieres ver las noticias relacionadas con el comedor escolar.</a></strong></h4>
</td>
</tr>
</tbody>
</table>
<p style="text-align: left">&nbsp;</p>

<p>COMEDOR ESCOLAR: &nbsp; MENÚ DEL COMEDOR ESCOLAR &#8211; Abril de 2026: NOTA: se recuerda que el comedor es una prolongación del ámbito escolar, en el&hellip;</p>
