{"id":141,"date":"2015-03-17T07:13:24","date_gmt":"2015-03-17T07:13:24","guid":{"rendered":"http:\/\/blogsaverroes.juntadeandalucia.es\/pre\/ceip\/?page_id=141"},"modified":"2021-04-22T08:31:17","modified_gmt":"2021-04-22T08:31:17","slug":"escolarizacion","status":"publish","type":"page","link":"https:\/\/blogsaverroes.juntadeandalucia.es\/ceipcristodemena\/escolarizacion\/","title":{"rendered":"Escolarizaci\u00f3n"},"content":{"rendered":"<h1><strong>CURSO 2021-22<\/strong><\/h1>\n<p>Bienvenidos un curso m\u00e1s al apartado ESCOLARIZACI\u00d3N, en \u00e9l se informar\u00e1 sobre dos aspectos ADMISI\u00d3N Y MATRICULACI\u00d3N. Est\u00e1n relacionados entre s\u00ed, pero son muy diferentes uno de otro.<\/p>\n<p style=\"text-align: center\"><a href=\"https:\/\/blogsaverroes.juntadeandalucia.es\/ceipcristodemena\/files\/2021\/04\/Escolarizacion2021b.jpg\"><img loading=\"lazy\" decoding=\"async\" class=\"alignnone size-medium wp-image-2329\" src=\"https:\/\/blogsaverroes.juntadeandalucia.es\/ceipcristodemena\/files\/2021\/04\/Escolarizacion2021b-300x300.jpg\" alt=\"\" width=\"300\" height=\"300\" srcset=\"https:\/\/blogsaverroes.juntadeandalucia.es\/ceipcristodemena\/files\/2021\/04\/Escolarizacion2021b-300x300.jpg 300w, https:\/\/blogsaverroes.juntadeandalucia.es\/ceipcristodemena\/files\/2021\/04\/Escolarizacion2021b-1024x1024.jpg 1024w, https:\/\/blogsaverroes.juntadeandalucia.es\/ceipcristodemena\/files\/2021\/04\/Escolarizacion2021b-150x150.jpg 150w, https:\/\/blogsaverroes.juntadeandalucia.es\/ceipcristodemena\/files\/2021\/04\/Escolarizacion2021b-768x768.jpg 768w, https:\/\/blogsaverroes.juntadeandalucia.es\/ceipcristodemena\/files\/2021\/04\/Escolarizacion2021b.jpg 1201w\" sizes=\"(max-width: 300px) 100vw, 300px\" \/><\/a><\/p>\n<h2 style=\"text-align: center\">Enlace al <a href=\"https:\/\/portals.ced.junta-andalucia.es\/educacion\/portals\/web\/escolarizacion\">portal de escolarizaci\u00f3n.<\/a><\/h2>\n<h4 style=\"text-align: center\"><a href=\"https:\/\/portals.ced.junta-andalucia.es\/educacion\/portals\/web\/escolarizacion\/infantil-a-bachillerato\/normativa\">Normativa<\/a>&nbsp;sobre el proceso de escolarizaci\u00f3n.<\/h4>\n<p><a href=\"https:\/\/blogsaverroes.juntadeandalucia.es\/ceipcristodemena\/files\/2021\/04\/imagen.jpg\"><img loading=\"lazy\" decoding=\"async\" class=\"size-full wp-image-2330 aligncenter\" src=\"https:\/\/blogsaverroes.juntadeandalucia.es\/ceipcristodemena\/files\/2021\/04\/imagen.jpg\" alt=\"\" width=\"105\" height=\"115\"><\/a><\/p>\n<p style=\"text-align: left\"><strong>ADMISI\u00d3N.&nbsp;<\/strong><\/p>\n<div style=\"text-align: left\">INSTRUCCIONES 25 DE FEBRERO 2021<u><br \/>\n<\/u><\/div>\n<div style=\"text-align: justify\">&nbsp;<a href=\"http:\/\/www.colegiogarcialorca.com\/p\/Instrucciones%20de%2025%20de%20febrero%20de%202021,%20de%20la%20Viceconsejer%C3%ADa,%20sobre%20los%20procedimientos%20de%20admisi%C3%B3n%20y%20matriculaci%C3%B3n%20del%20alumnado%20en%20los%20centros%20docentes%20sostenidos%20con%20fondos%20p%C3%BAblicos%20para%20el%20curso%20escolar%202021\/22%20(PDF%20\/%201980.91Kb)\">&nbsp;Instrucciones de 25 de febrero de 2021, de la Viceconsejer\u00eda, sobre los procedimientos de admisi\u00f3n y matriculaci\u00f3n del alumnado en los centros docentes sostenidos con fondos p\u00fablicos para el curso escolar 2021\/22 (PDF \/ 1980.91Kb)&nbsp;<\/a><\/div>\n<div style=\"text-align: justify\">RESOLUCI\u00d3N 15 DE FEBRERO 2021<\/div>\n<div style=\"text-align: justify\"><a href=\"https:\/\/www.juntadeandalucia.es\/boja\/2021\/37\/BOJA21-037-00010-2894-01_00186807.pdf\">https:\/\/www.juntadeandalucia.es\/boja\/2021\/37\/BOJA21-037-00010-2894-01_00186807.pdf<\/a>&nbsp;<\/div>\n<div style=\"text-align: justify\">DECRETO-LEY 2\/2021 de 2 de febrero. BOJA extraordinario 14, viernes 5 de febrero 2021, pag 3.<\/div>\n<div style=\"text-align: justify\"><a href=\"https:\/\/www.juntadeandalucia.es\/boja\/2021\/514\/BOJA21-514-00023-1756-01_00185685.pdf\">https:\/\/www.juntadeandalucia.es\/boja\/2021\/514\/BOJA21-514-00023-1756-01_00185685.pdf<\/a>&nbsp;<\/div>\n<div style=\"text-align: justify\">&nbsp;<\/div>\n<h3 style=\"text-align: center\"><a href=\"https:\/\/portals.ced.junta-andalucia.es\/educacion\/portals\/web\/escolarizacion\/infantil-a-bachillerato\/impresos\">Impresos<\/a> de admisi\u00f3n.<\/h3>\n<div style=\"text-align: justify\">A la documentaci\u00f3n que acompa\u00f1e la solicitud de ADMISI\u00d3N, del proceso de Marzo,&nbsp; (necesarias para acreditar las circunstancias declaradas) hay que a\u00f1adir:<\/div>\n<div style=\"text-align: justify\">&nbsp;<\/div>\n<div style=\"text-align: justify\">&#8211; FOTOCOPIA DEL LIBRO DE FAMILIA.<\/div>\n<div style=\"text-align: justify\">&#8211; FOTOCOPIA DEL DOCUMENTO DE IDENTIDAD DE LOS REPRESENTANTES O GUARDADORES LEGALES DEL ALUMNO\/A.<\/div>\n<div>&#8211; DOCUMENTO QUE ACREDITE EL DOMICILIO FAMILIAR (EMPADRONAMIENTO).<\/div>\n<div>EN CASO DE DOMICILIO DE TRABAJO, IMPRESO EMITIDO POR LA EMPRESA FIRMADO Y SELLADO.<\/div>\n<div style=\"text-align: justify\">&#8211; LA SOLICITUD SE PRESENTAR\u00c1 POR DUPLICADO.<\/div>\n<h3>&nbsp;<\/h3>\n<h2 style=\"text-align: center\"><span style=\"color: #ff6600\"><strong><span style=\"color: #ff0000\">MATRICULACI\u00d3N<\/span><\/strong><\/span><\/h2>\n<p>A la documentaci\u00f3n que acompa\u00f1e la solicitud de MATRICULACI\u00d3N.<\/p>\n<p>Impreso de matr\u00edcula de <a href=\"https:\/\/portals.ced.junta-andalucia.es\/educacion\/portals\/delegate\/content\/d26442b2-4b4a-433a-9c1e-e1790a29f781\/ANEXO%20IV\">Educaci\u00f3n Infantil.<\/a><\/p>\n<p>Impreso de matr\u00edcula de <a href=\"https:\/\/portals.ced.junta-andalucia.es\/educacion\/portals\/delegate\/content\/55fad88e-7bb3-40e3-bbe4-198107487345\/ANEXO%20V\">Educaci\u00f3n Primaria.<\/a><\/p>\n<p>Anexo de religi\u00f3n.<\/p>\n<p>Fotocopia del carnet de vacunas.<\/p>\n<p>&nbsp;<\/p>\n<h3 style=\"text-align: center\"><a href=\"https:\/\/www.juntadeandalucia.es\/educacion\/secretariavirtual\/\">Secretaria virtual de los centros educativos.<\/a><\/h3>\n<p>&nbsp;<\/p>\n","protected":false},"excerpt":{"rendered":"<p>CURSO 2021-22 Bienvenidos un curso m\u00e1s al apartado ESCOLARIZACI\u00d3N, en \u00e9l se informar\u00e1 sobre dos aspectos ADMISI\u00d3N Y MATRICULACI\u00d3N. Est\u00e1n relacionados entre s\u00ed, pero son muy diferentes uno de otro. Enlace al portal de&#46;&#46;&#46;<\/p>\n","protected":false},"author":1,"featured_media":0,"parent":0,"menu_order":0,"comment_status":"closed","ping_status":"open","template":"","meta":{"ngg_post_thumbnail":0,"footnotes":"","_mc_calendar":[]},"aioseo_notices":[],"_links":{"self":[{"href":"https:\/\/blogsaverroes.juntadeandalucia.es\/ceipcristodemena\/wp-json\/wp\/v2\/pages\/141"}],"collection":[{"href":"https:\/\/blogsaverroes.juntadeandalucia.es\/ceipcristodemena\/wp-json\/wp\/v2\/pages"}],"about":[{"href":"https:\/\/blogsaverroes.juntadeandalucia.es\/ceipcristodemena\/wp-json\/wp\/v2\/types\/page"}],"author":[{"embeddable":true,"href":"https:\/\/blogsaverroes.juntadeandalucia.es\/ceipcristodemena\/wp-json\/wp\/v2\/users\/1"}],"replies":[{"embeddable":true,"href":"https:\/\/blogsaverroes.juntadeandalucia.es\/ceipcristodemena\/wp-json\/wp\/v2\/comments?post=141"}],"version-history":[{"count":12,"href":"https:\/\/blogsaverroes.juntadeandalucia.es\/ceipcristodemena\/wp-json\/wp\/v2\/pages\/141\/revisions"}],"predecessor-version":[{"id":2375,"href":"https:\/\/blogsaverroes.juntadeandalucia.es\/ceipcristodemena\/wp-json\/wp\/v2\/pages\/141\/revisions\/2375"}],"wp:attachment":[{"href":"https:\/\/blogsaverroes.juntadeandalucia.es\/ceipcristodemena\/wp-json\/wp\/v2\/media?parent=141"}],"curies":[{"name":"wp","href":"https:\/\/api.w.org\/{rel}","templated":true}]}}