{"id":35,"date":"2015-03-13T08:21:43","date_gmt":"2015-03-13T08:21:43","guid":{"rendered":"http:\/\/blogsaverroes.juntadeandalucia.es\/pre\/ceip\/?page_id=35"},"modified":"2021-11-02T08:52:15","modified_gmt":"2021-11-02T08:52:15","slug":"el-centro-2","status":"publish","type":"page","link":"https:\/\/blogsaverroes.juntadeandalucia.es\/ceipcristodemena\/el-centro-2\/","title":{"rendered":"Datos del centro"},"content":{"rendered":"<p><a href=\"https:\/\/blogsaverroes.juntadeandalucia.es\/ceipcristodemena\/files\/2021\/01\/11.jpg\"><img loading=\"lazy\" decoding=\"async\" class=\"alignnone size-medium wp-image-2232 aligncenter\" src=\"https:\/\/blogsaverroes.juntadeandalucia.es\/ceipcristodemena\/files\/2021\/01\/11-300x237.jpg\" alt=\"\" width=\"300\" height=\"237\" srcset=\"https:\/\/blogsaverroes.juntadeandalucia.es\/ceipcristodemena\/files\/2021\/01\/11-300x237.jpg 300w, https:\/\/blogsaverroes.juntadeandalucia.es\/ceipcristodemena\/files\/2021\/01\/11-1024x808.jpg 1024w, https:\/\/blogsaverroes.juntadeandalucia.es\/ceipcristodemena\/files\/2021\/01\/11-768x606.jpg 768w, https:\/\/blogsaverroes.juntadeandalucia.es\/ceipcristodemena\/files\/2021\/01\/11-24x19.jpg 24w, https:\/\/blogsaverroes.juntadeandalucia.es\/ceipcristodemena\/files\/2021\/01\/11-36x28.jpg 36w, https:\/\/blogsaverroes.juntadeandalucia.es\/ceipcristodemena\/files\/2021\/01\/11-48x38.jpg 48w, https:\/\/blogsaverroes.juntadeandalucia.es\/ceipcristodemena\/files\/2021\/01\/11.jpg 1381w\" sizes=\"(max-width: 300px) 100vw, 300px\" \/><\/a><\/p>\n<h4><strong>Datos de contacto<\/strong><\/h4>\n<p>C.E.I.P. \u00abCRISTO DE MENA\u00bb<\/p>\n<p><strong>Direcci\u00f3n:<\/strong> &nbsp;Calle Montalb\u00e1n, 10, 29002, M\u00e1laga<\/p>\n<p><strong>Tel\u00e9fono \/ FAX: 951298890<\/strong><\/p>\n<p><strong>Email:<\/strong> 29003737.edu@juntadeandalucia.es<\/p>\n<h4><strong>Horarios:&nbsp;<\/strong><\/h4>\n<p>De lunes a jueves de 8:00 a 17:00 horas.<\/p>\n<p>Los viernes de 8:00 a 16:00 horas.<\/p>\n<p>&nbsp;<\/p>\n<h4><strong>Oferta educativa<\/strong><\/h4>\n<p>El CEIP Cristo de Mena es un centro de una sola l\u00ednea compuesta por los cursos de Educaci\u00f3n Infantil de<strong><a href=\"https:\/\/blogsaverroes.juntadeandalucia.es\/ceipcristodemena\/educacion-infantil\/\">&nbsp;3 a\u00f1os, <\/a><a href=\"https:\/\/blogsaverroes.juntadeandalucia.es\/ceipcristodemena\/educacion-infantil\/\">4&nbsp; a\u00f1os <\/a><\/strong>y <strong><a href=\"https:\/\/blogsaverroes.juntadeandalucia.es\/ceipcristodemena\/educacion-infantil\/\">5 a\u00f1os <\/a><\/strong>&nbsp;y los cursos de<strong><a href=\"https:\/\/blogsaverroes.juntadeandalucia.es\/ceipcristodemena\/ed-primaria-1o-ciclo\/\"> 1\u00ba de primaria<\/a>, <a href=\"https:\/\/blogsaverroes.juntadeandalucia.es\/ceipcristodemena\/ed-primaria-1o-ciclo\/\">2\u00ba de primaria<\/a>, <a href=\"https:\/\/blogsaverroes.juntadeandalucia.es\/ceipcristodemena\/ed-primaria-2o-ciclo\/\">3\u00ba de primaria<\/a>, <a href=\"https:\/\/blogsaverroes.juntadeandalucia.es\/ceipcristodemena\/ed-primaria-2o-ciclo\/\">4 de primaria<\/a>, <a href=\"https:\/\/blogsaverroes.juntadeandalucia.es\/ceipcristodemena\/ed-primaria-3o-ciclo\/\">5\u00ba de primaria<\/a> y <a href=\"https:\/\/blogsaverroes.juntadeandalucia.es\/ceipcristodemena\/ed-primaria-3o-ciclo\/\">6\u00ba de primaria<\/a>.&nbsp;<\/strong><\/p>\n<p>Adem\u00e1s cuenta con <a href=\"https:\/\/blogsaverroes.juntadeandalucia.es\/ceipcristodemena\/aula-matinal\/\">Aula Matinal<\/a>,<a href=\"https:\/\/blogsaverroes.juntadeandalucia.es\/ceipcristodemena\/comedor-escolar\/\"> Comedor<\/a> y <a href=\"https:\/\/blogsaverroes.juntadeandalucia.es\/ceipcristodemena\/aula-matinal\/\">Actividades Extraescolares<\/a>.<\/p>\n<h4>Instalaciones<\/h4>\n<p>El colegio consta de 9 aulas distribuidas en dos plantas, una biblioteca, comedor, cocina, aula de inform\u00e1tica, sala de profesorado, despacho de A.M.P.A., consejer\u00eda, secretar\u00eda y direcci\u00f3n. Asimismo, tiene una pista polideportiva y un patio de educaci\u00f3n infantil.<\/p>\n","protected":false},"excerpt":{"rendered":"<p>Datos de contacto C.E.I.P. \u00abCRISTO DE MENA\u00bb Direcci\u00f3n: &nbsp;Calle Montalb\u00e1n, 10, 29002, M\u00e1laga Tel\u00e9fono \/ FAX: 951298890 Email: 29003737.edu@juntadeandalucia.es Horarios:&nbsp; De lunes a jueves de 8:00 a 17:00 horas. Los viernes de 8:00 a&#46;&#46;&#46;<\/p>\n","protected":false},"author":1,"featured_media":2232,"parent":0,"menu_order":0,"comment_status":"closed","ping_status":"open","template":"","meta":{"ngg_post_thumbnail":0,"footnotes":"","_mc_calendar":[]},"aioseo_notices":[],"_links":{"self":[{"href":"https:\/\/blogsaverroes.juntadeandalucia.es\/ceipcristodemena\/wp-json\/wp\/v2\/pages\/35"}],"collection":[{"href":"https:\/\/blogsaverroes.juntadeandalucia.es\/ceipcristodemena\/wp-json\/wp\/v2\/pages"}],"about":[{"href":"https:\/\/blogsaverroes.juntadeandalucia.es\/ceipcristodemena\/wp-json\/wp\/v2\/types\/page"}],"author":[{"embeddable":true,"href":"https:\/\/blogsaverroes.juntadeandalucia.es\/ceipcristodemena\/wp-json\/wp\/v2\/users\/1"}],"replies":[{"embeddable":true,"href":"https:\/\/blogsaverroes.juntadeandalucia.es\/ceipcristodemena\/wp-json\/wp\/v2\/comments?post=35"}],"version-history":[{"count":33,"href":"https:\/\/blogsaverroes.juntadeandalucia.es\/ceipcristodemena\/wp-json\/wp\/v2\/pages\/35\/revisions"}],"predecessor-version":[{"id":2525,"href":"https:\/\/blogsaverroes.juntadeandalucia.es\/ceipcristodemena\/wp-json\/wp\/v2\/pages\/35\/revisions\/2525"}],"wp:featuredmedia":[{"embeddable":true,"href":"https:\/\/blogsaverroes.juntadeandalucia.es\/ceipcristodemena\/wp-json\/wp\/v2\/media\/2232"}],"wp:attachment":[{"href":"https:\/\/blogsaverroes.juntadeandalucia.es\/ceipcristodemena\/wp-json\/wp\/v2\/media?parent=35"}],"curies":[{"name":"wp","href":"https:\/\/api.w.org\/{rel}","templated":true}]}}