{"id":77,"date":"2015-03-16T06:54:56","date_gmt":"2015-03-16T06:54:56","guid":{"rendered":"http:\/\/blogsaverroes.juntadeandalucia.es\/pre\/ceip\/?page_id=77"},"modified":"2021-11-02T12:24:23","modified_gmt":"2021-11-02T12:24:23","slug":"secretaria","status":"publish","type":"page","link":"https:\/\/blogsaverroes.juntadeandalucia.es\/ceipcristodemena\/secretaria\/","title":{"rendered":"Secretar\u00eda"},"content":{"rendered":"<h1 style=\"text-align: left\"><span style=\"color: #333399\"><strong><span style=\"text-decoration: underline\">SECRETAR\u00cdA<\/span><\/strong><\/span><\/h1>\n<p><span style=\"color: #339966\"><strong>HORARIO DE ATENCI\u00d3N AL P\u00daBLICO:<\/strong><\/span><\/p>\n<p><span style=\"color: #000000\">De lunes a viernes desde las 9:00 hasta las 11:00<\/span><\/p>\n","protected":false},"excerpt":{"rendered":"<p>SECRETAR\u00cdA HORARIO DE ATENCI\u00d3N AL P\u00daBLICO: De lunes a viernes desde las 9:00 hasta las 11:00<\/p>\n","protected":false},"author":1,"featured_media":0,"parent":0,"menu_order":0,"comment_status":"closed","ping_status":"open","template":"","meta":{"ngg_post_thumbnail":0,"footnotes":"","_mc_calendar":[]},"aioseo_notices":[],"_links":{"self":[{"href":"https:\/\/blogsaverroes.juntadeandalucia.es\/ceipcristodemena\/wp-json\/wp\/v2\/pages\/77"}],"collection":[{"href":"https:\/\/blogsaverroes.juntadeandalucia.es\/ceipcristodemena\/wp-json\/wp\/v2\/pages"}],"about":[{"href":"https:\/\/blogsaverroes.juntadeandalucia.es\/ceipcristodemena\/wp-json\/wp\/v2\/types\/page"}],"author":[{"embeddable":true,"href":"https:\/\/blogsaverroes.juntadeandalucia.es\/ceipcristodemena\/wp-json\/wp\/v2\/users\/1"}],"replies":[{"embeddable":true,"href":"https:\/\/blogsaverroes.juntadeandalucia.es\/ceipcristodemena\/wp-json\/wp\/v2\/comments?post=77"}],"version-history":[{"count":10,"href":"https:\/\/blogsaverroes.juntadeandalucia.es\/ceipcristodemena\/wp-json\/wp\/v2\/pages\/77\/revisions"}],"predecessor-version":[{"id":2542,"href":"https:\/\/blogsaverroes.juntadeandalucia.es\/ceipcristodemena\/wp-json\/wp\/v2\/pages\/77\/revisions\/2542"}],"wp:attachment":[{"href":"https:\/\/blogsaverroes.juntadeandalucia.es\/ceipcristodemena\/wp-json\/wp\/v2\/media?parent=77"}],"curies":[{"name":"wp","href":"https:\/\/api.w.org\/{rel}","templated":true}]}}