{"id":871,"date":"2015-03-16T07:25:46","date_gmt":"2015-03-16T07:25:46","guid":{"rendered":"http:\/\/blogsaverroes.juntadeandalucia.es\/pre\/ceip\/?page_id=106"},"modified":"2020-02-06T22:54:04","modified_gmt":"2020-02-06T22:54:04","slug":"actividades-extraescolares","status":"publish","type":"page","link":"https:\/\/blogsaverroes.juntadeandalucia.es\/ceipcristoreysanpablo\/actividades-extraescolares\/","title":{"rendered":"Actividades extraescolares"},"content":{"rendered":"<div data-blogger-escaped-style=\"text-align: center;\">\n<p><a href=\"http:\/\/blogsaverroes.juntadeandalucia.es\/temahueman\/files\/2015\/03\/talleres.jpg\"><img loading=\"lazy\" decoding=\"async\" class=\" alignnone wp-image-228 size-medium alignleft\" src=\"http:\/\/blogsaverroes.juntadeandalucia.es\/temahueman\/files\/2015\/03\/talleres-300x199.jpg\" alt=\"\" width=\"300\" height=\"199\" srcset=\"https:\/\/blogsaverroes.juntadeandalucia.es\/ceipcristoreysanpablo\/files\/2015\/03\/talleres-300x199.jpg 300w, https:\/\/blogsaverroes.juntadeandalucia.es\/ceipcristoreysanpablo\/files\/2015\/03\/talleres-1024x682.jpg 1024w, https:\/\/blogsaverroes.juntadeandalucia.es\/ceipcristoreysanpablo\/files\/2015\/03\/talleres.jpg 1280w\" sizes=\"(max-width: 300px) 100vw, 300px\" \/><\/a><\/p>\n<p>&nbsp;<\/p>\n<p>LAS A<b><span style=\"color: #660000\" data-blogger-escaped-style=\"color: #660000;\">CTIVIDADES EXTRAESCOLARES<\/span><\/b>, COMENZAR\u00c1N EL <b><u>P<\/u><\/b><u><b>R\u00d3XIMO 1 DE OCTUBRE DE 2019<\/b><\/u>&nbsp;<\/p>\n<\/div>\n<div data-blogger-escaped-style=\"text-align: center;\">&nbsp;<\/div>\n<div data-blogger-escaped-style=\"text-align: center;\">\n<p>RECORDAMOS QUE LA JUNTA DE ANDALUC\u00cdA <b><u>SOLO BONIFICAR\u00c1 UNA ACTIVIDAD<\/u><\/b> POR LO QUE LA SEGUNDA TENDR\u00c1 QUE PAGARSE DE FORMA INTEGRA.&nbsp;<\/p>\n<\/div>\n<div data-blogger-escaped-style=\"text-align: center;\">&nbsp;<\/div>\n<div data-blogger-escaped-style=\"text-align: center;\">\n<p>&nbsp;<\/p>\n<p>&nbsp;<\/p>\n<p>&nbsp;<\/p>\n<p>&nbsp;<\/p>\n<p>ESTE HORARIO PODR\u00c1 SUFRIR MODIFICACIONES EN EL PRIMER MES DE OCTUBRE.<\/p>\n<\/div>\n<p class=\"separator\" data-blogger-escaped-style=\"clear: both; text-align: center;\"><a href=\"https:\/\/1.bp.blogspot.com\/-wnOagmildO0\/XYxpUyqfv4I\/AAAAAAAABhQ\/ZZ2dmKaqZZ4gdrlv_FTllJDGGu2UoT7rwCLcBGAsYHQ\/s1600\/actvidades%2Bextraescolares.png\" data-blogger-escaped-style=\"margin-left: 1em; margin-right: 1em;\"><img loading=\"lazy\" decoding=\"async\" class=\"aligncenter\" src=\"https:\/\/1.bp.blogspot.com\/-wnOagmildO0\/XYxpUyqfv4I\/AAAAAAAABhQ\/ZZ2dmKaqZZ4gdrlv_FTllJDGGu2UoT7rwCLcBGAsYHQ\/s400\/actvidades%2Bextraescolares.png\" data-blogger-escaped-data-original-height=\"351\" data-blogger-escaped-data-original-width=\"708\" width=\"519\" height=\"257\" border=\"0\"><\/a><\/p>\n<p>&nbsp;<\/p>\n<p>&nbsp;<\/p>\n<p>&nbsp;<\/p>\n<p>&nbsp;<\/p>\n","protected":false},"excerpt":{"rendered":"<p>&nbsp; LAS ACTIVIDADES EXTRAESCOLARES, COMENZAR\u00c1N EL PR\u00d3XIMO 1 DE OCTUBRE DE 2019&nbsp; &nbsp; RECORDAMOS QUE LA JUNTA DE ANDALUC\u00cdA SOLO BONIFICAR\u00c1 UNA ACTIVIDAD POR LO QUE LA SEGUNDA TENDR\u00c1 QUE PAGARSE DE FORMA INTEGRA.&nbsp; &nbsp; &nbsp; &nbsp; &nbsp; &nbsp; ESTE HORARIO PODR\u00c1 SUFRIR MODIFICACIONES EN EL PRIMER MES DE OCTUBRE.&#46;&#46;&#46;<\/p>\n","protected":false},"author":4315,"featured_media":0,"parent":0,"menu_order":0,"comment_status":"open","ping_status":"open","template":"page-templates\/child-menu.php","meta":{"ngg_post_thumbnail":0,"footnotes":"","_mc_calendar":[]},"aioseo_notices":[],"_links":{"self":[{"href":"https:\/\/blogsaverroes.juntadeandalucia.es\/ceipcristoreysanpablo\/wp-json\/wp\/v2\/pages\/871"}],"collection":[{"href":"https:\/\/blogsaverroes.juntadeandalucia.es\/ceipcristoreysanpablo\/wp-json\/wp\/v2\/pages"}],"about":[{"href":"https:\/\/blogsaverroes.juntadeandalucia.es\/ceipcristoreysanpablo\/wp-json\/wp\/v2\/types\/page"}],"author":[{"embeddable":true,"href":"https:\/\/blogsaverroes.juntadeandalucia.es\/ceipcristoreysanpablo\/wp-json\/wp\/v2\/users\/4315"}],"replies":[{"embeddable":true,"href":"https:\/\/blogsaverroes.juntadeandalucia.es\/ceipcristoreysanpablo\/wp-json\/wp\/v2\/comments?post=871"}],"version-history":[{"count":8,"href":"https:\/\/blogsaverroes.juntadeandalucia.es\/ceipcristoreysanpablo\/wp-json\/wp\/v2\/pages\/871\/revisions"}],"predecessor-version":[{"id":2467,"href":"https:\/\/blogsaverroes.juntadeandalucia.es\/ceipcristoreysanpablo\/wp-json\/wp\/v2\/pages\/871\/revisions\/2467"}],"wp:attachment":[{"href":"https:\/\/blogsaverroes.juntadeandalucia.es\/ceipcristoreysanpablo\/wp-json\/wp\/v2\/media?parent=871"}],"curies":[{"name":"wp","href":"https:\/\/api.w.org\/{rel}","templated":true}]}}

<div data-blogger-escaped-style="text-align: center;">
<p><a href="http://blogsaverroes.juntadeandalucia.es/temahueman/files/2015/03/talleres.jpg"><img loading="lazy" decoding="async" class=" alignnone wp-image-228 size-medium alignleft" src="http://blogsaverroes.juntadeandalucia.es/temahueman/files/2015/03/talleres-300x199.jpg" alt="" width="300" height="199" srcset="https://blogsaverroes.juntadeandalucia.es/ceipcristoreysanpablo/files/2015/03/talleres-300x199.jpg 300w, https://blogsaverroes.juntadeandalucia.es/ceipcristoreysanpablo/files/2015/03/talleres-1024x682.jpg 1024w, https://blogsaverroes.juntadeandalucia.es/ceipcristoreysanpablo/files/2015/03/talleres.jpg 1280w" sizes="(max-width: 300px) 100vw, 300px" /></a></p>
<p>&nbsp;</p>
<p>LAS A<b><span style="color: #660000" data-blogger-escaped-style="color: #660000;">CTIVIDADES EXTRAESCOLARES</span></b>, COMENZARÁN EL <b><u>P</u></b><u><b>RÓXIMO 1 DE OCTUBRE DE 2019</b></u>&nbsp;</p>
</div>
<div data-blogger-escaped-style="text-align: center;">&nbsp;</div>
<div data-blogger-escaped-style="text-align: center;">
<p>RECORDAMOS QUE LA JUNTA DE ANDALUCÍA <b><u>SOLO BONIFICARÁ UNA ACTIVIDAD</u></b> POR LO QUE LA SEGUNDA TENDRÁ QUE PAGARSE DE FORMA INTEGRA.&nbsp;</p>
</div>
<div data-blogger-escaped-style="text-align: center;">&nbsp;</div>
<div data-blogger-escaped-style="text-align: center;">
<p>&nbsp;</p>
<p>&nbsp;</p>
<p>&nbsp;</p>
<p>&nbsp;</p>
<p>ESTE HORARIO PODRÁ SUFRIR MODIFICACIONES EN EL PRIMER MES DE OCTUBRE.</p>
</div>
<p class="separator" data-blogger-escaped-style="clear: both; text-align: center;"><a href="https://1.bp.blogspot.com/-wnOagmildO0/XYxpUyqfv4I/AAAAAAAABhQ/ZZ2dmKaqZZ4gdrlv_FTllJDGGu2UoT7rwCLcBGAsYHQ/s1600/actvidades%2Bextraescolares.png" data-blogger-escaped-style="margin-left: 1em; margin-right: 1em;"><img loading="lazy" decoding="async" class="aligncenter" src="https://1.bp.blogspot.com/-wnOagmildO0/XYxpUyqfv4I/AAAAAAAABhQ/ZZ2dmKaqZZ4gdrlv_FTllJDGGu2UoT7rwCLcBGAsYHQ/s400/actvidades%2Bextraescolares.png" data-blogger-escaped-data-original-height="351" data-blogger-escaped-data-original-width="708" width="519" height="257" border="0"></a></p>
<p>&nbsp;</p>
<p>&nbsp;</p>
<p>&nbsp;</p>
<p>&nbsp;</p>

<p>&nbsp; LAS ACTIVIDADES EXTRAESCOLARES, COMENZARÁN EL PRÓXIMO 1 DE OCTUBRE DE 2019&nbsp; &nbsp; RECORDAMOS QUE LA JUNTA DE ANDALUCÍA SOLO BONIFICARÁ UNA ACTIVIDAD POR LO QUE LA SEGUNDA TENDRÁ QUE PAGARSE DE FORMA INTEGRA.&nbsp; &nbsp; &nbsp; &nbsp; &nbsp; &nbsp; ESTE HORARIO PODRÁ SUFRIR MODIFICACIONES EN EL PRIMER MES DE OCTUBRE.&#46;&#46;&#46;</p>
