{"id":840,"date":"2020-12-18T08:38:52","date_gmt":"2020-12-18T07:38:52","guid":{"rendered":"https:\/\/blogsaverroes.juntadeandalucia.es\/pre\/plantilla-pencil\/?page_id=840"},"modified":"2022-12-06T13:03:49","modified_gmt":"2022-12-06T12:03:49","slug":"ampa","status":"publish","type":"page","link":"https:\/\/blogsaverroes.juntadeandalucia.es\/ceipcronista\/ampa\/","title":{"rendered":"AMPA \u00abEl Pretorio\u00bb"},"content":{"rendered":"<p>[et_pb_section fb_built=\u00bb1&#8243; _builder_version=\u00bb3.23.3&#8243; custom_padding=\u00bb0px||0px|\u00bb z_index_tablet=\u00bb500&#8243; box_shadow_horizontal_tablet=\u00bb0px\u00bb box_shadow_vertical_tablet=\u00bb0px\u00bb box_shadow_blur_tablet=\u00bb40px\u00bb box_shadow_spread_tablet=\u00bb0px\u00bb global_colors_info=\u00bb{}\u00bb][et_pb_row column_structure=\u00bb1_4,3_4&#8243; _builder_version=\u00bb4.14.5&#8243; _module_preset=\u00bbdefault\u00bb global_colors_info=\u00bb{}\u00bb][et_pb_column type=\u00bb1_4&#8243; _builder_version=\u00bb4.14.5&#8243; _module_preset=\u00bbdefault\u00bb global_colors_info=\u00bb{}\u00bb][et_pb_image src=\u00bbhttps:\/\/blogsaverroes.juntadeandalucia.es\/ceipcronista\/files\/2022\/12\/Copiar-Logo-AMPA-El-Pretorio.jpg\u00bb title_text=\u00bbCopiar Logo AMPA El Pretorio\u00bb align=\u00bbright\u00bb admin_label=\u00bbImagen de la portada\u00bb _builder_version=\u00bb4.14.5&#8243; animation_style=\u00bbfade\u00bb z_index_tablet=\u00bb500&#8243; box_shadow_horizontal_tablet=\u00bb0px\u00bb box_shadow_vertical_tablet=\u00bb0px\u00bb box_shadow_blur_tablet=\u00bb40px\u00bb box_shadow_spread_tablet=\u00bb0px\u00bb locked=\u00bboff\u00bb global_colors_info=\u00bb{}\u00bb][\/et_pb_image][\/et_pb_column][et_pb_column type=\u00bb3_4&#8243; _builder_version=\u00bb4.14.5&#8243; _module_preset=\u00bbdefault\u00bb global_colors_info=\u00bb{}\u00bb][et_pb_text admin_label=\u00bbTexto descriptivo\u00bb _builder_version=\u00bb4.14.5&#8243; z_index_tablet=\u00bb500&#8243; text_text_shadow_horizontal_length_tablet=\u00bb0px\u00bb text_text_shadow_vertical_length_tablet=\u00bb0px\u00bb text_text_shadow_blur_strength_tablet=\u00bb1px\u00bb link_text_shadow_horizontal_length_tablet=\u00bb0px\u00bb link_text_shadow_vertical_length_tablet=\u00bb0px\u00bb link_text_shadow_blur_strength_tablet=\u00bb1px\u00bb ul_text_shadow_horizontal_length_tablet=\u00bb0px\u00bb ul_text_shadow_vertical_length_tablet=\u00bb0px\u00bb ul_text_shadow_blur_strength_tablet=\u00bb1px\u00bb ol_text_shadow_horizontal_length_tablet=\u00bb0px\u00bb ol_text_shadow_vertical_length_tablet=\u00bb0px\u00bb ol_text_shadow_blur_strength_tablet=\u00bb1px\u00bb quote_text_shadow_horizontal_length_tablet=\u00bb0px\u00bb quote_text_shadow_vertical_length_tablet=\u00bb0px\u00bb quote_text_shadow_blur_strength_tablet=\u00bb1px\u00bb header_text_shadow_horizontal_length_tablet=\u00bb0px\u00bb header_text_shadow_vertical_length_tablet=\u00bb0px\u00bb header_text_shadow_blur_strength_tablet=\u00bb1px\u00bb header_2_text_shadow_horizontal_length_tablet=\u00bb0px\u00bb header_2_text_shadow_vertical_length_tablet=\u00bb0px\u00bb header_2_text_shadow_blur_strength_tablet=\u00bb1px\u00bb header_3_text_shadow_horizontal_length_tablet=\u00bb0px\u00bb header_3_text_shadow_vertical_length_tablet=\u00bb0px\u00bb header_3_text_shadow_blur_strength_tablet=\u00bb1px\u00bb header_4_text_shadow_horizontal_length_tablet=\u00bb0px\u00bb header_4_text_shadow_vertical_length_tablet=\u00bb0px\u00bb header_4_text_shadow_blur_strength_tablet=\u00bb1px\u00bb header_5_text_shadow_horizontal_length_tablet=\u00bb0px\u00bb header_5_text_shadow_vertical_length_tablet=\u00bb0px\u00bb header_5_text_shadow_blur_strength_tablet=\u00bb1px\u00bb header_6_text_shadow_horizontal_length_tablet=\u00bb0px\u00bb header_6_text_shadow_vertical_length_tablet=\u00bb0px\u00bb header_6_text_shadow_blur_strength_tablet=\u00bb1px\u00bb box_shadow_horizontal_tablet=\u00bb0px\u00bb box_shadow_vertical_tablet=\u00bb0px\u00bb box_shadow_blur_tablet=\u00bb40px\u00bb box_shadow_spread_tablet=\u00bb0px\u00bb global_colors_info=\u00bb{}\u00bb]<\/p>\n<h3 class=\"separator\"><b><a href=\"https:\/\/blogger.googleusercontent.com\/img\/b\/R29vZ2xl\/AVvXsEinQRiRNo6ZhoExF2pb_a7wKqahzsRM2L1h2659FFA9jg-R0yVLksW539D25dc1SfcRCy0z5hVnpLzrWHdKP8Z1lQ8LiSu4MCTzwUQT0p8rmLXUJTxprG5rGJd63tq88FGN2AKqHM7BbQtPEeLr5Nx1hm5mzVoN_rfI1Gf7_L7cGBIpQtk5K_KhArTrbw\/s1600\/PHOTO-2022-10-25-08-23-33.jpg\"><img loading=\"lazy\" decoding=\"async\" class=\"alignleft\" src=\"https:\/\/blogger.googleusercontent.com\/img\/b\/R29vZ2xl\/AVvXsEinQRiRNo6ZhoExF2pb_a7wKqahzsRM2L1h2659FFA9jg-R0yVLksW539D25dc1SfcRCy0z5hVnpLzrWHdKP8Z1lQ8LiSu4MCTzwUQT0p8rmLXUJTxprG5rGJd63tq88FGN2AKqHM7BbQtPEeLr5Nx1hm5mzVoN_rfI1Gf7_L7cGBIpQtk5K_KhArTrbw\/w480-h640\/PHOTO-2022-10-25-08-23-33.jpg\" data-original-height=\"1600\" data-original-width=\"1200\" width=\"481\" height=\"641\" border=\"0\"><\/a><\/b>Curso 22-23<b><u>&nbsp;<\/u><\/b><\/h3>\n<p><u><b>Comunicado 1 AMPA &#8211; Asamblea de socios<\/b><\/u><\/p>\n<p><a href=\"https:\/\/drive.google.com\/file\/d\/1dN-5YxgLHGSQPFA2nTuRDCYEEvFGf4jd\/view?usp=sharing\">PINCHAR ENLACE A CIRCULAR<\/a><\/p>\n<p>&nbsp;<\/p>\n<p>&nbsp;<\/p>\n<p>&nbsp;<\/p>\n<p>&nbsp;<\/p>\n<p>&nbsp;<\/p>\n<p>&nbsp;<\/p>\n<p>&nbsp;<\/p>\n<p>&nbsp;<\/p>\n<p>&nbsp;<\/p>\n<p>&nbsp;<\/p>\n<p>&nbsp;<\/p>\n<p>&nbsp;<\/p>\n<p>&nbsp;<\/p>\n<hr>\n<p>&nbsp;<u><b><br \/><\/b><\/u><\/p>\n<p><u><b>CURSO 21-22 ARCHIVADO<br \/><\/b><\/u><\/p>\n<p><u><b>Comunicado 1 AMPA &#8211; Asamblea de socios<\/b><\/u><\/p>\n<p><b>Pinchar enlace a convocatoria:<\/b><\/p>\n<p><b><a href=\"https:\/\/drive.google.com\/file\/d\/1d_y1GDUs3q-azc1wgeZ8cgIUFTlCkRWp\/view?usp=sharing\">CONVOCATORIA 30-09-21<\/a>&nbsp;<\/b><u><b><br \/><\/b><\/u><\/p>\n<p>&#8212;&#8212;&#8212;&#8212;&#8212;&#8212;&#8212;&#8212;&#8212;&#8212;&#8212;&#8212;&#8212;&#8212;&#8212;&#8212;&#8212;&#8212;&#8212;&#8212;&#8212;&#8212;&#8212;&#8212;&#8212;&#8212;&#8212;&#8212;&#8212;&#8212;&#8212;&#8212;&#8212;&#8212;&#8212;&#8212;&#8212;&#8212;&#8212;&#8212;-<\/p>\n<p><u><b>CURSO 20-21 ARCHIVADO<\/b><\/u><\/p>\n<div class=\"separator\">\n<div class=\"separator\"><b><u>COMUNICADO3<\/u><\/b><\/div>\n<\/div>\n<div class=\"separator\">&nbsp;Sobre la adquisici\u00f3n de recursos Covid:<\/div>\n<div class=\"separator\"><a href=\"https:\/\/drive.google.com\/file\/d\/1PPrYGs9OkGYeTYpIajiIXOe4-FJhWW_b\/view?usp=sharing\">PINCHAR ENLACE PARA LEER COMUNICADO<\/a><\/div>\n<p>&nbsp;&nbsp;&nbsp;&nbsp;&nbsp;&nbsp;&nbsp;&nbsp;&nbsp;&nbsp;&nbsp;&nbsp;&nbsp;&nbsp;&nbsp;&nbsp;&nbsp;&nbsp;&nbsp;&nbsp;&nbsp;&nbsp;&nbsp;&nbsp;&nbsp;&nbsp;&nbsp;&nbsp;&nbsp;&nbsp;&nbsp;&nbsp;&nbsp;&nbsp;&nbsp;&nbsp;&nbsp;&nbsp;&nbsp;&nbsp;&nbsp;&nbsp;&nbsp;&nbsp;&nbsp;&nbsp;&nbsp;&nbsp;&nbsp;&nbsp;&nbsp;&nbsp;&nbsp;&nbsp;&nbsp;&nbsp;&nbsp;&nbsp;&nbsp;&nbsp;&nbsp;&nbsp;&nbsp;&nbsp;&nbsp;&nbsp;&nbsp;&nbsp;&nbsp;&nbsp;&nbsp;&nbsp;&nbsp;&nbsp;&nbsp;&nbsp;&nbsp;&nbsp;&nbsp;&nbsp;&nbsp;&nbsp;&nbsp;&nbsp;&nbsp;&nbsp;&nbsp;&nbsp;&nbsp;&nbsp;&nbsp;&nbsp;&nbsp;&nbsp;&nbsp;&nbsp;&nbsp;&nbsp;&nbsp;&nbsp;&nbsp;&nbsp;&nbsp;&nbsp;&nbsp;&nbsp;&nbsp;&nbsp;&nbsp;&nbsp;&nbsp;&nbsp;&nbsp;&nbsp;&nbsp;&nbsp;&nbsp;&nbsp;&nbsp;&nbsp;&nbsp;&nbsp;&nbsp;&nbsp;&nbsp;&nbsp;&nbsp;&nbsp;&nbsp;&nbsp;&nbsp;&nbsp;&nbsp;&nbsp;&nbsp;&nbsp;&nbsp;&nbsp;&nbsp;&nbsp;&nbsp;<\/p>\n<div class=\"separator\"><b><u>&nbsp;<\/u><\/b><b><u>COMUNICADO2<\/u><\/b><\/div>\n<div class=\"separator\">Sobre el cobro de cuota anual de soci@s:<\/div>\n<div class=\"separator\"><a href=\"https:\/\/drive.google.com\/file\/d\/1LriieVXmRQXFPHiQ_esm84L7trF6ne1A\/view?usp=sharing\">PINCHAR ENLACE PARA LEER COMUNICADO.<\/a>&nbsp;<\/div>\n<div class=\"separator\">&nbsp;<\/div>\n<div class=\"separator\"><b><u>&nbsp;&nbsp;&nbsp;&nbsp;&nbsp;&nbsp;&nbsp;&nbsp;&nbsp;&nbsp;&nbsp;&nbsp;&nbsp;&nbsp;&nbsp;&nbsp;&nbsp;&nbsp;&nbsp;&nbsp;&nbsp;&nbsp;&nbsp;&nbsp;&nbsp;&nbsp;&nbsp;&nbsp;&nbsp;&nbsp;&nbsp;&nbsp;&nbsp;&nbsp;&nbsp;&nbsp;&nbsp;&nbsp;&nbsp;&nbsp;&nbsp;&nbsp;&nbsp;&nbsp;&nbsp;&nbsp;&nbsp;&nbsp;&nbsp;&nbsp;&nbsp;&nbsp;&nbsp;&nbsp;&nbsp;&nbsp;&nbsp;&nbsp;&nbsp;&nbsp;&nbsp;&nbsp;&nbsp;&nbsp;&nbsp;&nbsp;&nbsp;&nbsp;&nbsp;&nbsp;&nbsp;&nbsp;&nbsp;&nbsp;&nbsp;&nbsp;&nbsp;&nbsp;&nbsp;&nbsp;&nbsp;&nbsp;&nbsp;&nbsp;&nbsp;&nbsp;&nbsp;&nbsp;&nbsp;&nbsp;&nbsp;&nbsp;&nbsp;&nbsp;&nbsp;&nbsp;<br \/><\/u><\/b><\/div>\n<div class=\"separator\"><b><u>COMUNICADO 1<\/u><\/b><\/div>\n<div class=\"separator\">\n<div class=\"separator\"><a href=\"https:\/\/1.bp.blogspot.com\/-44KXGN_siOA\/X3do8p7DzCI\/AAAAAAAABMY\/U83g3lAa-fIgZpholR_aUM9w1GEo9ai6gCLcBGAsYHQ\/s1080\/CONVOCATORIA%2BAMPA.jpg\"><img loading=\"lazy\" decoding=\"async\" src=\"https:\/\/1.bp.blogspot.com\/-44KXGN_siOA\/X3do8p7DzCI\/AAAAAAAABMY\/U83g3lAa-fIgZpholR_aUM9w1GEo9ai6gCLcBGAsYHQ\/w590-h355\/CONVOCATORIA%2BAMPA.jpg\" data-original-height=\"797\" data-original-width=\"1080\" width=\"590\" height=\"355\" border=\"0\"><\/a><\/div>\n<p><b><u>&nbsp;&nbsp;&nbsp;&nbsp;&nbsp;&nbsp;&nbsp;&nbsp;&nbsp;&nbsp;&nbsp;&nbsp;&nbsp;&nbsp;&nbsp;&nbsp;&nbsp;&nbsp;&nbsp;&nbsp;&nbsp;&nbsp;&nbsp;&nbsp;&nbsp;&nbsp;&nbsp;&nbsp;&nbsp;&nbsp;&nbsp;&nbsp;&nbsp;&nbsp;&nbsp;&nbsp;&nbsp;&nbsp;&nbsp;&nbsp;&nbsp;&nbsp;&nbsp;&nbsp;&nbsp;&nbsp;&nbsp;&nbsp;&nbsp;&nbsp;&nbsp;&nbsp;&nbsp;&nbsp;&nbsp;&nbsp;&nbsp;&nbsp;&nbsp;&nbsp;&nbsp;&nbsp;&nbsp;&nbsp;&nbsp;&nbsp;&nbsp;&nbsp;&nbsp;&nbsp;&nbsp;&nbsp;&nbsp;&nbsp;&nbsp;&nbsp;&nbsp;&nbsp;&nbsp;&nbsp;&nbsp;&nbsp;&nbsp;&nbsp;&nbsp;&nbsp;&nbsp;&nbsp;&nbsp;&nbsp;&nbsp;&nbsp;&nbsp;&nbsp;<\/u><\/b><\/p>\n<p><b><u> <\/u><\/b>&nbsp;<\/p>\n<\/div>\n<div class=\"separator\"><b><u>CURSO 19-20 ARCHIVADO<br \/><\/u><\/b><\/div>\n<div class=\"separator\"><b><u>&nbsp;<\/u><\/b><\/div>\n<div class=\"separator\"><b><u>NOTA INFORMATIVA A.M.P.A EL PRETORIO 5 MAYO 2020-AGENDAS ESCOLARES<\/u><\/b><\/div>\n<div class=\"separator\"><b><u>&nbsp;<\/u><\/b><\/div>\n<div class=\"separator\">Buenos d\u00edas familias:<\/div>\n<div class=\"separator\">En primer lugar ,os enviamos un mensaje de \u00e1nimo y de&nbsp;esperanza ante esta situaci\u00f3n que nos ha tocado vivir.<\/div>\n<div class=\"separator\">&nbsp;<\/div>\n<div class=\"separator\">Como sab\u00e9is, por estas fechas solicitamos la adquisici\u00f3n de las&nbsp;agendas para nuestros ni\u00f1os\/as correspondientes para el&nbsp;pr\u00f3ximo curso.<\/div>\n<div class=\"separator\">&nbsp;<\/div>\n<div class=\"separator\">En este sentido, dadas las condiciones limitadas de&nbsp;confinamiento ,las agendas se entregar\u00e1n a principios de curso&nbsp;2020-2021 para su cobro (3 euros) y la cuota de socio&nbsp;correspondiente ,en caso que lo fuera(15 euros).<\/div>\n<div class=\"separator\">&nbsp;<\/div>\n<div class=\"separator\">Saludos cordiales.<\/div>\n<div class=\"separator\">&nbsp;<\/div>\n<div class=\"separator\">Fdo: A.M.P.A El PRETORIO<\/div>\n<p>&nbsp;<\/p>\n<p>[\/et_pb_text][\/et_pb_column][\/et_pb_row][\/et_pb_section]<\/p>\n","protected":false},"excerpt":{"rendered":"<p>Curso 22-23&nbsp; Comunicado 1 AMPA &#8211; Asamblea de socios PINCHAR ENLACE A CIRCULAR &nbsp; &nbsp; &nbsp; &nbsp; &nbsp; &nbsp; &nbsp; &nbsp; &nbsp; &nbsp; &nbsp; &nbsp; &nbsp; &nbsp; CURSO 21-22 ARCHIVADO Comunicado 1 AMPA &#8211; Asamblea de socios Pinchar enlace a convocatoria: CONVOCATORIA 30-09-21&nbsp; &#8212;&#8212;&#8212;&#8212;&#8212;&#8212;&#8212;&#8212;&#8212;&#8212;&#8212;&#8212;&#8212;&#8212;&#8212;&#8212;&#8212;&#8212;&#8212;&#8212;&#8212;&#8212;&#8212;&#8212;&#8212;&#8212;&#8212;&#8212;&#8212;&#8212;&#8212;&#8212;&#8212;&#8212;&#8212;&#8212;&#8212;&#8212;&#8212;&#8212;- CURSO 20-21 ARCHIVADO COMUNICADO3 &nbsp;Sobre la adquisici\u00f3n de recursos Covid: PINCHAR [&hellip;]<\/p>\n","protected":false},"author":8613,"featured_media":0,"parent":0,"menu_order":0,"comment_status":"closed","ping_status":"closed","template":"","meta":{"_et_pb_use_builder":"on","_et_pb_old_content":"","_et_gb_content_width":"","ngg_post_thumbnail":0,"footnotes":""},"aioseo_notices":[],"_links":{"self":[{"href":"https:\/\/blogsaverroes.juntadeandalucia.es\/ceipcronista\/wp-json\/wp\/v2\/pages\/840"}],"collection":[{"href":"https:\/\/blogsaverroes.juntadeandalucia.es\/ceipcronista\/wp-json\/wp\/v2\/pages"}],"about":[{"href":"https:\/\/blogsaverroes.juntadeandalucia.es\/ceipcronista\/wp-json\/wp\/v2\/types\/page"}],"author":[{"embeddable":true,"href":"https:\/\/blogsaverroes.juntadeandalucia.es\/ceipcronista\/wp-json\/wp\/v2\/users\/8613"}],"replies":[{"embeddable":true,"href":"https:\/\/blogsaverroes.juntadeandalucia.es\/ceipcronista\/wp-json\/wp\/v2\/comments?post=840"}],"version-history":[{"count":7,"href":"https:\/\/blogsaverroes.juntadeandalucia.es\/ceipcronista\/wp-json\/wp\/v2\/pages\/840\/revisions"}],"predecessor-version":[{"id":1777,"href":"https:\/\/blogsaverroes.juntadeandalucia.es\/ceipcronista\/wp-json\/wp\/v2\/pages\/840\/revisions\/1777"}],"wp:attachment":[{"href":"https:\/\/blogsaverroes.juntadeandalucia.es\/ceipcronista\/wp-json\/wp\/v2\/media?parent=840"}],"curies":[{"name":"wp","href":"https:\/\/api.w.org\/{rel}","templated":true}]}}