{"id":35,"date":"2015-03-13T08:21:43","date_gmt":"2015-03-13T08:21:43","guid":{"rendered":"http:\/\/blogsaverroes.juntadeandalucia.es\/pre\/ceip\/?page_id=35"},"modified":"2019-10-01T20:48:02","modified_gmt":"2019-10-01T20:48:02","slug":"el-centro-2","status":"publish","type":"page","link":"https:\/\/blogsaverroes.juntadeandalucia.es\/ceipcupiana\/el-centro-2\/","title":{"rendered":"Datos del centro"},"content":{"rendered":"<p><a href=\"https:\/\/www.google.es\/maps\/@36.7068004,-4.5467587,17z?hl=es\" target=\"_blank\" rel=\"noopener noreferrer\">https:\/\/www.google.es\/maps\/@36.7068004,-4.5467587,17z?hl=es<\/a><\/p>\n<p><strong>Datos de contacto<\/strong><\/p>\n<p><strong>Direcci\u00f3n:<\/strong>&nbsp;&nbsp;<\/p>\n<p>Calle Portales de la Victoria, 22<br \/>\n29590 Campanillas<br \/>\nM\u00c1LAGA&nbsp;<\/p>\n<p><strong>Tel\u00e9fono \/ FAX:<\/strong><\/p>\n<p>Tfno: 951 293 509 &nbsp;Tel\u00e9fono corporativo:&nbsp;973509<\/p>\n<p>Fax: 951 293 510 &nbsp;<\/p>\n<p><strong>Email:<\/strong>&nbsp;<\/p>\n<p>29011783.edu@juntadeandalucia.es<\/p>\n<h4><strong>Horarios<\/strong><\/h4>\n<p>Aula Matinal: L-V: 7:30 a 9:00<\/p>\n<p>Horario lectivo : L-V: 9:00 a 14:00<\/p>\n<p>Atenci\u00f3n a las familias en tutor\u00edas: Lunes de 16:00 a 17:00<\/p>\n<h4><strong>Oferta educativa<\/strong><\/h4>\n<p>&nbsp;<\/p>\n<h4>Instalaciones<\/h4>\n<p>&nbsp;<\/p>\n","protected":false},"excerpt":{"rendered":"<p>https:\/\/www.google.es\/maps\/@36.7068004,-4.5467587,17z?hl=es Datos de contacto Direcci\u00f3n:&nbsp;&nbsp; Calle Portales de la Victoria, 22 29590 Campanillas M\u00c1LAGA&nbsp; Tel\u00e9fono \/ FAX: Tfno: 951 293 509 &nbsp;Tel\u00e9fono corporativo:&nbsp;973509 Fax: 951 293 510 &nbsp; Email:&nbsp; 29011783.edu@juntadeandalucia.es Horarios Aula Matinal: L-V:&#46;&#46;&#46;<\/p>\n","protected":false},"author":1,"featured_media":0,"parent":0,"menu_order":0,"comment_status":"closed","ping_status":"open","template":"","meta":{"ngg_post_thumbnail":0,"footnotes":"","_mc_calendar":[]},"aioseo_notices":[],"_links":{"self":[{"href":"https:\/\/blogsaverroes.juntadeandalucia.es\/ceipcupiana\/wp-json\/wp\/v2\/pages\/35"}],"collection":[{"href":"https:\/\/blogsaverroes.juntadeandalucia.es\/ceipcupiana\/wp-json\/wp\/v2\/pages"}],"about":[{"href":"https:\/\/blogsaverroes.juntadeandalucia.es\/ceipcupiana\/wp-json\/wp\/v2\/types\/page"}],"author":[{"embeddable":true,"href":"https:\/\/blogsaverroes.juntadeandalucia.es\/ceipcupiana\/wp-json\/wp\/v2\/users\/1"}],"replies":[{"embeddable":true,"href":"https:\/\/blogsaverroes.juntadeandalucia.es\/ceipcupiana\/wp-json\/wp\/v2\/comments?post=35"}],"version-history":[{"count":13,"href":"https:\/\/blogsaverroes.juntadeandalucia.es\/ceipcupiana\/wp-json\/wp\/v2\/pages\/35\/revisions"}],"predecessor-version":[{"id":2743,"href":"https:\/\/blogsaverroes.juntadeandalucia.es\/ceipcupiana\/wp-json\/wp\/v2\/pages\/35\/revisions\/2743"}],"wp:attachment":[{"href":"https:\/\/blogsaverroes.juntadeandalucia.es\/ceipcupiana\/wp-json\/wp\/v2\/media?parent=35"}],"curies":[{"name":"wp","href":"https:\/\/api.w.org\/{rel}","templated":true}]}}