{"id":2525,"date":"2021-03-17T12:18:22","date_gmt":"2021-03-17T12:18:22","guid":{"rendered":"https:\/\/blogsaverroes.juntadeandalucia.es\/ceipdiegovelazquez\/?page_id=2525"},"modified":"2021-04-14T08:30:35","modified_gmt":"2021-04-14T08:30:35","slug":"igualdad","status":"publish","type":"page","link":"https:\/\/blogsaverroes.juntadeandalucia.es\/ceipdiegovelazquez\/igualdad\/","title":{"rendered":"Igualdad"},"content":{"rendered":"<p lang=\"es-ES-u-co-trad\" align=\"justify\"><a href=\"https:\/\/blogsaverroes.juntadeandalucia.es\/ceipdiegovelazquez\/files\/2021\/04\/que-piensan-los-ninos-y-ninas-sobre-igualdad-de-genero-1200x630-1.jpg\"><img loading=\"lazy\" decoding=\"async\" class=\" wp-image-2608 aligncenter\" src=\"https:\/\/blogsaverroes.juntadeandalucia.es\/ceipdiegovelazquez\/files\/2021\/04\/que-piensan-los-ninos-y-ninas-sobre-igualdad-de-genero-1200x630-1-300x143.jpg\" alt=\"\" width=\"608\" height=\"290\" srcset=\"https:\/\/blogsaverroes.juntadeandalucia.es\/ceipdiegovelazquez\/files\/2021\/04\/que-piensan-los-ninos-y-ninas-sobre-igualdad-de-genero-1200x630-1-300x143.jpg 300w, https:\/\/blogsaverroes.juntadeandalucia.es\/ceipdiegovelazquez\/files\/2021\/04\/que-piensan-los-ninos-y-ninas-sobre-igualdad-de-genero-1200x630-1-1024x488.jpg 1024w, https:\/\/blogsaverroes.juntadeandalucia.es\/ceipdiegovelazquez\/files\/2021\/04\/que-piensan-los-ninos-y-ninas-sobre-igualdad-de-genero-1200x630-1-768x366.jpg 768w, https:\/\/blogsaverroes.juntadeandalucia.es\/ceipdiegovelazquez\/files\/2021\/04\/que-piensan-los-ninos-y-ninas-sobre-igualdad-de-genero-1200x630-1.jpg 1185w\" sizes=\"(max-width: 608px) 100vw, 608px\" \/><\/a><\/p>\n<p lang=\"es-ES-u-co-trad\" align=\"justify\"><span style=\"font-family: comic sans ms, sans-serif\">&nbsp; Uno de los principios que debe guiar toda actividad educativa es la efectiva igualdad de derechos y el rechazo a todo tipo de discriminaci\u00f3n, para ello es conveniente desarrollar estrategias educativas que puedan aportar una visi\u00f3n m\u00e1s integral de la persona. Entre estas cabe destacar el desarrollo de una acci\u00f3n coeducativa, encaminada a evitar la discriminaci\u00f3n por raz\u00f3n de sexo.<\/span><\/p>\n<p align=\"justify\"><span style=\"font-family: comic sans ms, sans-serif\"><span lang=\"es-ES-u-co-trad\">&nbsp; &nbsp;El Plan de Igualdad de nuestro centro se marca unos objetivos generales:<a href=\"https:\/\/blogsaverroes.juntadeandalucia.es\/ceipdiegovelazquez\/files\/2021\/04\/concepto-igualdad-genero_23-2148583866.jpg\"><img loading=\"lazy\" decoding=\"async\" class=\"alignleft  wp-image-2607\" src=\"https:\/\/blogsaverroes.juntadeandalucia.es\/ceipdiegovelazquez\/files\/2021\/04\/concepto-igualdad-genero_23-2148583866-300x200.jpg\" alt=\"\" width=\"417\" height=\"278\" srcset=\"https:\/\/blogsaverroes.juntadeandalucia.es\/ceipdiegovelazquez\/files\/2021\/04\/concepto-igualdad-genero_23-2148583866-300x200.jpg 300w, https:\/\/blogsaverroes.juntadeandalucia.es\/ceipdiegovelazquez\/files\/2021\/04\/concepto-igualdad-genero_23-2148583866.jpg 626w\" sizes=\"(max-width: 417px) 100vw, 417px\" \/><\/a><\/span><\/span><\/p>\n<p align=\"left\"><span style=\"font-family: comic sans ms, sans-serif\"><span lang=\"es-ES-u-co-trad\">1.&nbsp;<\/span><span lang=\"es-ES-u-co-trad\">Fomentar el derecho a la&nbsp;<\/span><span lang=\"es-ES-u-co-trad\">individualidad&nbsp;<\/span><span lang=\"es-ES-u-co-trad\">de cada persona y la igualdad&nbsp;<\/span><span lang=\"es-ES-u-co-trad\">real&nbsp;<\/span><span lang=\"es-ES-u-co-trad\">entre hombres y mujeres desarrollando valores que fomenten el respeto&nbsp;<\/span><span lang=\"es-ES-u-co-trad\">a las diferencias, la convivencia pac\u00edfica y el rechazo a todo tipo de violencia.<\/span><\/span><\/p>\n<p align=\"left\"><span style=\"font-family: comic sans ms, sans-serif\"><span lang=\"es-ES-u-co-trad\">2.&nbsp;<\/span><span lang=\"es-ES-u-co-trad\">Hacer visible la labor y las aportaciones de las mujeres promoviendo el reconocimiento de su papel en la historia y en la actualidad.<\/span><\/span><\/p>\n<p align=\"left\"><span style=\"font-family: comic sans ms, sans-serif\"><span lang=\"es-ES-u-co-trad\">3.&nbsp;<\/span><span lang=\"es-ES-u-co-trad\">Avanzar&nbsp;<\/span><span lang=\"es-ES-u-co-trad\">hacia un centro educativo m\u00e1s igualitario a trav\u00e9s de la sensibilizaci\u00f3n de toda la comunidad educativa y provocando as\u00ed los cambios necesarios.<\/span><\/span><\/p>\n<p align=\"left\"><span style=\"font-family: comic sans ms, sans-serif\"><span lang=\"es-ES-u-co-trad\">&nbsp; &nbsp;Estos objetivos generales se alcanzar\u00e1n a largo plazo a trav\u00e9s de la consecuci\u00f3n de objetivos m\u00e1s espec\u00edficos y de la puesta en marcha de<\/span><span lang=\"es-ES-u-co-trad\">&nbsp;unas actuaciones concretas a nivel de aula y de centro como:<\/span><\/span><\/p>\n<p align=\"left\"><em><span style=\"font-family: comic sans ms, sans-serif\">&#8211; La supresi\u00f3n de expresiones de car\u00e1cter sexista del&nbsp;lenguaje habitual.<\/span><\/em><\/p>\n<p align=\"left\"><em><span style=\"font-family: comic sans ms, sans-serif\"><span lang=\"es-ES-u-co-trad\">&#8211;&nbsp;<\/span><span lang=\"es-ES-u-co-trad\">L<\/span><span lang=\"es-ES-u-co-trad\">a realizaci\u00f3n de&nbsp;<\/span><span lang=\"es-ES-u-co-trad\">actividades cooperativas rutinarias en el aula&nbsp;<\/span><span lang=\"es-ES-u-co-trad\">siguiendo siempre las recomendaciones&nbsp;<\/span><span lang=\"es-ES-u-co-trad\">sanitarias&nbsp;<\/span><span lang=\"es-ES-u-co-trad\">recogidas en las instrucciones.<\/span><\/span><\/em><\/p>\n<p align=\"left\"><em><span style=\"font-family: comic sans ms, sans-serif\">&#8211; La revisi\u00f3n de los ejemplos que utilizamos en el aula.<\/span><\/em><\/p>\n<p align=\"left\"><em><span style=\"font-family: comic sans ms, sans-serif\">&#8211; La revisi\u00f3n de los ejemplos utilizados en programaciones, libros de texto y biblioteca de aula.<\/span><\/em><\/p>\n<p align=\"left\"><em><span style=\"font-family: comic sans ms, sans-serif\"><span lang=\"es-ES-u-co-trad\">&#8211;&nbsp;<\/span><span lang=\"es-ES-u-co-trad\">La e<\/span><span lang=\"es-ES-u-co-trad\">xposici\u00f3n&nbsp;<\/span><span lang=\"es-ES-u-co-trad\">de fotograf\u00eda&nbsp;<\/span><span lang=\"es-ES-u-co-trad\">\u201cCon ojos de Mujer\u201d.<\/span><\/span><\/em><\/p>\n<p align=\"left\"><em><span style=\"font-family: comic sans ms, sans-serif\"><span lang=\"es-ES-u-co-trad\">&#8211;&nbsp;<\/span><span lang=\"es-ES-u-co-trad\">La inclusi\u00f3n de<\/span><span lang=\"es-ES-u-co-trad\">&nbsp;los&nbsp;<\/span><span lang=\"es-ES-u-co-trad\">juegos de mesa (ajedrez, twenga, mikado\u2026)&nbsp;<\/span><span lang=\"es-ES-u-co-trad\">y<\/span><span lang=\"es-ES-u-co-trad\">&nbsp;juegos cooperativos (memo m\u00edmica, peque\u00f1os constructores, el frutal\u2026)&nbsp;<\/span><span lang=\"es-ES-u-co-trad\">gracias al<\/span><span lang=\"es-ES-u-co-trad\">&nbsp;presupuesto obtenido del Pacto Contra la Violencia de G\u00e9nero.<\/span><\/span><\/em><\/p>\n<p align=\"left\"><em><span style=\"font-family: comic sans ms, sans-serif\"><span lang=\"es-ES-u-co-trad\">&#8211;&nbsp;<\/span><span lang=\"es-ES-u-co-trad\">La p<\/span><span lang=\"es-ES-u-co-trad\">romo<\/span><span lang=\"es-ES-u-co-trad\">ci\u00f3n<\/span><span lang=\"es-ES-u-co-trad\">&nbsp;el di\u00e1logo como medio para la resoluci\u00f3n de conflictos.<\/span><\/span><\/em><\/p>\n<p align=\"left\"><em><span style=\"font-family: comic sans ms, sans-serif\"><span lang=\"es-ES-u-co-trad\">&#8211;&nbsp;<\/span><span lang=\"es-ES-u-co-trad\">La lectura de cuentos coeducativos seleccionados<\/span><span lang=\"es-ES-u-co-trad\">&nbsp;del Rinc\u00f3n Violeta de la Biblioteca del centro y&nbsp;<\/span><span lang=\"es-ES-u-co-trad\">la realizaci\u00f3n de<\/span><span lang=\"es-ES-u-co-trad\">&nbsp;actividades de aula con el mismo.<\/span><\/span><\/em><\/p>\n<p align=\"left\"><em><span style=\"font-family: comic sans ms, sans-serif\"><span style=\"color: #000000\"><span lang=\"es-ES-u-co-trad\">&#8211;&nbsp;<\/span><\/span><span style=\"color: #000000\"><span lang=\"es-ES-u-co-trad\">La investigaci\u00f3n sobre \u201cLa mujer en la ciencia\u201d para<\/span><span lang=\"es-ES-u-co-trad\">&nbsp;<\/span><span lang=\"es-ES-u-co-trad\">la conmemoraci\u00f3n del D\u00eda de la Mujer.<\/span><\/span><\/span><\/em><\/p>\n<p align=\"left\"><em><span style=\"font-family: comic sans ms, sans-serif\"><span style=\"color: #000000\"><span lang=\"es-ES-u-co-trad\">&#8211;&nbsp;<\/span><\/span><span style=\"color: #000000\"><span lang=\"es-ES-u-co-trad\">La realizaci\u00f3n de banderines haciendo referencia a \u201clas mu<\/span><span lang=\"es-ES-u-co-trad\">je<\/span><span lang=\"es-ES-u-co-trad\">res de nuestra vida\u201d.<\/span><\/span><\/span><\/em><\/p>\n<p align=\"left\">&nbsp;<\/p>\n","protected":false},"excerpt":{"rendered":"<p>&nbsp; Uno de los principios que debe guiar toda actividad educativa es la efectiva igualdad de derechos y el rechazo a todo tipo de discriminaci\u00f3n, para ello es conveniente desarrollar estrategias educativas que puedan&#46;&#46;&#46;<\/p>\n","protected":false},"author":3537,"featured_media":0,"parent":0,"menu_order":0,"comment_status":"closed","ping_status":"closed","template":"","meta":{"ngg_post_thumbnail":0,"footnotes":"","_mc_calendar":[]},"aioseo_notices":[],"_links":{"self":[{"href":"https:\/\/blogsaverroes.juntadeandalucia.es\/ceipdiegovelazquez\/wp-json\/wp\/v2\/pages\/2525"}],"collection":[{"href":"https:\/\/blogsaverroes.juntadeandalucia.es\/ceipdiegovelazquez\/wp-json\/wp\/v2\/pages"}],"about":[{"href":"https:\/\/blogsaverroes.juntadeandalucia.es\/ceipdiegovelazquez\/wp-json\/wp\/v2\/types\/page"}],"author":[{"embeddable":true,"href":"https:\/\/blogsaverroes.juntadeandalucia.es\/ceipdiegovelazquez\/wp-json\/wp\/v2\/users\/3537"}],"replies":[{"embeddable":true,"href":"https:\/\/blogsaverroes.juntadeandalucia.es\/ceipdiegovelazquez\/wp-json\/wp\/v2\/comments?post=2525"}],"version-history":[{"count":4,"href":"https:\/\/blogsaverroes.juntadeandalucia.es\/ceipdiegovelazquez\/wp-json\/wp\/v2\/pages\/2525\/revisions"}],"predecessor-version":[{"id":2610,"href":"https:\/\/blogsaverroes.juntadeandalucia.es\/ceipdiegovelazquez\/wp-json\/wp\/v2\/pages\/2525\/revisions\/2610"}],"wp:attachment":[{"href":"https:\/\/blogsaverroes.juntadeandalucia.es\/ceipdiegovelazquez\/wp-json\/wp\/v2\/media?parent=2525"}],"curies":[{"name":"wp","href":"https:\/\/api.w.org\/{rel}","templated":true}]}}

<p lang="es-ES-u-co-trad" align="justify"><a href="https://blogsaverroes.juntadeandalucia.es/ceipdiegovelazquez/files/2021/04/que-piensan-los-ninos-y-ninas-sobre-igualdad-de-genero-1200x630-1.jpg"><img loading="lazy" decoding="async" class=" wp-image-2608 aligncenter" src="https://blogsaverroes.juntadeandalucia.es/ceipdiegovelazquez/files/2021/04/que-piensan-los-ninos-y-ninas-sobre-igualdad-de-genero-1200x630-1-300x143.jpg" alt="" width="608" height="290" srcset="https://blogsaverroes.juntadeandalucia.es/ceipdiegovelazquez/files/2021/04/que-piensan-los-ninos-y-ninas-sobre-igualdad-de-genero-1200x630-1-300x143.jpg 300w, https://blogsaverroes.juntadeandalucia.es/ceipdiegovelazquez/files/2021/04/que-piensan-los-ninos-y-ninas-sobre-igualdad-de-genero-1200x630-1-1024x488.jpg 1024w, https://blogsaverroes.juntadeandalucia.es/ceipdiegovelazquez/files/2021/04/que-piensan-los-ninos-y-ninas-sobre-igualdad-de-genero-1200x630-1-768x366.jpg 768w, https://blogsaverroes.juntadeandalucia.es/ceipdiegovelazquez/files/2021/04/que-piensan-los-ninos-y-ninas-sobre-igualdad-de-genero-1200x630-1.jpg 1185w" sizes="(max-width: 608px) 100vw, 608px" /></a></p>
<p lang="es-ES-u-co-trad" align="justify"><span style="font-family: comic sans ms, sans-serif">&nbsp; Uno de los principios que debe guiar toda actividad educativa es la efectiva igualdad de derechos y el rechazo a todo tipo de discriminación, para ello es conveniente desarrollar estrategias educativas que puedan aportar una visión más integral de la persona. Entre estas cabe destacar el desarrollo de una acción coeducativa, encaminada a evitar la discriminación por razón de sexo.</span></p>
<p align="justify"><span style="font-family: comic sans ms, sans-serif"><span lang="es-ES-u-co-trad">&nbsp; &nbsp;El Plan de Igualdad de nuestro centro se marca unos objetivos generales:<a href="https://blogsaverroes.juntadeandalucia.es/ceipdiegovelazquez/files/2021/04/concepto-igualdad-genero_23-2148583866.jpg"><img loading="lazy" decoding="async" class="alignleft  wp-image-2607" src="https://blogsaverroes.juntadeandalucia.es/ceipdiegovelazquez/files/2021/04/concepto-igualdad-genero_23-2148583866-300x200.jpg" alt="" width="417" height="278" srcset="https://blogsaverroes.juntadeandalucia.es/ceipdiegovelazquez/files/2021/04/concepto-igualdad-genero_23-2148583866-300x200.jpg 300w, https://blogsaverroes.juntadeandalucia.es/ceipdiegovelazquez/files/2021/04/concepto-igualdad-genero_23-2148583866.jpg 626w" sizes="(max-width: 417px) 100vw, 417px" /></a></span></span></p>
<p align="left"><span style="font-family: comic sans ms, sans-serif"><span lang="es-ES-u-co-trad">1.&nbsp;</span><span lang="es-ES-u-co-trad">Fomentar el derecho a la&nbsp;</span><span lang="es-ES-u-co-trad">individualidad&nbsp;</span><span lang="es-ES-u-co-trad">de cada persona y la igualdad&nbsp;</span><span lang="es-ES-u-co-trad">real&nbsp;</span><span lang="es-ES-u-co-trad">entre hombres y mujeres desarrollando valores que fomenten el respeto&nbsp;</span><span lang="es-ES-u-co-trad">a las diferencias, la convivencia pacífica y el rechazo a todo tipo de violencia.</span></span></p>
<p align="left"><span style="font-family: comic sans ms, sans-serif"><span lang="es-ES-u-co-trad">2.&nbsp;</span><span lang="es-ES-u-co-trad">Hacer visible la labor y las aportaciones de las mujeres promoviendo el reconocimiento de su papel en la historia y en la actualidad.</span></span></p>
<p align="left"><span style="font-family: comic sans ms, sans-serif"><span lang="es-ES-u-co-trad">3.&nbsp;</span><span lang="es-ES-u-co-trad">Avanzar&nbsp;</span><span lang="es-ES-u-co-trad">hacia un centro educativo más igualitario a través de la sensibilización de toda la comunidad educativa y provocando así los cambios necesarios.</span></span></p>
<p align="left"><span style="font-family: comic sans ms, sans-serif"><span lang="es-ES-u-co-trad">&nbsp; &nbsp;Estos objetivos generales se alcanzarán a largo plazo a través de la consecución de objetivos más específicos y de la puesta en marcha de</span><span lang="es-ES-u-co-trad">&nbsp;unas actuaciones concretas a nivel de aula y de centro como:</span></span></p>
<p align="left"><em><span style="font-family: comic sans ms, sans-serif">&#8211; La supresión de expresiones de carácter sexista del&nbsp;lenguaje habitual.</span></em></p>
<p align="left"><em><span style="font-family: comic sans ms, sans-serif"><span lang="es-ES-u-co-trad">&#8211;&nbsp;</span><span lang="es-ES-u-co-trad">L</span><span lang="es-ES-u-co-trad">a realización de&nbsp;</span><span lang="es-ES-u-co-trad">actividades cooperativas rutinarias en el aula&nbsp;</span><span lang="es-ES-u-co-trad">siguiendo siempre las recomendaciones&nbsp;</span><span lang="es-ES-u-co-trad">sanitarias&nbsp;</span><span lang="es-ES-u-co-trad">recogidas en las instrucciones.</span></span></em></p>
<p align="left"><em><span style="font-family: comic sans ms, sans-serif">&#8211; La revisión de los ejemplos que utilizamos en el aula.</span></em></p>
<p align="left"><em><span style="font-family: comic sans ms, sans-serif">&#8211; La revisión de los ejemplos utilizados en programaciones, libros de texto y biblioteca de aula.</span></em></p>
<p align="left"><em><span style="font-family: comic sans ms, sans-serif"><span lang="es-ES-u-co-trad">&#8211;&nbsp;</span><span lang="es-ES-u-co-trad">La e</span><span lang="es-ES-u-co-trad">xposición&nbsp;</span><span lang="es-ES-u-co-trad">de fotografía&nbsp;</span><span lang="es-ES-u-co-trad">“Con ojos de Mujer”.</span></span></em></p>
<p align="left"><em><span style="font-family: comic sans ms, sans-serif"><span lang="es-ES-u-co-trad">&#8211;&nbsp;</span><span lang="es-ES-u-co-trad">La inclusión de</span><span lang="es-ES-u-co-trad">&nbsp;los&nbsp;</span><span lang="es-ES-u-co-trad">juegos de mesa (ajedrez, twenga, mikado…)&nbsp;</span><span lang="es-ES-u-co-trad">y</span><span lang="es-ES-u-co-trad">&nbsp;juegos cooperativos (memo mímica, pequeños constructores, el frutal…)&nbsp;</span><span lang="es-ES-u-co-trad">gracias al</span><span lang="es-ES-u-co-trad">&nbsp;presupuesto obtenido del Pacto Contra la Violencia de Género.</span></span></em></p>
<p align="left"><em><span style="font-family: comic sans ms, sans-serif"><span lang="es-ES-u-co-trad">&#8211;&nbsp;</span><span lang="es-ES-u-co-trad">La p</span><span lang="es-ES-u-co-trad">romo</span><span lang="es-ES-u-co-trad">ción</span><span lang="es-ES-u-co-trad">&nbsp;el diálogo como medio para la resolución de conflictos.</span></span></em></p>
<p align="left"><em><span style="font-family: comic sans ms, sans-serif"><span lang="es-ES-u-co-trad">&#8211;&nbsp;</span><span lang="es-ES-u-co-trad">La lectura de cuentos coeducativos seleccionados</span><span lang="es-ES-u-co-trad">&nbsp;del Rincón Violeta de la Biblioteca del centro y&nbsp;</span><span lang="es-ES-u-co-trad">la realización de</span><span lang="es-ES-u-co-trad">&nbsp;actividades de aula con el mismo.</span></span></em></p>
<p align="left"><em><span style="font-family: comic sans ms, sans-serif"><span style="color: #000000"><span lang="es-ES-u-co-trad">&#8211;&nbsp;</span></span><span style="color: #000000"><span lang="es-ES-u-co-trad">La investigación sobre “La mujer en la ciencia” para</span><span lang="es-ES-u-co-trad">&nbsp;</span><span lang="es-ES-u-co-trad">la conmemoración del Día de la Mujer.</span></span></span></em></p>
<p align="left"><em><span style="font-family: comic sans ms, sans-serif"><span style="color: #000000"><span lang="es-ES-u-co-trad">&#8211;&nbsp;</span></span><span style="color: #000000"><span lang="es-ES-u-co-trad">La realización de banderines haciendo referencia a “las mu</span><span lang="es-ES-u-co-trad">je</span><span lang="es-ES-u-co-trad">res de nuestra vida”.</span></span></span></em></p>
<p align="left">&nbsp;</p>

<p>&nbsp; Uno de los principios que debe guiar toda actividad educativa es la efectiva igualdad de derechos y el rechazo a todo tipo de discriminación, para ello es conveniente desarrollar estrategias educativas que puedan&#46;&#46;&#46;</p>
