{"id":2533,"date":"2021-03-18T08:27:47","date_gmt":"2021-03-18T08:27:47","guid":{"rendered":"https:\/\/blogsaverroes.juntadeandalucia.es\/ceipdiegovelazquez\/?page_id=2533"},"modified":"2024-03-13T11:57:34","modified_gmt":"2024-03-13T11:57:34","slug":"comedor","status":"publish","type":"page","link":"https:\/\/blogsaverroes.juntadeandalucia.es\/ceipdiegovelazquez\/comedor\/","title":{"rendered":"Comedor"},"content":{"rendered":"<div id=\"contenidoSinImagen\">\n<p><a href=\"https:\/\/blogsaverroes.juntadeandalucia.es\/ceipdiegovelazquez\/files\/2021\/03\/DSC_0007-scaled.jpg\"><img loading=\"lazy\" decoding=\"async\" class=\"alignleft wp-image-2545\" src=\"https:\/\/blogsaverroes.juntadeandalucia.es\/ceipdiegovelazquez\/files\/2021\/03\/DSC_0007-300x169.jpg\" alt=\"\" width=\"387\" height=\"218\" srcset=\"https:\/\/blogsaverroes.juntadeandalucia.es\/ceipdiegovelazquez\/files\/2021\/03\/DSC_0007-300x169.jpg 300w, https:\/\/blogsaverroes.juntadeandalucia.es\/ceipdiegovelazquez\/files\/2021\/03\/DSC_0007-1024x576.jpg 1024w, https:\/\/blogsaverroes.juntadeandalucia.es\/ceipdiegovelazquez\/files\/2021\/03\/DSC_0007-768x432.jpg 768w, https:\/\/blogsaverroes.juntadeandalucia.es\/ceipdiegovelazquez\/files\/2021\/03\/DSC_0007-1536x864.jpg 1536w, https:\/\/blogsaverroes.juntadeandalucia.es\/ceipdiegovelazquez\/files\/2021\/03\/DSC_0007-2048x1152.jpg 2048w, https:\/\/blogsaverroes.juntadeandalucia.es\/ceipdiegovelazquez\/files\/2021\/03\/DSC_0007-scaled.jpg 1600w\" sizes=\"(max-width: 387px) 100vw, 387px\" \/><\/a> <a href=\"https:\/\/blogsaverroes.juntadeandalucia.es\/ceipdiegovelazquez\/files\/2021\/03\/DSC_0009-scaled.jpg\"><img loading=\"lazy\" decoding=\"async\" class=\"alignleft wp-image-2547\" src=\"https:\/\/blogsaverroes.juntadeandalucia.es\/ceipdiegovelazquez\/files\/2021\/03\/DSC_0009-300x169.jpg\" alt=\"\" width=\"385\" height=\"217\" srcset=\"https:\/\/blogsaverroes.juntadeandalucia.es\/ceipdiegovelazquez\/files\/2021\/03\/DSC_0009-300x169.jpg 300w, https:\/\/blogsaverroes.juntadeandalucia.es\/ceipdiegovelazquez\/files\/2021\/03\/DSC_0009-1024x576.jpg 1024w, https:\/\/blogsaverroes.juntadeandalucia.es\/ceipdiegovelazquez\/files\/2021\/03\/DSC_0009-768x432.jpg 768w, https:\/\/blogsaverroes.juntadeandalucia.es\/ceipdiegovelazquez\/files\/2021\/03\/DSC_0009-1536x864.jpg 1536w, https:\/\/blogsaverroes.juntadeandalucia.es\/ceipdiegovelazquez\/files\/2021\/03\/DSC_0009-2048x1152.jpg 2048w, https:\/\/blogsaverroes.juntadeandalucia.es\/ceipdiegovelazquez\/files\/2021\/03\/DSC_0009-scaled.jpg 1600w\" sizes=\"(max-width: 385px) 100vw, 385px\" \/><\/a><\/p>\n<p>&nbsp;<\/p>\n<p>&nbsp;<\/p>\n<p>&nbsp;<\/p>\n<p>&nbsp;<\/p>\n<\/div>\n<p>&nbsp;<\/p>\n<p>&nbsp;<\/p>\n<p>&nbsp; &nbsp;Nuestro comedor Escolar es un servicio complementario que resulta de gran utilidad a padres y madres para ayudarles a conciliar la vida laboral y familiar. Tienen una duraci\u00f3n de hasta dos horas desde que acaba la jornada escolar de la ma\u00f1ana (de 14.00 a 16.00 horas).<\/p>\n<div id=\"contenidoSinImagen\">\n<p>Los comedores son adem\u00e1s una pieza importante en todas las medidas dirigidas a mejorar los h\u00e1bitos alimenticios de los ni\u00f1os y ni\u00f1as y prevenir problemas de salud.<\/p>\n<p>Nuestro Comedor escolar promueve una alimentaci\u00f3n saludable cuyo men\u00fa est\u00e1 supervisado y aprobado por el Plan de Evaluaci\u00f3n de la Oferta Alimentaria en Centros Escolares de Andaluc\u00eda&nbsp; &nbsp; &nbsp; &nbsp; &nbsp;(EVACOLE) y que, entre otros aspectos, se caracteriza por:<\/p>\n<\/div>\n<div id=\"contenido\">\n<ul>\n<li>Una mayor proporci\u00f3n de verdura en los men\u00fas.<\/li>\n<li>Fruta fresca como postre al menos cuatro d\u00edas a la semana.<\/li>\n<li>Uso de aceite de oliva virgen extra.<\/li>\n<li>M\u00e1s pescado que carne, que debe ser magra.<\/li>\n<li>Prohibici\u00f3n de los alimentos precocinados y limitaci\u00f3n de los fritos.<\/li>\n<li>Apuesta por la dieta mediterr\u00e1nea y los productos frescos de la zona.<\/li>\n<\/ul>\n<p>&nbsp; &nbsp; &nbsp;Men\u00fa invierno:<\/p>\n<p><a href=\"https:\/\/drive.google.com\/file\/d\/1SDAZuVScSNcIU3Gh3Ghpw5-umnZiTUIB\/view?usp=sharing\">https:\/\/drive.google.com\/file\/d\/1SDAZuVScSNcIU3Gh3Ghpw5-umnZiTUIB\/view?usp=sharing<\/a><\/p>\n<p>Men\u00fa verano:<\/p>\n<p><a href=\"https:\/\/drive.google.com\/file\/d\/1VS9_uopnmqiBPN-E2DDEexFHTZtmLnNp\/view?usp=sharing\">https:\/\/drive.google.com\/file\/d\/1VS9_uopnmqiBPN-E2DDEexFHTZtmLnNp\/view?usp=sharing<\/a><\/p>\n<p>&nbsp;<\/p>\n<p>&nbsp;<\/p>\n<\/div>\n","protected":false},"excerpt":{"rendered":"<p>&nbsp; &nbsp; &nbsp; &nbsp; &nbsp; &nbsp; &nbsp; &nbsp;Nuestro comedor Escolar es un servicio complementario que resulta de gran utilidad a padres y madres para ayudarles a conciliar la vida laboral y familiar. Tienen una&#46;&#46;&#46;<\/p>\n","protected":false},"author":3537,"featured_media":0,"parent":0,"menu_order":0,"comment_status":"closed","ping_status":"closed","template":"","meta":{"ngg_post_thumbnail":0,"footnotes":"","_mc_calendar":[]},"aioseo_notices":[],"_links":{"self":[{"href":"https:\/\/blogsaverroes.juntadeandalucia.es\/ceipdiegovelazquez\/wp-json\/wp\/v2\/pages\/2533"}],"collection":[{"href":"https:\/\/blogsaverroes.juntadeandalucia.es\/ceipdiegovelazquez\/wp-json\/wp\/v2\/pages"}],"about":[{"href":"https:\/\/blogsaverroes.juntadeandalucia.es\/ceipdiegovelazquez\/wp-json\/wp\/v2\/types\/page"}],"author":[{"embeddable":true,"href":"https:\/\/blogsaverroes.juntadeandalucia.es\/ceipdiegovelazquez\/wp-json\/wp\/v2\/users\/3537"}],"replies":[{"embeddable":true,"href":"https:\/\/blogsaverroes.juntadeandalucia.es\/ceipdiegovelazquez\/wp-json\/wp\/v2\/comments?post=2533"}],"version-history":[{"count":6,"href":"https:\/\/blogsaverroes.juntadeandalucia.es\/ceipdiegovelazquez\/wp-json\/wp\/v2\/pages\/2533\/revisions"}],"predecessor-version":[{"id":3002,"href":"https:\/\/blogsaverroes.juntadeandalucia.es\/ceipdiegovelazquez\/wp-json\/wp\/v2\/pages\/2533\/revisions\/3002"}],"wp:attachment":[{"href":"https:\/\/blogsaverroes.juntadeandalucia.es\/ceipdiegovelazquez\/wp-json\/wp\/v2\/media?parent=2533"}],"curies":[{"name":"wp","href":"https:\/\/api.w.org\/{rel}","templated":true}]}}

<div id="contenidoSinImagen">
<p><a href="https://blogsaverroes.juntadeandalucia.es/ceipdiegovelazquez/files/2021/03/DSC_0007-scaled.jpg"><img loading="lazy" decoding="async" class="alignleft wp-image-2545" src="https://blogsaverroes.juntadeandalucia.es/ceipdiegovelazquez/files/2021/03/DSC_0007-300x169.jpg" alt="" width="387" height="218" srcset="https://blogsaverroes.juntadeandalucia.es/ceipdiegovelazquez/files/2021/03/DSC_0007-300x169.jpg 300w, https://blogsaverroes.juntadeandalucia.es/ceipdiegovelazquez/files/2021/03/DSC_0007-1024x576.jpg 1024w, https://blogsaverroes.juntadeandalucia.es/ceipdiegovelazquez/files/2021/03/DSC_0007-768x432.jpg 768w, https://blogsaverroes.juntadeandalucia.es/ceipdiegovelazquez/files/2021/03/DSC_0007-1536x864.jpg 1536w, https://blogsaverroes.juntadeandalucia.es/ceipdiegovelazquez/files/2021/03/DSC_0007-2048x1152.jpg 2048w, https://blogsaverroes.juntadeandalucia.es/ceipdiegovelazquez/files/2021/03/DSC_0007-scaled.jpg 1600w" sizes="(max-width: 387px) 100vw, 387px" /></a> <a href="https://blogsaverroes.juntadeandalucia.es/ceipdiegovelazquez/files/2021/03/DSC_0009-scaled.jpg"><img loading="lazy" decoding="async" class="alignleft wp-image-2547" src="https://blogsaverroes.juntadeandalucia.es/ceipdiegovelazquez/files/2021/03/DSC_0009-300x169.jpg" alt="" width="385" height="217" srcset="https://blogsaverroes.juntadeandalucia.es/ceipdiegovelazquez/files/2021/03/DSC_0009-300x169.jpg 300w, https://blogsaverroes.juntadeandalucia.es/ceipdiegovelazquez/files/2021/03/DSC_0009-1024x576.jpg 1024w, https://blogsaverroes.juntadeandalucia.es/ceipdiegovelazquez/files/2021/03/DSC_0009-768x432.jpg 768w, https://blogsaverroes.juntadeandalucia.es/ceipdiegovelazquez/files/2021/03/DSC_0009-1536x864.jpg 1536w, https://blogsaverroes.juntadeandalucia.es/ceipdiegovelazquez/files/2021/03/DSC_0009-2048x1152.jpg 2048w, https://blogsaverroes.juntadeandalucia.es/ceipdiegovelazquez/files/2021/03/DSC_0009-scaled.jpg 1600w" sizes="(max-width: 385px) 100vw, 385px" /></a></p>
<p>&nbsp;</p>
<p>&nbsp;</p>
<p>&nbsp;</p>
<p>&nbsp;</p>
</div>
<p>&nbsp;</p>
<p>&nbsp;</p>
<p>&nbsp; &nbsp;Nuestro comedor Escolar es un servicio complementario que resulta de gran utilidad a padres y madres para ayudarles a conciliar la vida laboral y familiar. Tienen una duración de hasta dos horas desde que acaba la jornada escolar de la mañana (de 14.00 a 16.00 horas).</p>
<div id="contenidoSinImagen">
<p>Los comedores son además una pieza importante en todas las medidas dirigidas a mejorar los hábitos alimenticios de los niños y niñas y prevenir problemas de salud.</p>
<p>Nuestro Comedor escolar promueve una alimentación saludable cuyo menú está supervisado y aprobado por el Plan de Evaluación de la Oferta Alimentaria en Centros Escolares de Andalucía&nbsp; &nbsp; &nbsp; &nbsp; &nbsp;(EVACOLE) y que, entre otros aspectos, se caracteriza por:</p>
</div>
<div id="contenido">
<ul>
<li>Una mayor proporción de verdura en los menús.</li>
<li>Fruta fresca como postre al menos cuatro días a la semana.</li>
<li>Uso de aceite de oliva virgen extra.</li>
<li>Más pescado que carne, que debe ser magra.</li>
<li>Prohibición de los alimentos precocinados y limitación de los fritos.</li>
<li>Apuesta por la dieta mediterránea y los productos frescos de la zona.</li>
</ul>
<p>&nbsp; &nbsp; &nbsp;Menú invierno:</p>
<p><a href="https://drive.google.com/file/d/1SDAZuVScSNcIU3Gh3Ghpw5-umnZiTUIB/view?usp=sharing">https://drive.google.com/file/d/1SDAZuVScSNcIU3Gh3Ghpw5-umnZiTUIB/view?usp=sharing</a></p>
<p>Menú verano:</p>
<p><a href="https://drive.google.com/file/d/1VS9_uopnmqiBPN-E2DDEexFHTZtmLnNp/view?usp=sharing">https://drive.google.com/file/d/1VS9_uopnmqiBPN-E2DDEexFHTZtmLnNp/view?usp=sharing</a></p>
<p>&nbsp;</p>
<p>&nbsp;</p>
</div>
