{"id":42,"date":"2015-03-13T08:40:47","date_gmt":"2015-03-13T08:40:47","guid":{"rendered":"http:\/\/blogsaverroes.juntadeandalucia.es\/pre\/ceip\/?page_id=42"},"modified":"2021-10-28T09:28:33","modified_gmt":"2021-10-28T09:28:33","slug":"equipo-directivo","status":"publish","type":"page","link":"https:\/\/blogsaverroes.juntadeandalucia.es\/ceipdivinapastora\/equipo-directivo\/","title":{"rendered":"Equipo Docente"},"content":{"rendered":"<p><span style=\"color: #0000ff\"><strong>Equipo directivo:<\/strong><\/span><\/p>\n<p><strong>Direcci\u00f3n: Isabel Vasco Zamora<\/strong><\/p>\n<p><strong>Jefatura de estudios: Ana Aguilera Fierro<\/strong><\/p>\n<p><strong>Secretar\u00eda: Alejandro Oliva C\u00e1diz<\/strong><\/p>\n<p><span style=\"color: #0000ff\"><strong>Infantil:<\/strong><\/span><\/p>\n<p><strong>Manoli Garc\u00eda Franco 3 a\u00f1os<\/strong><\/p>\n<p><strong>Mar\u00eda Isabel Laguna L\u00f3pez 4 a\u00f1os<\/strong><\/p>\n<p><strong>Ana M\u00e9ndez Comiche<\/strong><\/p>\n<p><span style=\"color: #0000ff\"><strong>Primaria:<\/strong><\/span><\/p>\n<p><strong>1\u00ba Sara Carvia Baro<\/strong><\/p>\n<p><strong>2\u00ba Mercedes Medina Mu\u00f1oz<\/strong><\/p>\n<p><strong>3\u00ba Francisco Gonz\u00e1lez Sarrias<\/strong><\/p>\n<p><strong>4\u00ba Jos\u00e9 Luis Delgado Moyano<\/strong><\/p>\n<p><strong>5\u00ba Raquel Dom\u00ednguez Fern\u00e1ndez <em>(ingl\u00e9s)<\/em>&nbsp;<\/strong><\/p>\n<p><strong>6\u00ba Sergio Garc\u00eda Jim\u00e9nez<\/strong><\/p>\n<p><span style=\"color: #0000ff\"><strong>Secundar\u00eda<\/strong><\/span><\/p>\n<p><strong>1\u00ba Mar\u00eda Palacio Sarri\u00f3n <em>(Franc\u00e9s)<\/em><\/strong><\/p>\n<p><strong>2\u00ba Ana Oca\u00f1a Jim\u00e9nez <em>(Matem\u00e1ticas)<\/em>&nbsp;<\/strong><\/p>\n<p><span style=\"color: #0000ff\"><strong>Especialistas:<\/strong><\/span><\/p>\n<p><b>Isabel Vasco Zamora <\/b><em><b>(Geograf\u00eda e Historia)<\/b><\/em><\/p>\n<p><b>Ana Aguilera Fierro <\/b><em><b>(Pedagog\u00eda Terap\u00e9utica)<\/b><\/em><\/p>\n<p><strong>Cristina Navarro Romero <em>(Ingl\u00e9s)<\/em><\/strong><\/p>\n<p><strong>Jos\u00e9 Andr\u00e9s Delgado Portillo (Refuerzo Educativo)<\/strong><\/p>\n<p><strong>Aida Clara Jaime Garc\u00eda <em>(M\u00fasica)<\/em><\/strong><\/p>\n<p><strong>Alejandro Oliva C\u00e1diz <em>(Educaci\u00f3n F\u00edsica)<\/em><\/strong><\/p>\n<p><strong>Francisco Cuevas Morillas <em>(Religi\u00f3n)<\/em><\/strong><\/p>\n<p><strong>Rebeca Guerrero Molina<em> (Religi\u00f3n)<\/em><\/strong><\/p>\n<p>&nbsp;<\/p>\n","protected":false},"excerpt":{"rendered":"<p>Equipo directivo: Direcci\u00f3n: Isabel Vasco Zamora Jefatura de estudios: Ana Aguilera Fierro Secretar\u00eda: Alejandro Oliva C\u00e1diz Infantil: Manoli Garc\u00eda Franco 3 a\u00f1os Mar\u00eda Isabel Laguna L\u00f3pez 4 a\u00f1os Ana M\u00e9ndez Comiche Primaria: 1\u00ba Sara&#46;&#46;&#46;<\/p>\n","protected":false},"author":1,"featured_media":0,"parent":0,"menu_order":0,"comment_status":"open","ping_status":"open","template":"page-templates\/child-menu.php","meta":{"ngg_post_thumbnail":0,"footnotes":"","_mc_calendar":[]},"aioseo_notices":[],"_links":{"self":[{"href":"https:\/\/blogsaverroes.juntadeandalucia.es\/ceipdivinapastora\/wp-json\/wp\/v2\/pages\/42"}],"collection":[{"href":"https:\/\/blogsaverroes.juntadeandalucia.es\/ceipdivinapastora\/wp-json\/wp\/v2\/pages"}],"about":[{"href":"https:\/\/blogsaverroes.juntadeandalucia.es\/ceipdivinapastora\/wp-json\/wp\/v2\/types\/page"}],"author":[{"embeddable":true,"href":"https:\/\/blogsaverroes.juntadeandalucia.es\/ceipdivinapastora\/wp-json\/wp\/v2\/users\/1"}],"replies":[{"embeddable":true,"href":"https:\/\/blogsaverroes.juntadeandalucia.es\/ceipdivinapastora\/wp-json\/wp\/v2\/comments?post=42"}],"version-history":[{"count":9,"href":"https:\/\/blogsaverroes.juntadeandalucia.es\/ceipdivinapastora\/wp-json\/wp\/v2\/pages\/42\/revisions"}],"predecessor-version":[{"id":2365,"href":"https:\/\/blogsaverroes.juntadeandalucia.es\/ceipdivinapastora\/wp-json\/wp\/v2\/pages\/42\/revisions\/2365"}],"wp:attachment":[{"href":"https:\/\/blogsaverroes.juntadeandalucia.es\/ceipdivinapastora\/wp-json\/wp\/v2\/media?parent=42"}],"curies":[{"name":"wp","href":"https:\/\/api.w.org\/{rel}","templated":true}]}}

<p><span style="color: #0000ff"><strong>Equipo directivo:</strong></span></p>
<p><strong>Dirección: Isabel Vasco Zamora</strong></p>
<p><strong>Jefatura de estudios: Ana Aguilera Fierro</strong></p>
<p><strong>Secretaría: Alejandro Oliva Cádiz</strong></p>
<p><span style="color: #0000ff"><strong>Infantil:</strong></span></p>
<p><strong>Manoli García Franco 3 años</strong></p>
<p><strong>María Isabel Laguna López 4 años</strong></p>
<p><strong>Ana Méndez Comiche</strong></p>
<p><span style="color: #0000ff"><strong>Primaria:</strong></span></p>
<p><strong>1º Sara Carvia Baro</strong></p>
<p><strong>2º Mercedes Medina Muñoz</strong></p>
<p><strong>3º Francisco González Sarrias</strong></p>
<p><strong>4º José Luis Delgado Moyano</strong></p>
<p><strong>5º Raquel Domínguez Fernández <em>(inglés)</em>&nbsp;</strong></p>
<p><strong>6º Sergio García Jiménez</strong></p>
<p><span style="color: #0000ff"><strong>Secundaría</strong></span></p>
<p><strong>1º María Palacio Sarrión <em>(Francés)</em></strong></p>
<p><strong>2º Ana Ocaña Jiménez <em>(Matemáticas)</em>&nbsp;</strong></p>
<p><span style="color: #0000ff"><strong>Especialistas:</strong></span></p>
<p><b>Isabel Vasco Zamora </b><em><b>(Geografía e Historia)</b></em></p>
<p><b>Ana Aguilera Fierro </b><em><b>(Pedagogía Terapéutica)</b></em></p>
<p><strong>Cristina Navarro Romero <em>(Inglés)</em></strong></p>
<p><strong>José Andrés Delgado Portillo (Refuerzo Educativo)</strong></p>
<p><strong>Aida Clara Jaime García <em>(Música)</em></strong></p>
<p><strong>Alejandro Oliva Cádiz <em>(Educación Física)</em></strong></p>
<p><strong>Francisco Cuevas Morillas <em>(Religión)</em></strong></p>
<p><strong>Rebeca Guerrero Molina<em> (Religión)</em></strong></p>
<p>&nbsp;</p>

<p>Equipo directivo: Dirección: Isabel Vasco Zamora Jefatura de estudios: Ana Aguilera Fierro Secretaría: Alejandro Oliva Cádiz Infantil: Manoli García Franco 3 años María Isabel Laguna López 4 años Ana Méndez Comiche Primaria: 1º Sara&#46;&#46;&#46;</p>
