{"id":8518,"date":"2025-10-05T19:18:42","date_gmt":"2025-10-05T19:18:42","guid":{"rendered":"https:\/\/blogsaverroes.juntadeandalucia.es\/ceipdocedeoctubre\/?page_id=8518"},"modified":"2025-10-05T19:18:42","modified_gmt":"2025-10-05T19:18:42","slug":"sda-2023-2024","status":"publish","type":"page","link":"https:\/\/blogsaverroes.juntadeandalucia.es\/ceipdocedeoctubre\/sda-2023-2024\/","title":{"rendered":"SdA 2023\/2024"},"content":{"rendered":"<p style=\"text-align: center\">&nbsp;<\/p>\n<table style=\"border-collapse: collapse;width: 100%\">\n<tbody>\n<tr>\n<td style=\"width: 11.8084%\"><a href=\"https:\/\/photos.google.com\/share\/AF1QipPhcRgdtsq05krs0NdEeTN5d_QG0pWuufKlxNTkNNzgYIYcG0jCSoGcpJqhXBQFqQ?key=Qnp0UnRscklGODg3OEtDR20zT3lYa3dOUmpNWUV3\"><img loading=\"lazy\" decoding=\"async\" class=\"aligncenter size-full wp-image-8503\" src=\"https:\/\/blogsaverroes.juntadeandalucia.es\/ceipdocedeoctubre\/files\/2025\/10\/IMG-20240423-WA0071.jpg\" alt=\"\" width=\"1530\" height=\"2040\" srcset=\"https:\/\/blogsaverroes.juntadeandalucia.es\/ceipdocedeoctubre\/files\/2025\/10\/IMG-20240423-WA0071.jpg 1530w, https:\/\/blogsaverroes.juntadeandalucia.es\/ceipdocedeoctubre\/files\/2025\/10\/IMG-20240423-WA0071-225x300.jpg 225w, https:\/\/blogsaverroes.juntadeandalucia.es\/ceipdocedeoctubre\/files\/2025\/10\/IMG-20240423-WA0071-768x1024.jpg 768w, https:\/\/blogsaverroes.juntadeandalucia.es\/ceipdocedeoctubre\/files\/2025\/10\/IMG-20240423-WA0071-1152x1536.jpg 1152w\" sizes=\"(max-width: 1530px) 100vw, 1530px\" \/><\/a><\/td>\n<td style=\"width: 88.1916%\"><span style=\"color: #ff6600\">Educaci\u00f3n Infantil y Aula de Autismo<\/span><\/p>\n<p><a href=\"https:\/\/drive.google.com\/file\/d\/1c1_FgTBTwQcHSzHc-2ggbdHIh3iyDojR\/view?usp=sharing\">&#8220;Un Cole de cuentos&#8221;<\/a><\/td>\n<\/tr>\n<tr>\n<td style=\"width: 11.8084%\"><a href=\"https:\/\/photos.google.com\/share\/AF1QipMSE-Hy6okc6mEH_ECafNmFCO_bTJp8zwzHrlPrTA5UxhQndBR3pTUuCjClRfFK6w?key=UXJFbk1MXzZGWXVkUWlXTjRUMHplM01UdEdSUDdB\"><img loading=\"lazy\" decoding=\"async\" class=\"aligncenter size-full wp-image-8509\" src=\"https:\/\/blogsaverroes.juntadeandalucia.es\/ceipdocedeoctubre\/files\/2025\/10\/Huelva.jpg\" alt=\"\" width=\"1170\" height=\"878\" srcset=\"https:\/\/blogsaverroes.juntadeandalucia.es\/ceipdocedeoctubre\/files\/2025\/10\/Huelva.jpg 1170w, https:\/\/blogsaverroes.juntadeandalucia.es\/ceipdocedeoctubre\/files\/2025\/10\/Huelva-300x225.jpg 300w, https:\/\/blogsaverroes.juntadeandalucia.es\/ceipdocedeoctubre\/files\/2025\/10\/Huelva-1024x768.jpg 1024w, https:\/\/blogsaverroes.juntadeandalucia.es\/ceipdocedeoctubre\/files\/2025\/10\/Huelva-768x576.jpg 768w\" sizes=\"(max-width: 1170px) 100vw, 1170px\" \/><\/a><\/td>\n<td style=\"width: 88.1916%\">&nbsp;<span style=\"color: #339966\">Primer Ciclo Educaci\u00f3n Primaria: 1\u00ba y 2\u00ba Primaria<\/span><\/p>\n<p><a href=\"https:\/\/drive.google.com\/file\/d\/1pZMMaETm3uoJU2HnxXg8kaMmOJrCTogq\/view?usp=sharing\">&#8220;Andaluc\u00eda y sus provincias: Huelva y C\u00f3rdoba&#8221;<\/a><\/td>\n<\/tr>\n<tr>\n<td style=\"width: 11.8084%\"><a href=\"https:\/\/photos.google.com\/share\/AF1QipMSE-Hy6okc6mEH_ECafNmFCO_bTJp8zwzHrlPrTA5UxhQndBR3pTUuCjClRfFK6w?key=UXJFbk1MXzZGWXVkUWlXTjRUMHplM01UdEdSUDdB\"><img loading=\"lazy\" decoding=\"async\" class=\"aligncenter size-full wp-image-8512\" src=\"https:\/\/blogsaverroes.juntadeandalucia.es\/ceipdocedeoctubre\/files\/2025\/10\/Jaen.jpg\" alt=\"\" width=\"1170\" height=\"878\" srcset=\"https:\/\/blogsaverroes.juntadeandalucia.es\/ceipdocedeoctubre\/files\/2025\/10\/Jaen.jpg 1170w, https:\/\/blogsaverroes.juntadeandalucia.es\/ceipdocedeoctubre\/files\/2025\/10\/Jaen-300x225.jpg 300w, https:\/\/blogsaverroes.juntadeandalucia.es\/ceipdocedeoctubre\/files\/2025\/10\/Jaen-1024x768.jpg 1024w, https:\/\/blogsaverroes.juntadeandalucia.es\/ceipdocedeoctubre\/files\/2025\/10\/Jaen-768x576.jpg 768w\" sizes=\"(max-width: 1170px) 100vw, 1170px\" \/><\/a><\/td>\n<td style=\"width: 88.1916%\"><span style=\"color: #ff00ff\">Segundo Ciclo Educaci\u00f3n Primaria: 3\u00ba y 4\u00ba Primaria<\/span><\/p>\n<p><a href=\"https:\/\/drive.google.com\/file\/d\/1-u6EOz9-pqrp6tSKVUVAnLbMy4IaPpxb\/view?usp=sharing\">&#8220;Andaluc\u00eda y sus provincias: M\u00e1laga, C\u00e1diz y Granada&#8221;<\/a><\/td>\n<\/tr>\n<tr>\n<td style=\"width: 11.8084%\"><a href=\"https:\/\/photos.google.com\/share\/AF1QipMSE-Hy6okc6mEH_ECafNmFCO_bTJp8zwzHrlPrTA5UxhQndBR3pTUuCjClRfFK6w?key=UXJFbk1MXzZGWXVkUWlXTjRUMHplM01UdEdSUDdB\"><img loading=\"lazy\" decoding=\"async\" class=\"aligncenter size-full wp-image-8513\" src=\"https:\/\/blogsaverroes.juntadeandalucia.es\/ceipdocedeoctubre\/files\/2025\/10\/Cadiz.jpg\" alt=\"\" width=\"659\" height=\"878\" srcset=\"https:\/\/blogsaverroes.juntadeandalucia.es\/ceipdocedeoctubre\/files\/2025\/10\/Cadiz.jpg 659w, https:\/\/blogsaverroes.juntadeandalucia.es\/ceipdocedeoctubre\/files\/2025\/10\/Cadiz-225x300.jpg 225w\" sizes=\"(max-width: 659px) 100vw, 659px\" \/><\/a><\/td>\n<td style=\"width: 88.1916%\"><span style=\"color: #339966\">Tercer Ciclo Educaci\u00f3n Primaria: 5\u00ba y 6\u00ba Primaria<\/span><\/p>\n<p><a href=\"https:\/\/drive.google.com\/file\/d\/1EncJnGnk2Efh7IhbqEaX544Sed1Cv56c\/view?usp=sharing\">&#8220;Andaluc\u00eda y sus provincias: Almer\u00eda, Ja\u00e9n y Sevilla&#8221;<\/a><\/td>\n<\/tr>\n<\/tbody>\n<\/table>\n","protected":false},"excerpt":{"rendered":"<p>&nbsp; Educaci\u00f3n Infantil y Aula de Autismo &#8220;Un Cole de cuentos&#8221; &nbsp;Primer Ciclo Educaci\u00f3n Primaria: 1\u00ba y 2\u00ba Primaria &#8220;Andaluc\u00eda&#46;&#46;&#46;<\/p>\n","protected":false},"author":4236,"featured_media":0,"parent":0,"menu_order":0,"comment_status":"closed","ping_status":"closed","template":"","meta":{"ngg_post_thumbnail":0,"footnotes":"","_mc_calendar":[]},"aioseo_notices":[],"_links":{"self":[{"href":"https:\/\/blogsaverroes.juntadeandalucia.es\/ceipdocedeoctubre\/wp-json\/wp\/v2\/pages\/8518"}],"collection":[{"href":"https:\/\/blogsaverroes.juntadeandalucia.es\/ceipdocedeoctubre\/wp-json\/wp\/v2\/pages"}],"about":[{"href":"https:\/\/blogsaverroes.juntadeandalucia.es\/ceipdocedeoctubre\/wp-json\/wp\/v2\/types\/page"}],"author":[{"embeddable":true,"href":"https:\/\/blogsaverroes.juntadeandalucia.es\/ceipdocedeoctubre\/wp-json\/wp\/v2\/users\/4236"}],"replies":[{"embeddable":true,"href":"https:\/\/blogsaverroes.juntadeandalucia.es\/ceipdocedeoctubre\/wp-json\/wp\/v2\/comments?post=8518"}],"version-history":[{"count":3,"href":"https:\/\/blogsaverroes.juntadeandalucia.es\/ceipdocedeoctubre\/wp-json\/wp\/v2\/pages\/8518\/revisions"}],"predecessor-version":[{"id":8521,"href":"https:\/\/blogsaverroes.juntadeandalucia.es\/ceipdocedeoctubre\/wp-json\/wp\/v2\/pages\/8518\/revisions\/8521"}],"wp:attachment":[{"href":"https:\/\/blogsaverroes.juntadeandalucia.es\/ceipdocedeoctubre\/wp-json\/wp\/v2\/media?parent=8518"}],"curies":[{"name":"wp","href":"https:\/\/api.w.org\/{rel}","templated":true}]}}

<p style="text-align: center">&nbsp;</p>
<table style="border-collapse: collapse;width: 100%">
<tbody>
<tr>
<td style="width: 11.8084%"><a href="https://photos.google.com/share/AF1QipPhcRgdtsq05krs0NdEeTN5d_QG0pWuufKlxNTkNNzgYIYcG0jCSoGcpJqhXBQFqQ?key=Qnp0UnRscklGODg3OEtDR20zT3lYa3dOUmpNWUV3"><img loading="lazy" decoding="async" class="aligncenter size-full wp-image-8503" src="https://blogsaverroes.juntadeandalucia.es/ceipdocedeoctubre/files/2025/10/IMG-20240423-WA0071.jpg" alt="" width="1530" height="2040" srcset="https://blogsaverroes.juntadeandalucia.es/ceipdocedeoctubre/files/2025/10/IMG-20240423-WA0071.jpg 1530w, https://blogsaverroes.juntadeandalucia.es/ceipdocedeoctubre/files/2025/10/IMG-20240423-WA0071-225x300.jpg 225w, https://blogsaverroes.juntadeandalucia.es/ceipdocedeoctubre/files/2025/10/IMG-20240423-WA0071-768x1024.jpg 768w, https://blogsaverroes.juntadeandalucia.es/ceipdocedeoctubre/files/2025/10/IMG-20240423-WA0071-1152x1536.jpg 1152w" sizes="(max-width: 1530px) 100vw, 1530px" /></a></td>
<td style="width: 88.1916%"><span style="color: #ff6600">Educación Infantil y Aula de Autismo</span></p>
<p><a href="https://drive.google.com/file/d/1c1_FgTBTwQcHSzHc-2ggbdHIh3iyDojR/view?usp=sharing">&#8220;Un Cole de cuentos&#8221;</a></td>
</tr>
<tr>
<td style="width: 11.8084%"><a href="https://photos.google.com/share/AF1QipMSE-Hy6okc6mEH_ECafNmFCO_bTJp8zwzHrlPrTA5UxhQndBR3pTUuCjClRfFK6w?key=UXJFbk1MXzZGWXVkUWlXTjRUMHplM01UdEdSUDdB"><img loading="lazy" decoding="async" class="aligncenter size-full wp-image-8509" src="https://blogsaverroes.juntadeandalucia.es/ceipdocedeoctubre/files/2025/10/Huelva.jpg" alt="" width="1170" height="878" srcset="https://blogsaverroes.juntadeandalucia.es/ceipdocedeoctubre/files/2025/10/Huelva.jpg 1170w, https://blogsaverroes.juntadeandalucia.es/ceipdocedeoctubre/files/2025/10/Huelva-300x225.jpg 300w, https://blogsaverroes.juntadeandalucia.es/ceipdocedeoctubre/files/2025/10/Huelva-1024x768.jpg 1024w, https://blogsaverroes.juntadeandalucia.es/ceipdocedeoctubre/files/2025/10/Huelva-768x576.jpg 768w" sizes="(max-width: 1170px) 100vw, 1170px" /></a></td>
<td style="width: 88.1916%">&nbsp;<span style="color: #339966">Primer Ciclo Educación Primaria: 1º y 2º Primaria</span></p>
<p><a href="https://drive.google.com/file/d/1pZMMaETm3uoJU2HnxXg8kaMmOJrCTogq/view?usp=sharing">&#8220;Andalucía y sus provincias: Huelva y Córdoba&#8221;</a></td>
</tr>
<tr>
<td style="width: 11.8084%"><a href="https://photos.google.com/share/AF1QipMSE-Hy6okc6mEH_ECafNmFCO_bTJp8zwzHrlPrTA5UxhQndBR3pTUuCjClRfFK6w?key=UXJFbk1MXzZGWXVkUWlXTjRUMHplM01UdEdSUDdB"><img loading="lazy" decoding="async" class="aligncenter size-full wp-image-8512" src="https://blogsaverroes.juntadeandalucia.es/ceipdocedeoctubre/files/2025/10/Jaen.jpg" alt="" width="1170" height="878" srcset="https://blogsaverroes.juntadeandalucia.es/ceipdocedeoctubre/files/2025/10/Jaen.jpg 1170w, https://blogsaverroes.juntadeandalucia.es/ceipdocedeoctubre/files/2025/10/Jaen-300x225.jpg 300w, https://blogsaverroes.juntadeandalucia.es/ceipdocedeoctubre/files/2025/10/Jaen-1024x768.jpg 1024w, https://blogsaverroes.juntadeandalucia.es/ceipdocedeoctubre/files/2025/10/Jaen-768x576.jpg 768w" sizes="(max-width: 1170px) 100vw, 1170px" /></a></td>
<td style="width: 88.1916%"><span style="color: #ff00ff">Segundo Ciclo Educación Primaria: 3º y 4º Primaria</span></p>
<p><a href="https://drive.google.com/file/d/1-u6EOz9-pqrp6tSKVUVAnLbMy4IaPpxb/view?usp=sharing">&#8220;Andalucía y sus provincias: Málaga, Cádiz y Granada&#8221;</a></td>
</tr>
<tr>
<td style="width: 11.8084%"><a href="https://photos.google.com/share/AF1QipMSE-Hy6okc6mEH_ECafNmFCO_bTJp8zwzHrlPrTA5UxhQndBR3pTUuCjClRfFK6w?key=UXJFbk1MXzZGWXVkUWlXTjRUMHplM01UdEdSUDdB"><img loading="lazy" decoding="async" class="aligncenter size-full wp-image-8513" src="https://blogsaverroes.juntadeandalucia.es/ceipdocedeoctubre/files/2025/10/Cadiz.jpg" alt="" width="659" height="878" srcset="https://blogsaverroes.juntadeandalucia.es/ceipdocedeoctubre/files/2025/10/Cadiz.jpg 659w, https://blogsaverroes.juntadeandalucia.es/ceipdocedeoctubre/files/2025/10/Cadiz-225x300.jpg 225w" sizes="(max-width: 659px) 100vw, 659px" /></a></td>
<td style="width: 88.1916%"><span style="color: #339966">Tercer Ciclo Educación Primaria: 5º y 6º Primaria</span></p>
<p><a href="https://drive.google.com/file/d/1EncJnGnk2Efh7IhbqEaX544Sed1Cv56c/view?usp=sharing">&#8220;Andalucía y sus provincias: Almería, Jaén y Sevilla&#8221;</a></td>
</tr>
</tbody>
</table>

<p>&nbsp; Educación Infantil y Aula de Autismo &#8220;Un Cole de cuentos&#8221; &nbsp;Primer Ciclo Educación Primaria: 1º y 2º Primaria &#8220;Andalucía&#46;&#46;&#46;</p>
