{"id":871,"date":"2015-03-16T07:25:46","date_gmt":"2015-03-16T07:25:46","guid":{"rendered":"http:\/\/blogsaverroes.juntadeandalucia.es\/pre\/ceip\/?page_id=106"},"modified":"2023-01-10T18:52:59","modified_gmt":"2023-01-10T18:52:59","slug":"actividades-extraescolares","status":"publish","type":"page","link":"https:\/\/blogsaverroes.juntadeandalucia.es\/ceipdoctorflemingjodar\/actividades-extraescolares\/","title":{"rendered":"Actividades extraescolares"},"content":{"rendered":"<h3><span style=\"text-decoration: underline\">PROGRAMA DE ACOMPA\u00d1AMIENTO ESCOLAR&nbsp;<\/span><\/h3>\n<p><a href=\"https:\/\/blogsaverroes.juntadeandalucia.es\/ceipdoctorflemingjodar\/files\/2021\/03\/Cartel-FSE-1.png\"><img loading=\"lazy\" decoding=\"async\" class=\"wp-image-2245 aligncenter\" src=\"https:\/\/blogsaverroes.juntadeandalucia.es\/ceipdoctorflemingjodar\/files\/2021\/03\/Cartel-FSE-1-212x300.png\" alt=\"\" width=\"140\" height=\"198\" srcset=\"https:\/\/blogsaverroes.juntadeandalucia.es\/ceipdoctorflemingjodar\/files\/2021\/03\/Cartel-FSE-1-212x300.png 212w, https:\/\/blogsaverroes.juntadeandalucia.es\/ceipdoctorflemingjodar\/files\/2021\/03\/Cartel-FSE-1.png 595w\" sizes=\"(max-width: 140px) 100vw, 140px\" \/><\/a><\/p>\n<p style=\"text-align: left\">En nuestro centro tienen lugar las actividades extraescolares de acompa\u00f1amiento escolar&nbsp; que tienen lugar los martes&nbsp; y jueves de 16:00 a 18:00 horas para los grupos de 3\u00ba-4\u00ba-5\u00ba y 6\u00ba&nbsp; &nbsp; &nbsp; &nbsp; &nbsp; &nbsp; &nbsp;<\/p>\n<p>&nbsp;<\/p>\n<h3 class=\"post-title entry-title\"><span style=\"text-decoration: underline\">PROGRAMA ESCUELAS DEPORTIVAS CURSO 22\/23<\/span><\/h3>\n<div class=\"post-header\">\n<div class=\"post-header-line-1\">&nbsp; &nbsp;<\/div>\n<\/div>\n<div id=\"post-body-8003763232323233705\" class=\"post-body entry-content\">\n<div class=\"separator\"><b><a href=\"https:\/\/blogger.googleusercontent.com\/img\/b\/R29vZ2xl\/AVvXsEhYVWTU9_-vcR0-lIWi8LovIX_eI09P_ze5WOC0FCkwTZLhwTUq3VGaXbCJbN29UHmDBJBIHBbDRq2gKUvwgRvGJ3RGQN59TfFd3J3B6f7TXPkRPb9aD1Qf7D8kTx2IeA6Pb-XQiKJ6jDdu347OVq51dRkZfirBsdk_wgmtVHjWJGhKng4-w_xW6TcKDA\/s640\/PicsArt_10-09-05.54.15.jpg\"><img loading=\"lazy\" decoding=\"async\" src=\"https:\/\/blogger.googleusercontent.com\/img\/b\/R29vZ2xl\/AVvXsEhYVWTU9_-vcR0-lIWi8LovIX_eI09P_ze5WOC0FCkwTZLhwTUq3VGaXbCJbN29UHmDBJBIHBbDRq2gKUvwgRvGJ3RGQN59TfFd3J3B6f7TXPkRPb9aD1Qf7D8kTx2IeA6Pb-XQiKJ6jDdu347OVq51dRkZfirBsdk_wgmtVHjWJGhKng4-w_xW6TcKDA\/w637-h431\/PicsArt_10-09-05.54.15.jpg\" width=\"637\" height=\"431\" border=\"0\" data-original-height=\"432\" data-original-width=\"640\"><\/a><a name=\"more\"><\/a><\/b><\/div>\n<div>&nbsp;<\/div>\n<div>&nbsp; &nbsp; &nbsp; La pr\u00f3xima semana (lunes 14 y martes 15 de noviembre), dar\u00e1 comienzo el Programa Escuelas Deportivas en nuestro Centro Educativo; cuya finalidad principal es realizar una oferta mutltideportiva al alumnado acentuando el car\u00e1cter educador, socializador y motivacional del deporte escolar, y facilitando el acceso del alumnado a la pr\u00e1ctica deportiva. La modalidad deportiva que se llevar\u00e1 a cabo en la puesta en pr\u00e1ctica del programa a lo largo del curso es MULTIDEPORTE (iniciaci\u00f3n a varios deportes).<\/p>\n<p><b>Horarios:<\/b><\/p>\n<div><b>&#8211; Grupo 1. Alumnado de 1\u00ba y 2\u00ba de Ed. Primaria: Martes y jueves&nbsp; de 16.00 a 17.00 horas.<\/b><\/div>\n<div><b>&#8211; Grupo 2. Alumnado de 3\u00ba y 4\u00ba de Ed. Primaria: Lunes y mi\u00e9rcoles&nbsp; de 16.00 a 17.00 horas.<\/b><\/div>\n<p><b>&#8211; Grupo 3. Alumnado de 5\u00ba y 6\u00ba de Ed. Primaria: Lunes y mi\u00e9rcoles de 17.00 a 18.00 horas.<\/b><\/p>\n<p>&nbsp; &nbsp;Las actividades se desarrollaran en las instalaciones del centro&nbsp; y la inscripci\u00f3n es gratuita para el alumnado.<\/p><\/div>\n<div>&nbsp;<\/div>\n<div>&nbsp; &nbsp; &nbsp;Para participar es necesario haber entregado la correspondiente autorizaci\u00f3n.<\/div>\n<\/div>\n<p>&nbsp;<\/p>\n<p>&nbsp;<\/p>\n","protected":false},"excerpt":{"rendered":"<p>PROGRAMA DE ACOMPA\u00d1AMIENTO ESCOLAR&nbsp; En nuestro centro tienen lugar las actividades extraescolares de acompa\u00f1amiento escolar&nbsp; que tienen lugar los martes&nbsp; y jueves de 16:00 a 18:00 horas para los grupos de 3\u00ba-4\u00ba-5\u00ba y 6\u00ba&nbsp;&#46;&#46;&#46;<\/p>\n","protected":false},"author":1,"featured_media":0,"parent":0,"menu_order":0,"comment_status":"closed","ping_status":"open","template":"page-cs.php","meta":{"ngg_post_thumbnail":0,"footnotes":"","_mc_calendar":[]},"aioseo_notices":[],"_links":{"self":[{"href":"https:\/\/blogsaverroes.juntadeandalucia.es\/ceipdoctorflemingjodar\/wp-json\/wp\/v2\/pages\/871"}],"collection":[{"href":"https:\/\/blogsaverroes.juntadeandalucia.es\/ceipdoctorflemingjodar\/wp-json\/wp\/v2\/pages"}],"about":[{"href":"https:\/\/blogsaverroes.juntadeandalucia.es\/ceipdoctorflemingjodar\/wp-json\/wp\/v2\/types\/page"}],"author":[{"embeddable":true,"href":"https:\/\/blogsaverroes.juntadeandalucia.es\/ceipdoctorflemingjodar\/wp-json\/wp\/v2\/users\/1"}],"replies":[{"embeddable":true,"href":"https:\/\/blogsaverroes.juntadeandalucia.es\/ceipdoctorflemingjodar\/wp-json\/wp\/v2\/comments?post=871"}],"version-history":[{"count":14,"href":"https:\/\/blogsaverroes.juntadeandalucia.es\/ceipdoctorflemingjodar\/wp-json\/wp\/v2\/pages\/871\/revisions"}],"predecessor-version":[{"id":2649,"href":"https:\/\/blogsaverroes.juntadeandalucia.es\/ceipdoctorflemingjodar\/wp-json\/wp\/v2\/pages\/871\/revisions\/2649"}],"wp:attachment":[{"href":"https:\/\/blogsaverroes.juntadeandalucia.es\/ceipdoctorflemingjodar\/wp-json\/wp\/v2\/media?parent=871"}],"curies":[{"name":"wp","href":"https:\/\/api.w.org\/{rel}","templated":true}]}}

<h3><span style="text-decoration: underline">PROGRAMA DE ACOMPAÑAMIENTO ESCOLAR&nbsp;</span></h3>
<p><a href="https://blogsaverroes.juntadeandalucia.es/ceipdoctorflemingjodar/files/2021/03/Cartel-FSE-1.png"><img loading="lazy" decoding="async" class="wp-image-2245 aligncenter" src="https://blogsaverroes.juntadeandalucia.es/ceipdoctorflemingjodar/files/2021/03/Cartel-FSE-1-212x300.png" alt="" width="140" height="198" srcset="https://blogsaverroes.juntadeandalucia.es/ceipdoctorflemingjodar/files/2021/03/Cartel-FSE-1-212x300.png 212w, https://blogsaverroes.juntadeandalucia.es/ceipdoctorflemingjodar/files/2021/03/Cartel-FSE-1.png 595w" sizes="(max-width: 140px) 100vw, 140px" /></a></p>
<p style="text-align: left">En nuestro centro tienen lugar las actividades extraescolares de acompañamiento escolar&nbsp; que tienen lugar los martes&nbsp; y jueves de 16:00 a 18:00 horas para los grupos de 3º-4º-5º y 6º&nbsp; &nbsp; &nbsp; &nbsp; &nbsp; &nbsp; &nbsp;</p>
<p>&nbsp;</p>
<h3 class="post-title entry-title"><span style="text-decoration: underline">PROGRAMA ESCUELAS DEPORTIVAS CURSO 22/23</span></h3>
<div class="post-header">
<div class="post-header-line-1">&nbsp; &nbsp;</div>
</div>
<div id="post-body-8003763232323233705" class="post-body entry-content">
<div class="separator"><b><a href="https://blogger.googleusercontent.com/img/b/R29vZ2xl/AVvXsEhYVWTU9_-vcR0-lIWi8LovIX_eI09P_ze5WOC0FCkwTZLhwTUq3VGaXbCJbN29UHmDBJBIHBbDRq2gKUvwgRvGJ3RGQN59TfFd3J3B6f7TXPkRPb9aD1Qf7D8kTx2IeA6Pb-XQiKJ6jDdu347OVq51dRkZfirBsdk_wgmtVHjWJGhKng4-w_xW6TcKDA/s640/PicsArt_10-09-05.54.15.jpg"><img loading="lazy" decoding="async" src="https://blogger.googleusercontent.com/img/b/R29vZ2xl/AVvXsEhYVWTU9_-vcR0-lIWi8LovIX_eI09P_ze5WOC0FCkwTZLhwTUq3VGaXbCJbN29UHmDBJBIHBbDRq2gKUvwgRvGJ3RGQN59TfFd3J3B6f7TXPkRPb9aD1Qf7D8kTx2IeA6Pb-XQiKJ6jDdu347OVq51dRkZfirBsdk_wgmtVHjWJGhKng4-w_xW6TcKDA/w637-h431/PicsArt_10-09-05.54.15.jpg" width="637" height="431" border="0" data-original-height="432" data-original-width="640"></a><a name="more"></a></b></div>
<div>&nbsp;</div>
<div>&nbsp; &nbsp; &nbsp; La próxima semana (lunes 14 y martes 15 de noviembre), dará comienzo el Programa Escuelas Deportivas en nuestro Centro Educativo; cuya finalidad principal es realizar una oferta mutltideportiva al alumnado acentuando el carácter educador, socializador y motivacional del deporte escolar, y facilitando el acceso del alumnado a la práctica deportiva. La modalidad deportiva que se llevará a cabo en la puesta en práctica del programa a lo largo del curso es MULTIDEPORTE (iniciación a varios deportes).</p>
<p><b>Horarios:</b></p>
<div><b>&#8211; Grupo 1. Alumnado de 1º y 2º de Ed. Primaria: Martes y jueves&nbsp; de 16.00 a 17.00 horas.</b></div>
<div><b>&#8211; Grupo 2. Alumnado de 3º y 4º de Ed. Primaria: Lunes y miércoles&nbsp; de 16.00 a 17.00 horas.</b></div>
<p><b>&#8211; Grupo 3. Alumnado de 5º y 6º de Ed. Primaria: Lunes y miércoles de 17.00 a 18.00 horas.</b></p>
<p>&nbsp; &nbsp;Las actividades se desarrollaran en las instalaciones del centro&nbsp; y la inscripción es gratuita para el alumnado.</p></div>
<div>&nbsp;</div>
<div>&nbsp; &nbsp; &nbsp;Para participar es necesario haber entregado la correspondiente autorización.</div>
</div>
<p>&nbsp;</p>
<p>&nbsp;</p>

<p>PROGRAMA DE ACOMPAÑAMIENTO ESCOLAR&nbsp; En nuestro centro tienen lugar las actividades extraescolares de acompañamiento escolar&nbsp; que tienen lugar los martes&nbsp; y jueves de 16:00 a 18:00 horas para los grupos de 3º-4º-5º y 6º&nbsp;&#46;&#46;&#46;</p>
