{"id":10539,"date":"2022-03-18T11:13:25","date_gmt":"2022-03-18T10:13:25","guid":{"rendered":"https:\/\/blogsaverroes.juntadeandalucia.es\/ceipdonana\/?page_id=10539"},"modified":"2025-03-27T13:50:20","modified_gmt":"2025-03-27T12:50:20","slug":"informacion-del-proceso","status":"publish","type":"page","link":"https:\/\/blogsaverroes.juntadeandalucia.es\/ceipdonana\/informacion-del-proceso\/","title":{"rendered":"Informaci\u00f3n del Proceso"},"content":{"rendered":"<p><a href=\"https:\/\/blogsaverroes.juntadeandalucia.es\/ceipdonana\/files\/2024\/02\/Anexo-III-nuevo.pdf\"><strong>IMPRESO DE ADMISI\u00d3N<\/strong><\/a><\/p>\n<p><a href=\"https:\/\/blogsaverroes.juntadeandalucia.es\/ceipdonana\/files\/2025\/03\/Autorizacion-Oferta-Educativa-25-26.pdf\"><strong>OFERTA EDUCATIVA 2025\/2026<\/strong><\/a><\/p>\n<p><a href=\"https:\/\/www.juntadeandalucia.es\/boja\/2020\/503\/1\"><strong>RELACI\u00d3N NORMATIVA DEL PROCESO<\/strong><\/a><\/p>\n<p><a href=\"https:\/\/blogsaverroes.juntadeandalucia.es\/ceipdonana\/files\/2025\/03\/Normativa-escolarizacion.pdf\"><strong>NORMATIVA ESCOLARIZACI\u00d3N<\/strong><\/a><\/p>\n<p><a href=\"https:\/\/blogsaverroes.juntadeandalucia.es\/ceipdonana\/files\/2025\/03\/Calendario-admision-25-26.pdf\"><strong>CALENDARIO DE ADMISI\u00d3N<\/strong><\/a><\/p>\n<p><a href=\"https:\/\/blogsaverroes.juntadeandalucia.es\/ceipdonana\/files\/2023\/03\/Anexo_IV_1._Criterios_Baremac_Desempat_Sorteo_1._CEIP_1._IES_1.pdf\"><strong>CRITERIOS DE BAREMACI\u00d3N<\/strong><\/a><\/p>\n<p><a href=\"https:\/\/blogsaverroes.juntadeandalucia.es\/ceipdonana\/files\/2022\/03\/Mapa-del-\u00e1rea-de-influencia.pdf\"><strong>MAPA DEL \u00c1REA DE INFLUENCIA<\/strong><\/a><\/p>\n<p><a href=\"https:\/\/blogsaverroes.juntadeandalucia.es\/ceipdonana\/files\/2022\/03\/Callejero-del-\u00e1rea-de-influencia.pdf\"><strong>CALLEJERO DEL \u00c1REA DE INFLUENCIA<\/strong><\/a><\/p>\n","protected":false},"excerpt":{"rendered":"<p>IMPRESO DE ADMISI\u00d3N OFERTA EDUCATIVA 2025\/2026 RELACI\u00d3N NORMATIVA DEL PROCESO NORMATIVA ESCOLARIZACI\u00d3N CALENDARIO DE ADMISI\u00d3N CRITERIOS DE BAREMACI\u00d3N MAPA DEL \u00c1REA DE INFLUENCIA CALLEJERO DEL \u00c1REA DE INFLUENCIA<\/p>\n","protected":false},"author":4714,"featured_media":0,"parent":0,"menu_order":0,"comment_status":"closed","ping_status":"closed","template":"","meta":{"ngg_post_thumbnail":0,"footnotes":"","_mc_calendar":[]},"aioseo_notices":[],"_links":{"self":[{"href":"https:\/\/blogsaverroes.juntadeandalucia.es\/ceipdonana\/wp-json\/wp\/v2\/pages\/10539"}],"collection":[{"href":"https:\/\/blogsaverroes.juntadeandalucia.es\/ceipdonana\/wp-json\/wp\/v2\/pages"}],"about":[{"href":"https:\/\/blogsaverroes.juntadeandalucia.es\/ceipdonana\/wp-json\/wp\/v2\/types\/page"}],"author":[{"embeddable":true,"href":"https:\/\/blogsaverroes.juntadeandalucia.es\/ceipdonana\/wp-json\/wp\/v2\/users\/4714"}],"replies":[{"embeddable":true,"href":"https:\/\/blogsaverroes.juntadeandalucia.es\/ceipdonana\/wp-json\/wp\/v2\/comments?post=10539"}],"version-history":[{"count":18,"href":"https:\/\/blogsaverroes.juntadeandalucia.es\/ceipdonana\/wp-json\/wp\/v2\/pages\/10539\/revisions"}],"predecessor-version":[{"id":11221,"href":"https:\/\/blogsaverroes.juntadeandalucia.es\/ceipdonana\/wp-json\/wp\/v2\/pages\/10539\/revisions\/11221"}],"wp:attachment":[{"href":"https:\/\/blogsaverroes.juntadeandalucia.es\/ceipdonana\/wp-json\/wp\/v2\/media?parent=10539"}],"curies":[{"name":"wp","href":"https:\/\/api.w.org\/{rel}","templated":true}]}}

Información del Proceso

<p><a href="https://blogsaverroes.juntadeandalucia.es/ceipdonana/files/2024/02/Anexo-III-nuevo.pdf"><strong>IMPRESO DE ADMISIÓN</strong></a></p>
<p><a href="https://blogsaverroes.juntadeandalucia.es/ceipdonana/files/2025/03/Autorizacion-Oferta-Educativa-25-26.pdf"><strong>OFERTA EDUCATIVA 2025/2026</strong></a></p>
<p><a href="https://www.juntadeandalucia.es/boja/2020/503/1"><strong>RELACIÓN NORMATIVA DEL PROCESO</strong></a></p>
<p><a href="https://blogsaverroes.juntadeandalucia.es/ceipdonana/files/2025/03/Normativa-escolarizacion.pdf"><strong>NORMATIVA ESCOLARIZACIÓN</strong></a></p>
<p><a href="https://blogsaverroes.juntadeandalucia.es/ceipdonana/files/2025/03/Calendario-admision-25-26.pdf"><strong>CALENDARIO DE ADMISIÓN</strong></a></p>
<p><a href="https://blogsaverroes.juntadeandalucia.es/ceipdonana/files/2023/03/Anexo_IV_1._Criterios_Baremac_Desempat_Sorteo_1._CEIP_1._IES_1.pdf"><strong>CRITERIOS DE BAREMACIÓN</strong></a></p>
<p><a href="https://blogsaverroes.juntadeandalucia.es/ceipdonana/files/2022/03/Mapa-del-área-de-influencia.pdf"><strong>MAPA DEL ÁREA DE INFLUENCIA</strong></a></p>
<p><a href="https://blogsaverroes.juntadeandalucia.es/ceipdonana/files/2022/03/Callejero-del-área-de-influencia.pdf"><strong>CALLEJERO DEL ÁREA DE INFLUENCIA</strong></a></p>

<p>IMPRESO DE ADMISIÓN OFERTA EDUCATIVA 2025/2026 RELACIÓN NORMATIVA DEL PROCESO NORMATIVA ESCOLARIZACIÓN CALENDARIO DE ADMISIÓN CRITERIOS DE BAREMACIÓN MAPA DEL ÁREA DE INFLUENCIA CALLEJERO DEL ÁREA DE INFLUENCIA</p>
