{"id":2091,"date":"2018-04-09T09:45:13","date_gmt":"2018-04-09T08:45:13","guid":{"rendered":"http:\/\/blogsaverroes.juntadeandalucia.es\/ceipdonana\/?page_id=2091"},"modified":"2020-11-20T13:19:58","modified_gmt":"2020-11-20T12:19:58","slug":"plan-de-igualdad","status":"publish","type":"page","link":"https:\/\/blogsaverroes.juntadeandalucia.es\/ceipdonana\/plan-de-igualdad\/","title":{"rendered":"Plan de Igualdad de g\u00e9nero en educaci\u00f3n"},"content":{"rendered":"<p style=\"text-align: center\"><a href=\"https:\/\/blogsaverroes.juntadeandalucia.es\/ceipdonana\/plan-de-igualdad\/20180605_104139\/\" rel=\"attachment wp-att-2744\"><img loading=\"lazy\" decoding=\"async\" class=\"alignnone wp-image-2744\" src=\"https:\/\/blogsaverroes.juntadeandalucia.es\/ceipdonana\/files\/2018\/04\/20180605_104139-300x169.jpg\" alt=\"\" width=\"385\" height=\"217\" srcset=\"https:\/\/blogsaverroes.juntadeandalucia.es\/ceipdonana\/files\/2018\/04\/20180605_104139-300x169.jpg 300w, https:\/\/blogsaverroes.juntadeandalucia.es\/ceipdonana\/files\/2018\/04\/20180605_104139-768x432.jpg 768w, https:\/\/blogsaverroes.juntadeandalucia.es\/ceipdonana\/files\/2018\/04\/20180605_104139-1024x576.jpg 1024w, https:\/\/blogsaverroes.juntadeandalucia.es\/ceipdonana\/files\/2018\/04\/20180605_104139-24x14.jpg 24w, https:\/\/blogsaverroes.juntadeandalucia.es\/ceipdonana\/files\/2018\/04\/20180605_104139-36x20.jpg 36w, https:\/\/blogsaverroes.juntadeandalucia.es\/ceipdonana\/files\/2018\/04\/20180605_104139-48x27.jpg 48w, https:\/\/blogsaverroes.juntadeandalucia.es\/ceipdonana\/files\/2018\/04\/20180605_104139.jpg 1600w\" sizes=\"(max-width: 385px) 100vw, 385px\" \/><\/a><\/p>\n<p style=\"text-align: justify\">La&nbsp;<strong>igualdad<\/strong> es un derecho b\u00e1sico que rige el funcionamiento de las sociedades democr\u00e1ticas. En nuestro pa\u00eds, la Constituci\u00f3n Espa\u00f1ola recoge como derecho de los espa\u00f1oles y las espa\u00f1olas la igualdad efectiva, reconociendo que todos y todas somos iguales ante la ley, sin que pueda prevalecer discriminaci\u00f3n alguna por raz\u00f3n de nacimiento, raza, sexo, religi\u00f3n o circunstancias personales o sociales.<\/p>\n<p style=\"text-align: justify\">En el mismo sentido, la Comunidad Europea identifica la<strong>&nbsp;igualdad entre hombres y mujeres<\/strong>&nbsp;como uno de los principios fundamentales de la Uni\u00f3n Europea y en consecuencia, se dictan diversas directrices instando a los gobiernos a implementar pol\u00edticas tendentes al desarrollo de una igualdad real entre hombres y mujeres.<\/p>\n<p style=\"text-align: justify\">Por su parte, en nuestra Comunidad Aut\u00f3noma y como consecuencia del desarrollo de este principio constitucional y europeo, el&nbsp;<strong>Estatuto de Autonom\u00eda para Andaluc\u00eda<\/strong>&nbsp;establece que promover\u00e1 las condiciones para que la libertad y la igualdad sean reales y, particularmente, siendo consciente de las diferencias culturales que producen desigualdades por raz\u00f3n de sexo, regula como principio relevante la igualdad efectiva del hombre y la mujer, promoviendo la plena incorporaci\u00f3n de las mujeres a la vida social superando cualquier discriminaci\u00f3n laboral, cultural, econ\u00f3mica o pol\u00edtica.<\/p>\n<p style=\"text-align: justify\">En consecuencia, desde la d\u00e9cada de los 80 la&nbsp;<strong>Comunidad Aut\u00f3noma de Andaluc\u00eda<\/strong>&nbsp;identifica la igualdad entre hombres y mujeres como una prioridad en sus planteamientos pol\u00edticos, realizando sucesivas actuaciones para favorecer el desarrollo de valores a favor de la igualdad de g\u00e9nero.<\/p>\n<p style=\"text-align: justify\">De esta forma, nuestro centro no puede ser menos y, comprometidos\/as con la coeducaci\u00f3n, llevamos a diario acciones encaminadas a este \u00e1mbito, <strong>coordinado por la compa\u00f1era Nuria Salas Camacho,<\/strong> siendo una labor conjunta de todo el equipo educativo.<\/p>\n<p style=\"text-align: center\"><a href=\"https:\/\/blogsaverroes.juntadeandalucia.es\/ceipdonana\/plan-de-igualdad\/20171124_131837\/\" rel=\"attachment wp-att-2774\"><img loading=\"lazy\" decoding=\"async\" class=\"alignnone wp-image-2774\" src=\"https:\/\/blogsaverroes.juntadeandalucia.es\/ceipdonana\/files\/2018\/04\/20171124_131837-300x169.jpg\" alt=\"\" width=\"422\" height=\"238\" srcset=\"https:\/\/blogsaverroes.juntadeandalucia.es\/ceipdonana\/files\/2018\/04\/20171124_131837-300x169.jpg 300w, https:\/\/blogsaverroes.juntadeandalucia.es\/ceipdonana\/files\/2018\/04\/20171124_131837-768x432.jpg 768w, https:\/\/blogsaverroes.juntadeandalucia.es\/ceipdonana\/files\/2018\/04\/20171124_131837-1024x576.jpg 1024w, https:\/\/blogsaverroes.juntadeandalucia.es\/ceipdonana\/files\/2018\/04\/20171124_131837-24x14.jpg 24w, https:\/\/blogsaverroes.juntadeandalucia.es\/ceipdonana\/files\/2018\/04\/20171124_131837-36x20.jpg 36w, https:\/\/blogsaverroes.juntadeandalucia.es\/ceipdonana\/files\/2018\/04\/20171124_131837-48x27.jpg 48w, https:\/\/blogsaverroes.juntadeandalucia.es\/ceipdonana\/files\/2018\/04\/20171124_131837.jpg 1600w\" sizes=\"(max-width: 422px) 100vw, 422px\" \/><\/a><\/p>\n<p style=\"text-align: justify\">Como cada curso escolar, procuraremos, de la mano de nuestra coordinadora de igualdad, darle forma a las actuaciones previstas durante el a\u00f1o acad\u00e9mico, de manera que, podamos transmitir el valor de la igualdad personal mediante actividades l\u00fadicas y transversales. Para ello, compartiremos a trav\u00e9s de nuestra p\u00e1gina web y red social (Facebook), todo lo que acontezca en este sentido.<\/p>\n<p style=\"text-align: center\">Os dejamos con uno de los v\u00eddeos m\u00e1s significativos en el \u00e1mbito de la igualdad, realizado en nuestro centro, <strong>\u00a1que lo disfrutes!<\/strong><\/p>\n<p>&nbsp;<\/p>\n<p><iframe loading=\"lazy\" title=\"Mi pel&amp;iacute;cula111 - Igualdad\" src=\"https:\/\/player.vimeo.com\/video\/203252256?h=56bbdd1131&amp;dnt=1&amp;app_id=122963\" width=\"500\" height=\"281\" frameborder=\"0\" allow=\"autoplay; fullscreen; picture-in-picture\" allowfullscreen><\/iframe><\/p>\n","protected":false},"excerpt":{"rendered":"<p>La&nbsp;igualdad es un derecho b\u00e1sico que rige el funcionamiento de las sociedades democr\u00e1ticas. En nuestro pa\u00eds, la Constituci\u00f3n Espa\u00f1ola recoge como derecho de los espa\u00f1oles y las espa\u00f1olas la igualdad efectiva, reconociendo que todos&#46;&#46;&#46;<\/p>\n","protected":false},"author":4714,"featured_media":0,"parent":0,"menu_order":0,"comment_status":"open","ping_status":"open","template":"","meta":{"ngg_post_thumbnail":0,"footnotes":"","_mc_calendar":[]},"aioseo_notices":[],"_links":{"self":[{"href":"https:\/\/blogsaverroes.juntadeandalucia.es\/ceipdonana\/wp-json\/wp\/v2\/pages\/2091"}],"collection":[{"href":"https:\/\/blogsaverroes.juntadeandalucia.es\/ceipdonana\/wp-json\/wp\/v2\/pages"}],"about":[{"href":"https:\/\/blogsaverroes.juntadeandalucia.es\/ceipdonana\/wp-json\/wp\/v2\/types\/page"}],"author":[{"embeddable":true,"href":"https:\/\/blogsaverroes.juntadeandalucia.es\/ceipdonana\/wp-json\/wp\/v2\/users\/4714"}],"replies":[{"embeddable":true,"href":"https:\/\/blogsaverroes.juntadeandalucia.es\/ceipdonana\/wp-json\/wp\/v2\/comments?post=2091"}],"version-history":[{"count":18,"href":"https:\/\/blogsaverroes.juntadeandalucia.es\/ceipdonana\/wp-json\/wp\/v2\/pages\/2091\/revisions"}],"predecessor-version":[{"id":8173,"href":"https:\/\/blogsaverroes.juntadeandalucia.es\/ceipdonana\/wp-json\/wp\/v2\/pages\/2091\/revisions\/8173"}],"wp:attachment":[{"href":"https:\/\/blogsaverroes.juntadeandalucia.es\/ceipdonana\/wp-json\/wp\/v2\/media?parent=2091"}],"curies":[{"name":"wp","href":"https:\/\/api.w.org\/{rel}","templated":true}]}}