{"id":2111,"date":"2017-02-09T11:49:25","date_gmt":"2017-02-09T10:49:25","guid":{"rendered":"http:\/\/blogsaverroes.juntadeandalucia.es\/ceipdonana\/?page_id=2111"},"modified":"2024-09-30T08:15:18","modified_gmt":"2024-09-30T07:15:18","slug":"claustro","status":"publish","type":"page","link":"https:\/\/blogsaverroes.juntadeandalucia.es\/ceipdonana\/claustro\/","title":{"rendered":"Claustro del curso 2024\/2025"},"content":{"rendered":"<div id=\"cc-m-10489965199\" class=\"j-module n j-header \">\n<h2 id=\"cc-m-header-10489965199\">EDUCACI\u00d3N INFANTIL:<\/h2>\n<p><strong><img loading=\"lazy\" decoding=\"async\" class=\"alignright\" src=\"https:\/\/portal.edu.gva.es\/ceipelsalvador\/wp-content\/uploads\/sites\/1122\/2023\/01\/claustro-profesores-2.jpg\" alt=\"CLAUSTRO DE PROFESORES\/AS\" width=\"160\" height=\"143\"><\/strong><\/p>\n<\/div>\n<p><strong>&nbsp;<\/strong><\/p>\n<div id=\"cc-m-10726210299\" class=\"j-module n j-text \">\n<p>3 A\u00f1os:<strong> Mar\u00eda Dolores Mora Rebollo<\/strong><\/p>\n<\/div>\n<div id=\"cc-m-10726209599\" class=\"j-module n j-text \">\n<p>4 A\u00f1os: <strong>Mar\u00eda Mercedes Mart\u00edn Lozano<\/strong><\/p>\n<\/div>\n<div id=\"cc-m-10726210899\" class=\"j-module n j-text \">\n<p>5 A\u00f1os: <strong>Mar\u00eda Teresa Dom\u00ednguez M\u00e1rquez<\/strong><\/p>\n<p>&nbsp;<\/p>\n<p><span style=\"font-family: Oswald, sans-serif;font-size: 32px;font-weight: 300;letter-spacing: 1px\">EDUCACI\u00d3N PRIMARIA:<\/span><\/p>\n<p>&nbsp;<\/p>\n<\/div>\n<div id=\"cc-m-9143965399\" class=\"j-module n j-header \">\n<h2 id=\"cc-m-header-9143965399\">1\u00ba CICLO<\/h2>\n<\/div>\n<div id=\"cc-m-10726211399\" class=\"j-module n j-text \">\n<p>1\u00ba Primaria: <strong style=\"font-family: 'Open Sans', sans-serif;font-size: 15px;font-style: normal\"><strong>Roc\u00edo Garc\u00eda Garrocho<\/strong><\/strong><\/p>\n<p>2\u00ba Primaria: <strong style=\"font-family: 'Open Sans', sans-serif;font-size: 15px;font-style: normal\">Roc\u00edo Maraver Landero<\/strong><\/p>\n<\/div>\n<div id=\"cc-m-9143980399\" class=\"j-module n j-header \">\n<h2 id=\"cc-m-header-9143980399\">2\u00ba CICLO<\/h2>\n<\/div>\n<div id=\"cc-m-10726211999\" class=\"j-module n j-text \">\n<p>3\u00ba Primaria: <strong style=\"font-family: 'Open Sans', sans-serif;font-size: 15px;font-style: normal\">Roc\u00edo Maraver Landero<\/strong><\/p>\n<\/div>\n<div id=\"cc-m-10726212499\" class=\"j-module n j-text \">\n<p>4\u00ba Primaria: <strong>Carmen Roc\u00edo Fern\u00e1ndez Moreno&nbsp;<\/strong><\/p>\n<\/div>\n<div id=\"cc-m-9143994299\" class=\"j-module n j-header \">\n<h2 id=\"cc-m-header-9143994299\">3\u00ba CICLO<\/h2>\n<\/div>\n<div id=\"cc-m-10726213699\" class=\"j-module n j-text \">\n<p>5\u00ba Primaria: <strong style=\"font-family: 'Open Sans', sans-serif;font-size: 15px;font-style: normal\">Elisabeth Vega M\u00e9ndez<\/strong><\/p>\n<p>6\u00ba Primaria: <strong style=\"font-family: 'Open Sans', sans-serif;font-size: 15px;font-style: normal\">Isabel Saavedra Torre<\/strong><\/p>\n<\/div>\n<div id=\"cc-m-10726213999\" class=\"j-module n j-text \">\n<p>&nbsp;<\/p>\n<\/div>\n<h2>ESPECIALISTAS:<\/h2>\n<p>&nbsp;<\/p>\n<div id=\"cc-m-10726216899\" class=\"j-module n j-text \">\n<p>Lengua Extranjera (Ingl\u00e9s): <strong>Carolina L\u00f3pez Mart\u00edn y Roc\u00edo Maraver Landero<\/strong><\/p>\n<p>Lengua Extranjera (Franc\u00e9s): <strong>Roc\u00edo Garc\u00eda Garrocho,<\/strong><\/p>\n<p>Educaci\u00f3n F\u00edsica: <strong>Elisabeth Vega M\u00e9ndez<\/strong><\/p>\n<p>Educaci\u00f3n Musical: <strong>Diego Jes\u00fas Ben\u00edtez Vega y Nuria Salas Camacho, <\/strong><\/p>\n<\/div>\n<div id=\"cc-m-10726217199\" class=\"j-module n j-text \">\n<p>Religi\u00f3n: <strong>Sebasti\u00e1n <\/strong><strong>Valladolid Mart\u00edn&nbsp;<\/strong><\/p>\n<p>&nbsp;<\/p>\n<\/div>\n<div id=\"cc-m-9144037799\" class=\"j-module n j-header \">\n<h2 id=\"cc-m-header-9144037799\">EDUCACI\u00d3N COMPENSATORIA:<\/h2>\n<p>&nbsp;<\/p>\n<p><strong>Cecilia Infante Artero<\/strong><\/p>\n<p>&nbsp;<\/p>\n<\/div>\n<div id=\"cc-m-9144043199\" class=\"j-module n j-header \">\n<h2 id=\"cc-m-header-9144043199\">PEDAGOG\u00cdA TERAPE\u00daTICA:<\/h2>\n<p>&nbsp;<\/p>\n<p><strong>Ana Isabel Espina D\u00edaz<\/strong><\/p>\n<p>&nbsp;<\/p>\n<\/div>\n<div id=\"cc-m-9144050299\" class=\"j-module n j-header \">\n<h2 id=\"cc-m-header-9144050299\">AUDICI\u00d3N Y LENGUAJE:<\/h2>\n<p>&nbsp;<\/p>\n<\/div>\n<div id=\"cc-m-10726225099\">\n<p><strong>Saray Gonz\u00e1lez Rodr\u00edguez<\/strong><\/p>\n<\/div>\n","protected":false},"excerpt":{"rendered":"<p>EDUCACI\u00d3N INFANTIL: &nbsp; 3 A\u00f1os: Mar\u00eda Dolores Mora Rebollo 4 A\u00f1os: Mar\u00eda Mercedes Mart\u00edn Lozano 5 A\u00f1os: Mar\u00eda Teresa Dom\u00ednguez M\u00e1rquez &nbsp; EDUCACI\u00d3N PRIMARIA: &nbsp; 1\u00ba CICLO 1\u00ba Primaria: Roc\u00edo Garc\u00eda Garrocho 2\u00ba Primaria:&#46;&#46;&#46;<\/p>\n","protected":false},"author":4714,"featured_media":0,"parent":0,"menu_order":0,"comment_status":"open","ping_status":"open","template":"","meta":{"ngg_post_thumbnail":0,"footnotes":"","_mc_calendar":[]},"aioseo_notices":[],"_links":{"self":[{"href":"https:\/\/blogsaverroes.juntadeandalucia.es\/ceipdonana\/wp-json\/wp\/v2\/pages\/2111"}],"collection":[{"href":"https:\/\/blogsaverroes.juntadeandalucia.es\/ceipdonana\/wp-json\/wp\/v2\/pages"}],"about":[{"href":"https:\/\/blogsaverroes.juntadeandalucia.es\/ceipdonana\/wp-json\/wp\/v2\/types\/page"}],"author":[{"embeddable":true,"href":"https:\/\/blogsaverroes.juntadeandalucia.es\/ceipdonana\/wp-json\/wp\/v2\/users\/4714"}],"replies":[{"embeddable":true,"href":"https:\/\/blogsaverroes.juntadeandalucia.es\/ceipdonana\/wp-json\/wp\/v2\/comments?post=2111"}],"version-history":[{"count":14,"href":"https:\/\/blogsaverroes.juntadeandalucia.es\/ceipdonana\/wp-json\/wp\/v2\/pages\/2111\/revisions"}],"predecessor-version":[{"id":11206,"href":"https:\/\/blogsaverroes.juntadeandalucia.es\/ceipdonana\/wp-json\/wp\/v2\/pages\/2111\/revisions\/11206"}],"wp:attachment":[{"href":"https:\/\/blogsaverroes.juntadeandalucia.es\/ceipdonana\/wp-json\/wp\/v2\/media?parent=2111"}],"curies":[{"name":"wp","href":"https:\/\/api.w.org\/{rel}","templated":true}]}}