{"id":2322,"date":"2017-09-29T18:09:58","date_gmt":"2017-09-29T17:09:58","guid":{"rendered":"https:\/\/blogsaverroes.juntadeandalucia.es\/ceipdonana\/?page_id=2322"},"modified":"2019-10-26T10:02:41","modified_gmt":"2019-10-26T09:02:41","slug":"contexto-socioeducativo","status":"publish","type":"page","link":"https:\/\/blogsaverroes.juntadeandalucia.es\/ceipdonana\/contexto-socioeducativo\/","title":{"rendered":"Contexto socioeducativo"},"content":{"rendered":"<p style=\"text-align: center\" align=\"justify\"><a href=\"https:\/\/blogsaverroes.juntadeandalucia.es\/ceipdonana\/files\/2018\/05\/20180427_122344-EFFECTS.jpg\"><img loading=\"lazy\" decoding=\"async\" class=\"alignnone wp-image-2323\" src=\"https:\/\/blogsaverroes.juntadeandalucia.es\/ceipdonana\/files\/2018\/05\/20180427_122344-EFFECTS-300x169.jpg\" alt=\"\" width=\"440\" height=\"248\" srcset=\"https:\/\/blogsaverroes.juntadeandalucia.es\/ceipdonana\/files\/2018\/05\/20180427_122344-EFFECTS-300x169.jpg 300w, https:\/\/blogsaverroes.juntadeandalucia.es\/ceipdonana\/files\/2018\/05\/20180427_122344-EFFECTS-768x432.jpg 768w, https:\/\/blogsaverroes.juntadeandalucia.es\/ceipdonana\/files\/2018\/05\/20180427_122344-EFFECTS-1024x576.jpg 1024w, https:\/\/blogsaverroes.juntadeandalucia.es\/ceipdonana\/files\/2018\/05\/20180427_122344-EFFECTS-24x14.jpg 24w, https:\/\/blogsaverroes.juntadeandalucia.es\/ceipdonana\/files\/2018\/05\/20180427_122344-EFFECTS-36x20.jpg 36w, https:\/\/blogsaverroes.juntadeandalucia.es\/ceipdonana\/files\/2018\/05\/20180427_122344-EFFECTS-48x27.jpg 48w, https:\/\/blogsaverroes.juntadeandalucia.es\/ceipdonana\/files\/2018\/05\/20180427_122344-EFFECTS.jpg 1600w\" sizes=\"(max-width: 440px) 100vw, 440px\" \/><\/a><\/p>\n<p>&nbsp;<\/p>\n<p style=\"text-align: justify\">El centro est\u00e1 ubicado en los l\u00edmites del Parque Nacional de Do\u00f1ana. Tiene una poblaci\u00f3n de 1.600 habitantes aproximadamente, aunque en periodos vacacionales esta poblaci\u00f3n aumenta considerablemente. La localidad de El Roc\u00edo pertenece al municipio de Almonte del que dista unos quince kil\u00f3metros.<\/p>\n<p style=\"text-align: justify\">El Roc\u00edo se caracteriza por la ausencia de acerado, siendo todas las v\u00edas de acceso y calles de arena; no existen se\u00f1ales de tr\u00e1fico en la v\u00eda p\u00fablica. Todo ello confiere al lugar una peculiar fisonom\u00eda que supone uno de sus reclamos tur\u00edsticos m\u00e1s importantes.<\/p>\n<p style=\"text-align: justify\">La poblaci\u00f3n se ha dedicado tradicionalmente a la agricultura, ganader\u00eda y otras actividades relacionadas con el entorno natural en el que se encuentra. Sin embargo, en la \u00faltima d\u00e9cada se han desarrollado otras actividades relacionadas con la construcci\u00f3n y el turismo.<\/p>\n<p style=\"text-align: justify\">En los \u00faltimos a\u00f1os en el Colegio se ha apreciado la disminuci\u00f3n de alumnado inmigrante. Esto es debido a la falta de trabajo en la zona, as\u00ed como la obligatoriedad del abandono de sus casas alquiladas durante el periodo de la romer\u00eda de El Roc\u00edo. Estos dos aspectos est\u00e1n conllevando que, algunas familias se trasladen a municipios m\u00e1s grandes como es el caso de Almonte o directamente se vean obligados a retornar a sus pa\u00edses de origen.<\/p>\n<p style=\"text-align: justify\">La situaci\u00f3n socio-econ\u00f3mica de las familias es, en general, baja. Siendo las familias inmigrantes las que presentan mayores dificultades econ\u00f3micas.<\/p>\n<p style=\"text-align: justify\">El Roc\u00edo, es una aldea en la que tradicionalmente ha tenido un claro protagonismo la actividad rural, no obstante, en esta \u00faltima d\u00e9cada, han ido apareciendo otras actividades laborales unidas al desarrollo del turismo de naturaleza, turismo rociero, y al desarrollo de la construcci\u00f3n.<\/p>\n<p style=\"text-align: justify\">La situaci\u00f3n socio-cultural de las familias de nuestro alumnado es, por lo general, baja.<\/p>\n","protected":false},"excerpt":{"rendered":"<p>&nbsp; El centro est\u00e1 ubicado en los l\u00edmites del Parque Nacional de Do\u00f1ana. Tiene una poblaci\u00f3n de 1.600 habitantes aproximadamente, aunque en periodos vacacionales esta poblaci\u00f3n aumenta considerablemente. La localidad de El Roc\u00edo pertenece&#46;&#46;&#46;<\/p>\n","protected":false},"author":4714,"featured_media":2323,"parent":0,"menu_order":0,"comment_status":"closed","ping_status":"closed","template":"","meta":{"ngg_post_thumbnail":0,"footnotes":"","_mc_calendar":[]},"aioseo_notices":[],"_links":{"self":[{"href":"https:\/\/blogsaverroes.juntadeandalucia.es\/ceipdonana\/wp-json\/wp\/v2\/pages\/2322"}],"collection":[{"href":"https:\/\/blogsaverroes.juntadeandalucia.es\/ceipdonana\/wp-json\/wp\/v2\/pages"}],"about":[{"href":"https:\/\/blogsaverroes.juntadeandalucia.es\/ceipdonana\/wp-json\/wp\/v2\/types\/page"}],"author":[{"embeddable":true,"href":"https:\/\/blogsaverroes.juntadeandalucia.es\/ceipdonana\/wp-json\/wp\/v2\/users\/4714"}],"replies":[{"embeddable":true,"href":"https:\/\/blogsaverroes.juntadeandalucia.es\/ceipdonana\/wp-json\/wp\/v2\/comments?post=2322"}],"version-history":[{"count":4,"href":"https:\/\/blogsaverroes.juntadeandalucia.es\/ceipdonana\/wp-json\/wp\/v2\/pages\/2322\/revisions"}],"predecessor-version":[{"id":7296,"href":"https:\/\/blogsaverroes.juntadeandalucia.es\/ceipdonana\/wp-json\/wp\/v2\/pages\/2322\/revisions\/7296"}],"wp:featuredmedia":[{"embeddable":true,"href":"https:\/\/blogsaverroes.juntadeandalucia.es\/ceipdonana\/wp-json\/wp\/v2\/media\/2323"}],"wp:attachment":[{"href":"https:\/\/blogsaverroes.juntadeandalucia.es\/ceipdonana\/wp-json\/wp\/v2\/media?parent=2322"}],"curies":[{"name":"wp","href":"https:\/\/api.w.org\/{rel}","templated":true}]}}