{"id":2326,"date":"2017-09-29T18:19:40","date_gmt":"2017-09-29T17:19:40","guid":{"rendered":"https:\/\/blogsaverroes.juntadeandalucia.es\/ceipdonana\/?page_id=2326"},"modified":"2022-10-05T11:44:02","modified_gmt":"2022-10-05T10:44:02","slug":"generalidades-del-centro","status":"publish","type":"page","link":"https:\/\/blogsaverroes.juntadeandalucia.es\/ceipdonana\/generalidades-del-centro\/","title":{"rendered":"Caracter\u00edsticas del centro"},"content":{"rendered":"<div id=\"contenido_sitio\">\n<ul>\n<li><strong>GENERALIDADES<\/strong><\/li>\n<\/ul>\n<p style=\"text-align: justify\">Actualmente el Colegio cuenta con aproximadamente, unos ochenta alumnos\/as desde 3 a 12 a\u00f1os. Existiendo dos unidades de Educaci\u00f3n Infantil, una correspondiente a tres a\u00f1os y otra de cuatro y cinco a\u00f1os, que se encuentran unidas. Tambi\u00e9n contamos con seis unidades de Educaci\u00f3n Primaria, adem\u00e1s de una unidad de Apoyo a la Integraci\u00f3n, una unidad de Audici\u00f3n y Lenguaje y una unidad de Compensaci\u00f3n Educativa.<\/p>\n<p style=\"text-align: justify\">El Colegio, entre otros servicios, cuenta con una l\u00ednea de transporte escolar que facilita el desplazamiento del alumnado procedente del entorno rural de la localidad al centro educativo y para el presente curso 2022\/2023 se nos ha concedido el servicio de comedor escolar.<\/p>\n<ul>\n<li><strong>ESPACIOS F\u00cdSICOS Y RECURSOS<\/strong><\/li>\n<\/ul>\n<p style=\"text-align: justify\">En cuanto a las instalaciones dispone de dos edificios, una pista de f\u00fatbol, una pista de baloncesto, una pista de voleibol, y una amplia zona verde.<\/p>\n<p style=\"text-align: justify\">El edificio principal est\u00e1 compuesto por dos plantas: la planta baja, donde desde un hall pasamos a acceder a diferentes dependencias como los despachos del Equipo Directivo, sala de profesores, sala de material y fotocopias, tres aulas de Educaci\u00f3n Infantil, aula de Apoyo a la Integraci\u00f3n-Pedagog\u00eda Terap\u00e9utica, aula de Ingl\u00e9s y aseos. En la primera planta se encuentran seis aulas de Educaci\u00f3n Primaria, aula de Compensaci\u00f3n Educativa, aula de Audici\u00f3n y Lenguaje y aseos.<\/p>\n<p style=\"text-align: justify\">En el segundo edificio encontramos en su planta baja un sal\u00f3n de actos y el gimnasio. En la primera planta se encuentra la biblioteca del centro, aula de franc\u00e9s, aula de m\u00fasica, laboratorio y aula de ecoescuela.<br \/>\n&nbsp;<\/p>\n<ul>\n<li><strong>RECURSOS HUMANOS<\/strong><\/li>\n<\/ul>\n<div align=\"justify\">\n<p>La plantilla del C.E.I.P. Do\u00f1ana est\u00e1 compuesta por diecisiete maestros y maestras: dos maestro de religi\u00f3n (ambos compartidos con otros centros), dos de Educaci\u00f3n Musical, tres de Educaci\u00f3n F\u00edsica, dos maestros de Ingl\u00e9s, una maestra de Compensaci\u00f3n Educativa, una maestra de Franc\u00e9s, dos maestros\/as de Educaci\u00f3n Primaria, dos maestras de Educaci\u00f3n Infantil, un maestro de P.T, y otro de A.L, este \u00faltimo compartido con otro centro.&nbsp;<\/p>\n<p>Adem\u00e1s de este profesorado, el centro dispone de un conserje y un administrativo y goza del asesoramiento e intervenci\u00f3n del logopeda&nbsp; y de la orientadora de referencia del E.O.E. de zona, con la que los\/as docentes de Compensatoria, Audici\u00f3n y Lenguaje y Pedagog\u00eda Terap\u00e9utica, constituyen el Equipo de Orientaci\u00f3n del centro, llevando a cabo diferentes actuaciones coordinadas, adem\u00e1s de labores conjuntas con todo el equipo docente.<\/p>\n<p>El funcionamiento de los \u00f3rganos de gobierno tanto colegiados como unipersonales as\u00ed como el funcionamiento del E.T.C.P. y el de los distintos equipos de ciclo, est\u00e1n claramente recogidos en el R.O.F (en su Anexo I) del Centro, en cuya elaboraci\u00f3n y coordinaci\u00f3n hemos participado todos\/as activamente.<\/p>\n<\/div>\n<\/div>\n<div align=\"justify\">&nbsp;<\/div>\n<div align=\"justify\">\n<ul>\n<li><strong>RECURSOS DID\u00c1CTICOS, MATERIALES Y ECON\u00d3MICOS<\/strong><\/li>\n<\/ul>\n<p>El centro se encuentra equipado con material did\u00e1ctico adecuado al contexto y a las finalidades educativas que se persiguen, integrando en la rutina escolar las TICs, mediante el material tecnol\u00f3gico disponible, entre el que encontramos pizarras digitales en el conjunto de aulas del colegio.&nbsp;<\/p>\n<p>La utilizaci\u00f3n de los recursos did\u00e1cticos, materiales y econ\u00f3micos y la gesti\u00f3n de los mismos se encuentran recogida en el Proyecto de Gesti\u00f3n (Anexo II), dentro de nuestro Plan de Centro.<\/p>\n<\/div>\n","protected":false},"excerpt":{"rendered":"<p>GENERALIDADES Actualmente el Colegio cuenta con aproximadamente, unos ochenta alumnos\/as desde 3 a 12 a\u00f1os. Existiendo dos unidades de Educaci\u00f3n Infantil, una correspondiente a tres a\u00f1os y otra de cuatro y cinco a\u00f1os, que&#46;&#46;&#46;<\/p>\n","protected":false},"author":4714,"featured_media":0,"parent":0,"menu_order":0,"comment_status":"closed","ping_status":"closed","template":"","meta":{"ngg_post_thumbnail":0,"footnotes":"","_mc_calendar":[]},"aioseo_notices":[],"_links":{"self":[{"href":"https:\/\/blogsaverroes.juntadeandalucia.es\/ceipdonana\/wp-json\/wp\/v2\/pages\/2326"}],"collection":[{"href":"https:\/\/blogsaverroes.juntadeandalucia.es\/ceipdonana\/wp-json\/wp\/v2\/pages"}],"about":[{"href":"https:\/\/blogsaverroes.juntadeandalucia.es\/ceipdonana\/wp-json\/wp\/v2\/types\/page"}],"author":[{"embeddable":true,"href":"https:\/\/blogsaverroes.juntadeandalucia.es\/ceipdonana\/wp-json\/wp\/v2\/users\/4714"}],"replies":[{"embeddable":true,"href":"https:\/\/blogsaverroes.juntadeandalucia.es\/ceipdonana\/wp-json\/wp\/v2\/comments?post=2326"}],"version-history":[{"count":18,"href":"https:\/\/blogsaverroes.juntadeandalucia.es\/ceipdonana\/wp-json\/wp\/v2\/pages\/2326\/revisions"}],"predecessor-version":[{"id":10707,"href":"https:\/\/blogsaverroes.juntadeandalucia.es\/ceipdonana\/wp-json\/wp\/v2\/pages\/2326\/revisions\/10707"}],"wp:attachment":[{"href":"https:\/\/blogsaverroes.juntadeandalucia.es\/ceipdonana\/wp-json\/wp\/v2\/media?parent=2326"}],"curies":[{"name":"wp","href":"https:\/\/api.w.org\/{rel}","templated":true}]}}