{"id":3240,"date":"2017-09-15T10:36:18","date_gmt":"2017-09-15T09:36:18","guid":{"rendered":"https:\/\/blogsaverroes.juntadeandalucia.es\/ceipdonana\/?page_id=3240"},"modified":"2020-11-20T13:51:31","modified_gmt":"2020-11-20T12:51:31","slug":"educacion-compensatoria","status":"publish","type":"page","link":"https:\/\/blogsaverroes.juntadeandalucia.es\/ceipdonana\/educacion-compensatoria\/","title":{"rendered":"Plan de Compensaci\u00f3n Educativa"},"content":{"rendered":"<p style=\"text-align: center\"><a href=\"https:\/\/blogsaverroes.juntadeandalucia.es\/ceipdonana\/files\/2018\/06\/bienvenidos.jpg\"><img loading=\"lazy\" decoding=\"async\" class=\"alignnone size-medium wp-image-3243\" src=\"https:\/\/blogsaverroes.juntadeandalucia.es\/ceipdonana\/files\/2018\/06\/bienvenidos-300x204.jpg\" alt=\"\" width=\"300\" height=\"204\" srcset=\"https:\/\/blogsaverroes.juntadeandalucia.es\/ceipdonana\/files\/2018\/06\/bienvenidos-300x204.jpg 300w, https:\/\/blogsaverroes.juntadeandalucia.es\/ceipdonana\/files\/2018\/06\/bienvenidos-24x16.jpg 24w, https:\/\/blogsaverroes.juntadeandalucia.es\/ceipdonana\/files\/2018\/06\/bienvenidos-36x25.jpg 36w, https:\/\/blogsaverroes.juntadeandalucia.es\/ceipdonana\/files\/2018\/06\/bienvenidos-48x33.jpg 48w, https:\/\/blogsaverroes.juntadeandalucia.es\/ceipdonana\/files\/2018\/06\/bienvenidos.jpg 642w\" sizes=\"(max-width: 300px) 100vw, 300px\" \/><\/a><\/p>\n<p style=\"text-align: center\"><strong>\u00bfQU\u00c9 ES LA EDUCACI\u00d3N COMPENSATORIA? <\/strong><\/p>\n<p style=\"text-align: center\">El programa de Educaci\u00f3n Compensatoria est\u00e1 destinado a garantizar el acceso, la permanencia y la promoci\u00f3n en el sistema educativo del alumnado en situaci\u00f3n de desventaja social, procedente de minor\u00edas \u00e9tnicas, de colectivos de inmigrantes, as\u00ed como de familias con graves dificultades socioecon\u00f3micas.<\/p>\n<p style=\"text-align: justify\">Seg\u00fan sus distintas peculiaridades, estos\/as alumnos\/as presentan, desde un desfase escolar significativo, hasta dificultades de inserci\u00f3n educativa y necesidades de apoyo derivadas de su incorporaci\u00f3n tard\u00eda a la escuela, de una escolarizaci\u00f3n irregular o de un desconocimiento del espa\u00f1ol, al proceder de otros pa\u00edses.<br \/>\nPara atender a los\/as alumnos\/as que se encuentran dentro del Programa de Educaci\u00f3n Compensatoria en los Centros de Primaria y Secundaria, la Administraci\u00f3n dota a los centros que escolaricen un n\u00famero suficiente de alumnos\/as con necesidades de compensaci\u00f3n educativa de profesorado de apoyo y&nbsp; recursos materiales.<\/p>\n<p style=\"text-align: center\"><a href=\"https:\/\/blogsaverroes.juntadeandalucia.es\/ceipdonana\/files\/2018\/06\/iconocompens.jpg\"><img loading=\"lazy\" decoding=\"async\" class=\"alignnone size-medium wp-image-3244\" src=\"https:\/\/blogsaverroes.juntadeandalucia.es\/ceipdonana\/files\/2018\/06\/iconocompens-300x225.jpg\" alt=\"\" width=\"300\" height=\"225\" srcset=\"https:\/\/blogsaverroes.juntadeandalucia.es\/ceipdonana\/files\/2018\/06\/iconocompens-300x225.jpg 300w, https:\/\/blogsaverroes.juntadeandalucia.es\/ceipdonana\/files\/2018\/06\/iconocompens-24x18.jpg 24w, https:\/\/blogsaverroes.juntadeandalucia.es\/ceipdonana\/files\/2018\/06\/iconocompens-36x27.jpg 36w, https:\/\/blogsaverroes.juntadeandalucia.es\/ceipdonana\/files\/2018\/06\/iconocompens-48x36.jpg 48w, https:\/\/blogsaverroes.juntadeandalucia.es\/ceipdonana\/files\/2018\/06\/iconocompens.jpg 320w\" sizes=\"(max-width: 300px) 100vw, 300px\" \/><\/a><\/p>\n<p style=\"text-align: justify\">En nuestro caso, nuestro centro se diferencia de otros por ser un colegio de compensaci\u00f3n educativa, existiendo por este motivo un programa o plan (cuya coordinaci\u00f3n est\u00e1 a cargo de la direcci\u00f3n del centro, <strong>Carmen Roc\u00edo Fern\u00e1ndez Moreno)<\/strong>, para cubrir las necesidades derivadas de la compensaci\u00f3n educativa del alumnado que por diversas circunstancias personales o sociales, se encuentran en situaci\u00f3n de desventaja para el acceso, permanencia o promoci\u00f3n en el sistema educativo andaluz.<\/p>\n<p>En este Plan dise\u00f1ado y adaptado a nuestro colegio contemplamos entre otros:<\/p>\n<ul>\n<li style=\"text-align: justify\">Medidas para compensar el desfase curricular del alumnado en situaci\u00f3n de desventaja socioeducativa, con indicaci\u00f3n de una adecuada planificaci\u00f3n y organizaci\u00f3n de los espacios, tiempos y agrupamientos del alumnado de forma flexible y adaptada a sus necesidades.<\/li>\n<li style=\"text-align: justify\">Medidas para facilitar la integraci\u00f3n escolar del alumnado que se ha incorporado tard\u00edamente o de forma irregular al sistema educativo, as\u00ed como de aquel alumnado que por sus condiciones sociales, econ\u00f3micas o de cualquier tipo presente riesgo de abandono prematuro del sistema educativo.<\/li>\n<li style=\"text-align: justify\">Actividades complementarias, extraescolares y de cultivo de la convivencia y preventivas del absentismo escolar.<\/li>\n<\/ul>\n<p style=\"text-align: center\"><a href=\"https:\/\/blogsaverroes.juntadeandalucia.es\/ceipdonana\/files\/2018\/06\/diversidad-escolar.jpeg\"><img loading=\"lazy\" decoding=\"async\" class=\"alignnone size-medium wp-image-3246\" src=\"https:\/\/blogsaverroes.juntadeandalucia.es\/ceipdonana\/files\/2018\/06\/diversidad-escolar-300x183.jpeg\" alt=\"\" width=\"300\" height=\"183\" srcset=\"https:\/\/blogsaverroes.juntadeandalucia.es\/ceipdonana\/files\/2018\/06\/diversidad-escolar-300x183.jpeg 300w, https:\/\/blogsaverroes.juntadeandalucia.es\/ceipdonana\/files\/2018\/06\/diversidad-escolar-24x15.jpeg 24w, https:\/\/blogsaverroes.juntadeandalucia.es\/ceipdonana\/files\/2018\/06\/diversidad-escolar-36x22.jpeg 36w, https:\/\/blogsaverroes.juntadeandalucia.es\/ceipdonana\/files\/2018\/06\/diversidad-escolar-48x29.jpeg 48w, https:\/\/blogsaverroes.juntadeandalucia.es\/ceipdonana\/files\/2018\/06\/diversidad-escolar.jpeg 600w\" sizes=\"(max-width: 300px) 100vw, 300px\" \/><\/a><\/p>\n","protected":false},"excerpt":{"rendered":"<p>\u00bfQU\u00c9 ES LA EDUCACI\u00d3N COMPENSATORIA? El programa de Educaci\u00f3n Compensatoria est\u00e1 destinado a garantizar el acceso, la permanencia y la promoci\u00f3n en el sistema educativo del alumnado en situaci\u00f3n de desventaja social, procedente de&#46;&#46;&#46;<\/p>\n","protected":false},"author":6351,"featured_media":0,"parent":0,"menu_order":0,"comment_status":"closed","ping_status":"closed","template":"","meta":{"ngg_post_thumbnail":0,"footnotes":"","_mc_calendar":[]},"aioseo_notices":[],"_links":{"self":[{"href":"https:\/\/blogsaverroes.juntadeandalucia.es\/ceipdonana\/wp-json\/wp\/v2\/pages\/3240"}],"collection":[{"href":"https:\/\/blogsaverroes.juntadeandalucia.es\/ceipdonana\/wp-json\/wp\/v2\/pages"}],"about":[{"href":"https:\/\/blogsaverroes.juntadeandalucia.es\/ceipdonana\/wp-json\/wp\/v2\/types\/page"}],"author":[{"embeddable":true,"href":"https:\/\/blogsaverroes.juntadeandalucia.es\/ceipdonana\/wp-json\/wp\/v2\/users\/6351"}],"replies":[{"embeddable":true,"href":"https:\/\/blogsaverroes.juntadeandalucia.es\/ceipdonana\/wp-json\/wp\/v2\/comments?post=3240"}],"version-history":[{"count":10,"href":"https:\/\/blogsaverroes.juntadeandalucia.es\/ceipdonana\/wp-json\/wp\/v2\/pages\/3240\/revisions"}],"predecessor-version":[{"id":8180,"href":"https:\/\/blogsaverroes.juntadeandalucia.es\/ceipdonana\/wp-json\/wp\/v2\/pages\/3240\/revisions\/8180"}],"wp:attachment":[{"href":"https:\/\/blogsaverroes.juntadeandalucia.es\/ceipdonana\/wp-json\/wp\/v2\/media?parent=3240"}],"curies":[{"name":"wp","href":"https:\/\/api.w.org\/{rel}","templated":true}]}}

Plan de Compensación Educativa

<p style="text-align: center"><a href="https://blogsaverroes.juntadeandalucia.es/ceipdonana/files/2018/06/bienvenidos.jpg"><img loading="lazy" decoding="async" class="alignnone size-medium wp-image-3243" src="https://blogsaverroes.juntadeandalucia.es/ceipdonana/files/2018/06/bienvenidos-300x204.jpg" alt="" width="300" height="204" srcset="https://blogsaverroes.juntadeandalucia.es/ceipdonana/files/2018/06/bienvenidos-300x204.jpg 300w, https://blogsaverroes.juntadeandalucia.es/ceipdonana/files/2018/06/bienvenidos-24x16.jpg 24w, https://blogsaverroes.juntadeandalucia.es/ceipdonana/files/2018/06/bienvenidos-36x25.jpg 36w, https://blogsaverroes.juntadeandalucia.es/ceipdonana/files/2018/06/bienvenidos-48x33.jpg 48w, https://blogsaverroes.juntadeandalucia.es/ceipdonana/files/2018/06/bienvenidos.jpg 642w" sizes="(max-width: 300px) 100vw, 300px" /></a></p>
<p style="text-align: center"><strong>¿QUÉ ES LA EDUCACIÓN COMPENSATORIA? </strong></p>
<p style="text-align: center">El programa de Educación Compensatoria está destinado a garantizar el acceso, la permanencia y la promoción en el sistema educativo del alumnado en situación de desventaja social, procedente de minorías étnicas, de colectivos de inmigrantes, así como de familias con graves dificultades socioeconómicas.</p>
<p style="text-align: justify">Según sus distintas peculiaridades, estos/as alumnos/as presentan, desde un desfase escolar significativo, hasta dificultades de inserción educativa y necesidades de apoyo derivadas de su incorporación tardía a la escuela, de una escolarización irregular o de un desconocimiento del español, al proceder de otros países.<br />
Para atender a los/as alumnos/as que se encuentran dentro del Programa de Educación Compensatoria en los Centros de Primaria y Secundaria, la Administración dota a los centros que escolaricen un número suficiente de alumnos/as con necesidades de compensación educativa de profesorado de apoyo y&nbsp; recursos materiales.</p>
<p style="text-align: center"><a href="https://blogsaverroes.juntadeandalucia.es/ceipdonana/files/2018/06/iconocompens.jpg"><img loading="lazy" decoding="async" class="alignnone size-medium wp-image-3244" src="https://blogsaverroes.juntadeandalucia.es/ceipdonana/files/2018/06/iconocompens-300x225.jpg" alt="" width="300" height="225" srcset="https://blogsaverroes.juntadeandalucia.es/ceipdonana/files/2018/06/iconocompens-300x225.jpg 300w, https://blogsaverroes.juntadeandalucia.es/ceipdonana/files/2018/06/iconocompens-24x18.jpg 24w, https://blogsaverroes.juntadeandalucia.es/ceipdonana/files/2018/06/iconocompens-36x27.jpg 36w, https://blogsaverroes.juntadeandalucia.es/ceipdonana/files/2018/06/iconocompens-48x36.jpg 48w, https://blogsaverroes.juntadeandalucia.es/ceipdonana/files/2018/06/iconocompens.jpg 320w" sizes="(max-width: 300px) 100vw, 300px" /></a></p>
<p style="text-align: justify">En nuestro caso, nuestro centro se diferencia de otros por ser un colegio de compensación educativa, existiendo por este motivo un programa o plan (cuya coordinación está a cargo de la dirección del centro, <strong>Carmen Rocío Fernández Moreno)</strong>, para cubrir las necesidades derivadas de la compensación educativa del alumnado que por diversas circunstancias personales o sociales, se encuentran en situación de desventaja para el acceso, permanencia o promoción en el sistema educativo andaluz.</p>
<p>En este Plan diseñado y adaptado a nuestro colegio contemplamos entre otros:</p>
<ul>
<li style="text-align: justify">Medidas para compensar el desfase curricular del alumnado en situación de desventaja socioeducativa, con indicación de una adecuada planificación y organización de los espacios, tiempos y agrupamientos del alumnado de forma flexible y adaptada a sus necesidades.</li>
<li style="text-align: justify">Medidas para facilitar la integración escolar del alumnado que se ha incorporado tardíamente o de forma irregular al sistema educativo, así como de aquel alumnado que por sus condiciones sociales, económicas o de cualquier tipo presente riesgo de abandono prematuro del sistema educativo.</li>
<li style="text-align: justify">Actividades complementarias, extraescolares y de cultivo de la convivencia y preventivas del absentismo escolar.</li>
</ul>
<p style="text-align: center"><a href="https://blogsaverroes.juntadeandalucia.es/ceipdonana/files/2018/06/diversidad-escolar.jpeg"><img loading="lazy" decoding="async" class="alignnone size-medium wp-image-3246" src="https://blogsaverroes.juntadeandalucia.es/ceipdonana/files/2018/06/diversidad-escolar-300x183.jpeg" alt="" width="300" height="183" srcset="https://blogsaverroes.juntadeandalucia.es/ceipdonana/files/2018/06/diversidad-escolar-300x183.jpeg 300w, https://blogsaverroes.juntadeandalucia.es/ceipdonana/files/2018/06/diversidad-escolar-24x15.jpeg 24w, https://blogsaverroes.juntadeandalucia.es/ceipdonana/files/2018/06/diversidad-escolar-36x22.jpeg 36w, https://blogsaverroes.juntadeandalucia.es/ceipdonana/files/2018/06/diversidad-escolar-48x29.jpeg 48w, https://blogsaverroes.juntadeandalucia.es/ceipdonana/files/2018/06/diversidad-escolar.jpeg 600w" sizes="(max-width: 300px) 100vw, 300px" /></a></p>

<p>¿QUÉ ES LA EDUCACIÓN COMPENSATORIA? El programa de Educación Compensatoria está destinado a garantizar el acceso, la permanencia y la promoción en el sistema educativo del alumnado en situación de desventaja social, procedente de&#46;&#46;&#46;</p>
