{"id":42,"date":"2018-09-24T13:04:47","date_gmt":"2018-09-24T12:04:47","guid":{"rendered":"http:\/\/blogsaverroes.juntadeandalucia.es\/pre\/ceip\/?page_id=42"},"modified":"2024-09-30T10:55:25","modified_gmt":"2024-09-30T09:55:25","slug":"equipo-directivo","status":"publish","type":"page","link":"https:\/\/blogsaverroes.juntadeandalucia.es\/ceipdonana\/equipo-directivo\/","title":{"rendered":"Equipo directivo"},"content":{"rendered":"<p><img loading=\"lazy\" decoding=\"async\" class=\"wp-image-10594 alignright\" src=\"https:\/\/blogsaverroes.juntadeandalucia.es\/ceipdonana\/files\/2022\/03\/equipo-directivo.jpg\" alt=\"\" width=\"211\" height=\"220\" srcset=\"https:\/\/blogsaverroes.juntadeandalucia.es\/ceipdonana\/files\/2022\/03\/equipo-directivo.jpg 340w, https:\/\/blogsaverroes.juntadeandalucia.es\/ceipdonana\/files\/2022\/03\/equipo-directivo-289x300.jpg 289w\" sizes=\"(max-width: 211px) 100vw, 211px\" \/><\/p>\n<p>&nbsp;<\/p>\n<p><strong>Direcci\u00f3n:<\/strong> D\u00f1a. Nuria Salas Camacho.<\/p>\n<p><strong>Jefatura de estudios:<\/strong> D\u00f1a. Cecilia Infante Artero.<\/p>\n<p><strong>Secretar\u00eda:<\/strong> D. Diego Jes\u00fas Ben\u00edtez Vega.<\/p>\n<p>&nbsp;<\/p>\n<h1 id=\"cc-m-header-9141465699\" class=\"\">Horarios de atenci\u00f3n:<\/h1>\n<p><strong>Direcci\u00f3n:<\/strong> De lunes a viernes de 11:00 a 12:00 horas.<\/p>\n<p><strong>Jefatura <\/strong><strong>de Estudios: <\/strong>De lunes a viernes de 10:00 a 11:00 horas.<\/p>\n<p><strong>Secretar\u00eda:<\/strong> De lunes a viernes de 11:00 a 12:00 horas.<\/p>\n<p>&nbsp;<\/p>\n<p style=\"text-align: center\"><strong>Dada la situaci\u00f3n sanitaria actual y para una mejor atenci\u00f3n se recomienda solicitar&nbsp; <span style=\"color: #cc99ff\"><em><span style=\"color: #ff6600\">CITA<\/span> <span style=\"color: #ff6600\">PREVIA.<\/span><\/em><\/span><span style=\"color: #cc99ff\"><em><span style=\"color: #ff6600\">&nbsp;<\/span><\/em><\/span><\/strong><span style=\"color: #000000\"><strong>Para ello, el tel\u00e9fono disponible es<\/strong> <strong><span style=\"color: #ff6600\">671567252<\/span><\/strong><\/span><\/p>\n<h4 style=\"text-align: center\"><strong>GRACIAS POR LA COMPRENSI\u00d3N<\/strong><\/h4>\n","protected":false},"excerpt":{"rendered":"<p>&nbsp; Direcci\u00f3n: D\u00f1a. Nuria Salas Camacho. Jefatura de estudios: D\u00f1a. Cecilia Infante Artero. Secretar\u00eda: D. Diego Jes\u00fas Ben\u00edtez Vega. &nbsp; Horarios de atenci\u00f3n: Direcci\u00f3n: De lunes a viernes de 11:00 a 12:00 horas. Jefatura&#46;&#46;&#46;<\/p>\n","protected":false},"author":1,"featured_media":0,"parent":0,"menu_order":0,"comment_status":"open","ping_status":"open","template":"","meta":{"ngg_post_thumbnail":0,"footnotes":"","_mc_calendar":[]},"aioseo_notices":[],"_links":{"self":[{"href":"https:\/\/blogsaverroes.juntadeandalucia.es\/ceipdonana\/wp-json\/wp\/v2\/pages\/42"}],"collection":[{"href":"https:\/\/blogsaverroes.juntadeandalucia.es\/ceipdonana\/wp-json\/wp\/v2\/pages"}],"about":[{"href":"https:\/\/blogsaverroes.juntadeandalucia.es\/ceipdonana\/wp-json\/wp\/v2\/types\/page"}],"author":[{"embeddable":true,"href":"https:\/\/blogsaverroes.juntadeandalucia.es\/ceipdonana\/wp-json\/wp\/v2\/users\/1"}],"replies":[{"embeddable":true,"href":"https:\/\/blogsaverroes.juntadeandalucia.es\/ceipdonana\/wp-json\/wp\/v2\/comments?post=42"}],"version-history":[{"count":20,"href":"https:\/\/blogsaverroes.juntadeandalucia.es\/ceipdonana\/wp-json\/wp\/v2\/pages\/42\/revisions"}],"predecessor-version":[{"id":11207,"href":"https:\/\/blogsaverroes.juntadeandalucia.es\/ceipdonana\/wp-json\/wp\/v2\/pages\/42\/revisions\/11207"}],"wp:attachment":[{"href":"https:\/\/blogsaverroes.juntadeandalucia.es\/ceipdonana\/wp-json\/wp\/v2\/media?parent=42"}],"curies":[{"name":"wp","href":"https:\/\/api.w.org\/{rel}","templated":true}]}}