{"id":7196,"date":"2019-09-26T11:18:16","date_gmt":"2019-09-26T10:18:16","guid":{"rendered":"https:\/\/blogsaverroes.juntadeandalucia.es\/ceipdonana\/?page_id=7196"},"modified":"2020-10-02T11:23:35","modified_gmt":"2020-10-02T10:23:35","slug":"criterios-educacion-infantil","status":"publish","type":"page","link":"https:\/\/blogsaverroes.juntadeandalucia.es\/ceipdonana\/criterios-educacion-infantil\/","title":{"rendered":"Criterios de E. Infantil"},"content":{"rendered":"<p>En el siguiente enlace pod\u00e9is descargar y consultar los criterios de evaluaci\u00f3n de Educaci\u00f3n Infantil:<\/p>\n<p style=\"text-align: left\"><strong><a href=\"https:\/\/blogsaverroes.juntadeandalucia.es\/ceipdonana\/files\/2019\/09\/CRITERIOS-DE-EVALUACI\u00d3N-E.-INFANTIL.pdf\" target=\"_blank\" rel=\"noopener noreferrer\">Criterios de Evaluaci\u00f3n de E. Infantil<\/a><\/strong><a href=\"https:\/\/blogsaverroes.juntadeandalucia.es\/ceipdonana\/files\/2019\/09\/educaci\u00f3n-infantil.jpg\"><img loading=\"lazy\" decoding=\"async\" class=\"size-medium wp-image-7209 alignright\" src=\"https:\/\/blogsaverroes.juntadeandalucia.es\/ceipdonana\/files\/2019\/09\/educaci\u00f3n-infantil-300x221.jpg\" alt=\"\" width=\"300\" height=\"221\" srcset=\"https:\/\/blogsaverroes.juntadeandalucia.es\/ceipdonana\/files\/2019\/09\/educaci\u00f3n-infantil-300x221.jpg 300w, https:\/\/blogsaverroes.juntadeandalucia.es\/ceipdonana\/files\/2019\/09\/educaci\u00f3n-infantil-24x18.jpg 24w, https:\/\/blogsaverroes.juntadeandalucia.es\/ceipdonana\/files\/2019\/09\/educaci\u00f3n-infantil-36x26.jpg 36w, https:\/\/blogsaverroes.juntadeandalucia.es\/ceipdonana\/files\/2019\/09\/educaci\u00f3n-infantil-48x35.jpg 48w, https:\/\/blogsaverroes.juntadeandalucia.es\/ceipdonana\/files\/2019\/09\/educaci\u00f3n-infantil.jpg 696w\" sizes=\"(max-width: 300px) 100vw, 300px\" \/><\/a><\/p>\n","protected":false},"excerpt":{"rendered":"<p>En el siguiente enlace pod\u00e9is descargar y consultar los criterios de evaluaci\u00f3n de Educaci\u00f3n Infantil: Criterios de Evaluaci\u00f3n de E. Infantil<\/p>\n","protected":false},"author":4714,"featured_media":0,"parent":0,"menu_order":0,"comment_status":"closed","ping_status":"closed","template":"","meta":{"ngg_post_thumbnail":0,"footnotes":"","_mc_calendar":[]},"aioseo_notices":[],"_links":{"self":[{"href":"https:\/\/blogsaverroes.juntadeandalucia.es\/ceipdonana\/wp-json\/wp\/v2\/pages\/7196"}],"collection":[{"href":"https:\/\/blogsaverroes.juntadeandalucia.es\/ceipdonana\/wp-json\/wp\/v2\/pages"}],"about":[{"href":"https:\/\/blogsaverroes.juntadeandalucia.es\/ceipdonana\/wp-json\/wp\/v2\/types\/page"}],"author":[{"embeddable":true,"href":"https:\/\/blogsaverroes.juntadeandalucia.es\/ceipdonana\/wp-json\/wp\/v2\/users\/4714"}],"replies":[{"embeddable":true,"href":"https:\/\/blogsaverroes.juntadeandalucia.es\/ceipdonana\/wp-json\/wp\/v2\/comments?post=7196"}],"version-history":[{"count":6,"href":"https:\/\/blogsaverroes.juntadeandalucia.es\/ceipdonana\/wp-json\/wp\/v2\/pages\/7196\/revisions"}],"predecessor-version":[{"id":7992,"href":"https:\/\/blogsaverroes.juntadeandalucia.es\/ceipdonana\/wp-json\/wp\/v2\/pages\/7196\/revisions\/7992"}],"wp:attachment":[{"href":"https:\/\/blogsaverroes.juntadeandalucia.es\/ceipdonana\/wp-json\/wp\/v2\/media?parent=7196"}],"curies":[{"name":"wp","href":"https:\/\/api.w.org\/{rel}","templated":true}]}}