{"id":186,"date":"2025-02-06T12:33:02","date_gmt":"2025-02-06T12:33:02","guid":{"rendered":"https:\/\/blogsaverroes.juntadeandalucia.es\/ceipdulcenombre\/?page_id=186"},"modified":"2025-11-21T09:24:33","modified_gmt":"2025-11-21T09:24:33","slug":"tutorias","status":"publish","type":"page","link":"https:\/\/blogsaverroes.juntadeandalucia.es\/ceipdulcenombre\/tutorias\/","title":{"rendered":"Tutor\u00edas"},"content":{"rendered":"<p><strong>EDUCACI\u00d3N INFANTIL<\/strong><\/p>\n<p><strong>3 a\u00f1os:<\/strong> Mar\u00eda Carmen Cabello Garc\u00eda<\/p>\n<p><strong>4 a\u00f1os:<\/strong> Anabel L\u00f3pez Calabria<\/p>\n<p><strong>5 a\u00f1os:<\/strong> Estefan\u00eda Gonz\u00e1lez Cosano<\/p>\n<p>&nbsp;<\/p>\n<p><strong>EDUCACI\u00d3N PRIMARIA<\/strong><\/p>\n<p><strong>1\u00ba:<\/strong> Roc\u00edo Guerrero Luque<\/p>\n<p><strong>2\u00ba:<\/strong> Chelo P\u00e9rez Cosano<\/p>\n<p><strong>3\u00ba:<\/strong> Isabel Camacho Carrasco<\/p>\n<p><strong>4\u00ba:<\/strong> Mar\u00eda Reina Moyano<\/p>\n<p><strong>5\u00ba:<\/strong> Francisco Jos\u00e9 Jim\u00e9nez Gallardo<\/p>\n<p><strong>6\u00ba:<\/strong> Juan Francisco Carmona P\u00e9rez\/Mar\u00eda Jos\u00e9 Gonz\u00e1lez Haro<\/p>\n<p>&nbsp;<\/p>\n<div id=\"attachment_287\" style=\"width: 310px\" class=\"wp-caption alignleft\"><img loading=\"lazy\" decoding=\"async\" aria-describedby=\"caption-attachment-287\" class=\"size-medium wp-image-287\" src=\"https:\/\/blogsaverroes.juntadeandalucia.es\/ceipdulcenombre\/files\/2025\/03\/Tutor-300x200.jpg\" alt=\"\" width=\"300\" height=\"200\" srcset=\"https:\/\/blogsaverroes.juntadeandalucia.es\/ceipdulcenombre\/files\/2025\/03\/Tutor-300x200.jpg 300w, https:\/\/blogsaverroes.juntadeandalucia.es\/ceipdulcenombre\/files\/2025\/03\/Tutor.jpg 612w\" sizes=\"(max-width: 300px) 100vw, 300px\" \/><p id=\"caption-attachment-287\" class=\"wp-caption-text\">PIXABAY20<\/p><\/div>\n","protected":false},"excerpt":{"rendered":"<p>EDUCACI\u00d3N INFANTIL 3 a\u00f1os: Mar\u00eda Carmen Cabello Garc\u00eda 4 a\u00f1os: Anabel L\u00f3pez Calabria 5 a\u00f1os: Estefan\u00eda Gonz\u00e1lez Cosano &nbsp; EDUCACI\u00d3N PRIMARIA 1\u00ba: Roc\u00edo Guerrero Luque 2\u00ba: Chelo P\u00e9rez Cosano 3\u00ba: Isabel Camacho Carrasco 4\u00ba:&#46;&#46;&#46;<\/p>\n","protected":false},"author":3970,"featured_media":0,"parent":0,"menu_order":0,"comment_status":"closed","ping_status":"closed","template":"","meta":{"ngg_post_thumbnail":0,"footnotes":""},"aioseo_notices":[],"_links":{"self":[{"href":"https:\/\/blogsaverroes.juntadeandalucia.es\/ceipdulcenombre\/wp-json\/wp\/v2\/pages\/186"}],"collection":[{"href":"https:\/\/blogsaverroes.juntadeandalucia.es\/ceipdulcenombre\/wp-json\/wp\/v2\/pages"}],"about":[{"href":"https:\/\/blogsaverroes.juntadeandalucia.es\/ceipdulcenombre\/wp-json\/wp\/v2\/types\/page"}],"author":[{"embeddable":true,"href":"https:\/\/blogsaverroes.juntadeandalucia.es\/ceipdulcenombre\/wp-json\/wp\/v2\/users\/3970"}],"replies":[{"embeddable":true,"href":"https:\/\/blogsaverroes.juntadeandalucia.es\/ceipdulcenombre\/wp-json\/wp\/v2\/comments?post=186"}],"version-history":[{"count":6,"href":"https:\/\/blogsaverroes.juntadeandalucia.es\/ceipdulcenombre\/wp-json\/wp\/v2\/pages\/186\/revisions"}],"predecessor-version":[{"id":317,"href":"https:\/\/blogsaverroes.juntadeandalucia.es\/ceipdulcenombre\/wp-json\/wp\/v2\/pages\/186\/revisions\/317"}],"wp:attachment":[{"href":"https:\/\/blogsaverroes.juntadeandalucia.es\/ceipdulcenombre\/wp-json\/wp\/v2\/media?parent=186"}],"curies":[{"name":"wp","href":"https:\/\/api.w.org\/{rel}","templated":true}]}}