{"id":5753,"date":"2023-08-21T17:18:11","date_gmt":"2023-08-21T17:18:11","guid":{"rendered":"https:\/\/blogsaverroes.juntadeandalucia.es\/ceipduquederivas\/?page_id=5753"},"modified":"2023-08-21T17:24:33","modified_gmt":"2023-08-21T17:24:33","slug":"blog-de-red-de-transformacion-digital-educativa-preguntas-frecuentes-sobre-el-uso-de-las-tic","status":"publish","type":"page","link":"https:\/\/blogsaverroes.juntadeandalucia.es\/ceipduquederivas\/blog-de-red-de-transformacion-digital-educativa-preguntas-frecuentes-sobre-el-uso-de-las-tic\/","title":{"rendered":"Blog de RED DE TRANSFORMACI\u00d3N DIGITAL EDUCATIVA. Preguntas frecuentes sobre el uso de las TIC y respuesta a las mismas."},"content":{"rendered":"<p>Consultando este enlace entramos en un blog en el cual se da respuesta a FAQ que ha realizado durante el curso 22\/23 la RED de TRANSFORMACI\u00d3N DIGITAL EDUCATIVA, en la cual participan los coordinadores de Transformaci\u00f3n educativa y #CompDigitEdu de todos los centros de C\u00f3rdoba y provincia.&nbsp;<\/p>\n<p><a href=\"https:\/\/blogsaverroes.juntadeandalucia.es\/incidenciastic\/\">https:\/\/blogsaverroes.juntadeandalucia.es\/incidenciastic\/<\/a><\/p>\n<p>&nbsp;<\/p>\n","protected":false},"excerpt":{"rendered":"<p>Consultando este enlace entramos en un blog en el cual se da respuesta a FAQ que ha realizado durante el curso 22\/23 la RED de TRANSFORMACI\u00d3N DIGITAL EDUCATIVA, en la cual participan los coordinadores&#46;&#46;&#46;<\/p>\n","protected":false},"author":9751,"featured_media":0,"parent":0,"menu_order":0,"comment_status":"closed","ping_status":"closed","template":"","meta":{"ngg_post_thumbnail":0,"footnotes":"","_mc_calendar":[]},"aioseo_notices":[],"_links":{"self":[{"href":"https:\/\/blogsaverroes.juntadeandalucia.es\/ceipduquederivas\/wp-json\/wp\/v2\/pages\/5753"}],"collection":[{"href":"https:\/\/blogsaverroes.juntadeandalucia.es\/ceipduquederivas\/wp-json\/wp\/v2\/pages"}],"about":[{"href":"https:\/\/blogsaverroes.juntadeandalucia.es\/ceipduquederivas\/wp-json\/wp\/v2\/types\/page"}],"author":[{"embeddable":true,"href":"https:\/\/blogsaverroes.juntadeandalucia.es\/ceipduquederivas\/wp-json\/wp\/v2\/users\/9751"}],"replies":[{"embeddable":true,"href":"https:\/\/blogsaverroes.juntadeandalucia.es\/ceipduquederivas\/wp-json\/wp\/v2\/comments?post=5753"}],"version-history":[{"count":3,"href":"https:\/\/blogsaverroes.juntadeandalucia.es\/ceipduquederivas\/wp-json\/wp\/v2\/pages\/5753\/revisions"}],"predecessor-version":[{"id":5758,"href":"https:\/\/blogsaverroes.juntadeandalucia.es\/ceipduquederivas\/wp-json\/wp\/v2\/pages\/5753\/revisions\/5758"}],"wp:attachment":[{"href":"https:\/\/blogsaverroes.juntadeandalucia.es\/ceipduquederivas\/wp-json\/wp\/v2\/media?parent=5753"}],"curies":[{"name":"wp","href":"https:\/\/api.w.org\/{rel}","templated":true}]}}