{"id":1265,"date":"2022-08-31T10:44:12","date_gmt":"2022-08-31T08:44:12","guid":{"rendered":"https:\/\/blogsaverroes.juntadeandalucia.es\/ceipeduardolucena\/?page_id=1265"},"modified":"2022-09-02T11:41:57","modified_gmt":"2022-09-02T09:41:57","slug":"bonificacion","status":"publish","type":"page","link":"https:\/\/blogsaverroes.juntadeandalucia.es\/ceipeduardolucena\/bonificacion\/","title":{"rendered":"BONIFICACI\u00d3N"},"content":{"rendered":"<p><a href=\"https:\/\/blogsaverroes.juntadeandalucia.es\/ceipeduardolucena\/bonificacion-para-los-servicios-de-comedor-aula-matinal-y-extraescolares\/bonificaciones-1\/\" rel=\"attachment wp-att-1169\"><img loading=\"lazy\" decoding=\"async\" class=\"size-medium wp-image-1169 aligncenter\" src=\"https:\/\/blogsaverroes.juntadeandalucia.es\/ceipeduardolucena\/files\/2021\/09\/bonificaciones-1-300x270.jpg\" alt=\"\" width=\"300\" height=\"270\" srcset=\"https:\/\/blogsaverroes.juntadeandalucia.es\/ceipeduardolucena\/files\/2021\/09\/bonificaciones-1-300x270.jpg 300w, https:\/\/blogsaverroes.juntadeandalucia.es\/ceipeduardolucena\/files\/2021\/09\/bonificaciones-1.jpg 445w\" sizes=\"(max-width: 300px) 100vw, 300px\" \/><\/a><\/p>\n<p>Del d\u00eda 1 al 7 de septiembre pod\u00e9is solicitar la&nbsp;<strong>bonificaci\u00f3n<\/strong> para los servicios de comedor , aula matinal y extraescolares si vuestro hijo\/a ha sido admitido en junio. Se puede solicitar en secretar\u00eda (lunes, mi\u00e9rcoles y viernes de 10:00 a 13:30) o <span style=\"color: #ff0000\"><strong>preferentemente<\/strong><\/span> a trav\u00e9s de la secretar\u00eda virtual en el siguiente enlace:<\/p>\n<p><a href=\"https:\/\/www.juntadeandalucia.es\/educacion\/secretariavirtual\/accesoTramite\/381\/\" target=\"_blank\" rel=\"noopener noreferrer\" data-saferedirecturl=\"https:\/\/www.google.com\/url?q=https:\/\/www.juntadeandalucia.es\/educacion\/secretariavirtual\/accesoTramite\/381\/&amp;source=gmail&amp;ust=1630741640574000&amp;usg=AFQjCNHJ27GC0edzmKr75wLdyHBZ-JWE0Q\">https:\/\/www.juntadeandalucia.es\/educacion\/secretariavirtual\/accesoTramite\/381\/<\/a><\/p>\n<p><strong><a href=\"https:\/\/blogsaverroes.juntadeandalucia.es\/ceipeduardolucena\/files\/2022\/09\/BONIFICACIONES.pdf\">IMPRESO SOLICITUD<\/a><\/strong><\/p>\n<p>No olvide&nbsp;<strong>adjuntar<\/strong>&nbsp;y revisar la&nbsp;<strong>documentaci\u00f3n<\/strong>&nbsp;necesaria para realizar el tr\u00e1mite, de este modo evitar\u00e1 incidencias posteriores.&nbsp;<\/p>\n<p>El siguiente v\u00eddeo explica paso a paso el modo de solicitar las bonificaciones.&nbsp;<\/p>\n<p><em><strong>V\u00cdDEO EXPLICATIVO<\/strong><\/em><\/p>\n<p><iframe loading=\"lazy\" src=\"\/\/www.youtube.com\/embed\/0gkPSOMvkFU\" width=\"560\" height=\"314\"><\/iframe><\/p>\n","protected":false},"excerpt":{"rendered":"<p>Del d\u00eda 1 al 7 de septiembre pod\u00e9is solicitar la&nbsp;bonificaci\u00f3n para los servicios de comedor , aula matinal y extraescolares si vuestro hijo\/a ha sido admitido en junio. Se puede solicitar en secretar\u00eda (lunes, mi\u00e9rcoles y viernes de 10:00 a 13:30) o preferentemente a trav\u00e9s de la secretar\u00eda virtual en el siguiente enlace: https:\/\/www.juntadeandalucia.es\/educacion\/secretariavirtual\/accesoTramite\/381\/ IMPRESO &hellip; <\/p>\n<p><a class=\"more-link btn\" href=\"https:\/\/blogsaverroes.juntadeandalucia.es\/ceipeduardolucena\/bonificacion\/\">Seguir leyendo<\/a><\/p>\n","protected":false},"author":1459,"featured_media":0,"parent":0,"menu_order":0,"comment_status":"closed","ping_status":"closed","template":"","meta":{"ngg_post_thumbnail":0,"footnotes":""},"aioseo_notices":[],"_links":{"self":[{"href":"https:\/\/blogsaverroes.juntadeandalucia.es\/ceipeduardolucena\/wp-json\/wp\/v2\/pages\/1265"}],"collection":[{"href":"https:\/\/blogsaverroes.juntadeandalucia.es\/ceipeduardolucena\/wp-json\/wp\/v2\/pages"}],"about":[{"href":"https:\/\/blogsaverroes.juntadeandalucia.es\/ceipeduardolucena\/wp-json\/wp\/v2\/types\/page"}],"author":[{"embeddable":true,"href":"https:\/\/blogsaverroes.juntadeandalucia.es\/ceipeduardolucena\/wp-json\/wp\/v2\/users\/1459"}],"replies":[{"embeddable":true,"href":"https:\/\/blogsaverroes.juntadeandalucia.es\/ceipeduardolucena\/wp-json\/wp\/v2\/comments?post=1265"}],"version-history":[{"count":6,"href":"https:\/\/blogsaverroes.juntadeandalucia.es\/ceipeduardolucena\/wp-json\/wp\/v2\/pages\/1265\/revisions"}],"predecessor-version":[{"id":1274,"href":"https:\/\/blogsaverroes.juntadeandalucia.es\/ceipeduardolucena\/wp-json\/wp\/v2\/pages\/1265\/revisions\/1274"}],"wp:attachment":[{"href":"https:\/\/blogsaverroes.juntadeandalucia.es\/ceipeduardolucena\/wp-json\/wp\/v2\/media?parent=1265"}],"curies":[{"name":"wp","href":"https:\/\/api.w.org\/{rel}","templated":true}]}}